{"id":8593,"date":"2019-06-30T21:48:34","date_gmt":"2019-06-30T19:48:34","guid":{"rendered":"https:\/\/www.mairie-volonne.fr\/?post_type=tribe_events&#038;p=8593"},"modified":"2019-06-30T21:48:34","modified_gmt":"2019-06-30T19:48:34","slug":"ceremonie-liberation-de-1945-du-departement-19-aout-volonne-10-h15","status":"publish","type":"tribe_events","link":"https:\/\/www.mairie-volonne.fr\/index.php\/event\/ceremonie-liberation-de-1945-du-departement-19-aout-volonne-10-h15\/","title":{"rendered":"C\u00e9r\u00e9monie &#8211; Lib\u00e9ration de 1945 du d\u00e9partement &#8211; 19 ao\u00fbt-Volonne 10 h15"},"content":{"rendered":"<p>C\u00e9r\u00e9monie de la lib\u00e9ration du d\u00e9partement. Voir ici les diff\u00e9rentes autres c\u00e9r\u00e9monies:<\/p>\n<p><img decoding=\"async\" class=\"size-full wp-image-8594 alignleft\" src=\"https:\/\/www.mairie-volonne.fr\/wp-content\/uploads\/2019\/06\/C\u00e9r\u00e9monies-patriotiques-2019.jpg\" alt=\"\" width=\"1275\" height=\"1753\" srcset=\"https:\/\/www.mairie-volonne.fr\/wp-content\/uploads\/2019\/06\/C\u00e9r\u00e9monies-patriotiques-2019-200x275.jpg 200w, https:\/\/www.mairie-volonne.fr\/wp-content\/uploads\/2019\/06\/C\u00e9r\u00e9monies-patriotiques-2019-218x300.jpg 218w, https:\/\/www.mairie-volonne.fr\/wp-content\/uploads\/2019\/06\/C\u00e9r\u00e9monies-patriotiques-2019-400x550.jpg 400w, https:\/\/www.mairie-volonne.fr\/wp-content\/uploads\/2019\/06\/C\u00e9r\u00e9monies-patriotiques-2019-600x825.jpg 600w, https:\/\/www.mairie-volonne.fr\/wp-content\/uploads\/2019\/06\/C\u00e9r\u00e9monies-patriotiques-2019-745x1024.jpg 745w, https:\/\/www.mairie-volonne.fr\/wp-content\/uploads\/2019\/06\/C\u00e9r\u00e9monies-patriotiques-2019-768x1056.jpg 768w, https:\/\/www.mairie-volonne.fr\/wp-content\/uploads\/2019\/06\/C\u00e9r\u00e9monies-patriotiques-2019-800x1100.jpg 800w, https:\/\/www.mairie-volonne.fr\/wp-content\/uploads\/2019\/06\/C\u00e9r\u00e9monies-patriotiques-2019-1200x1650.jpg 1200w, https:\/\/www.mairie-volonne.fr\/wp-content\/uploads\/2019\/06\/C\u00e9r\u00e9monies-patriotiques-2019.jpg 1275w\" sizes=\"(max-width: 1275px) 100vw, 1275px\" \/><\/p>\n","protected":false},"excerpt":{"rendered":"<p>C\u00e9r\u00e9monie de la lib\u00e9ration du d\u00e9partement. Voir ici les diff\u00e9rentes autres c\u00e9r\u00e9monies:<\/p>\n","protected":false},"author":7,"featured_media":0,"template":"","meta":{"_EventAllDay":false,"_EventTimezone":"Europe\/Paris","_EventStartDate":"2019-08-19 10:15:00","_EventEndDate":"2019-08-19 10:30:00","_EventStartDateUTC":"2019-08-19 08:15:00","_EventEndDateUTC":"2019-08-19 08:30:00","_EventShowMap":true,"_EventShowMapLink":true,"_EventURL":"","_EventCost":"","_EventCostDescription":"","_EventCurrencySymbol":"","_EventCurrencyCode":"","_EventCurrencyPosition":"suffix","_EventDateTimeSeparator":"","_EventTimeRangeSeparator":"","_EventOrganizerID":[8596],"_EventVenueID":[1854],"_OrganizerEmail":"","_OrganizerPhone":"","_OrganizerWebsite":"","_VenueAddress":"","_VenueCity":"","_VenueCountry":"","_VenueProvince":"","_VenueState":"","_VenueZip":"","_VenuePhone":"","_VenueURL":"","_VenueStateProvince":"","_VenueLat":"","_VenueLng":"","_VenueShowMap":false,"_VenueShowMapLink":false,"jetpack_post_was_ever_published":false,"_tribe_events_status":"","_tribe_events_status_reason":"","footnotes":""},"tags":[],"tribe_events_cat":[],"class_list":["post-8593","tribe_events","type-tribe_events","status-publish","hentry"],"jetpack_sharing_enabled":true,"_links":{"self":[{"href":"https:\/\/www.mairie-volonne.fr\/index.php\/wp-json\/wp\/v2\/tribe_events\/8593","targetHints":{"allow":["GET"]}}],"collection":[{"href":"https:\/\/www.mairie-volonne.fr\/index.php\/wp-json\/wp\/v2\/tribe_events"}],"about":[{"href":"https:\/\/www.mairie-volonne.fr\/index.php\/wp-json\/wp\/v2\/types\/tribe_events"}],"author":[{"embeddable":true,"href":"https:\/\/www.mairie-volonne.fr\/index.php\/wp-json\/wp\/v2\/users\/7"}],"version-history":[{"count":1,"href":"https:\/\/www.mairie-volonne.fr\/index.php\/wp-json\/wp\/v2\/tribe_events\/8593\/revisions"}],"predecessor-version":[{"id":8595,"href":"https:\/\/www.mairie-volonne.fr\/index.php\/wp-json\/wp\/v2\/tribe_events\/8593\/revisions\/8595"}],"wp:attachment":[{"href":"https:\/\/www.mairie-volonne.fr\/index.php\/wp-json\/wp\/v2\/media?parent=8593"}],"wp:term":[{"taxonomy":"post_tag","embeddable":true,"href":"https:\/\/www.mairie-volonne.fr\/index.php\/wp-json\/wp\/v2\/tags?post=8593"},{"taxonomy":"tribe_events_cat","embeddable":true,"href":"https:\/\/www.mairie-volonne.fr\/index.php\/wp-json\/wp\/v2\/tribe_events_cat?post=8593"}],"curies":[{"name":"wp","href":"https:\/\/api.w.org\/{rel}","templated":true}]}}

Cérémonie &#8211; Libération de 1945 du département &#8211; 19 août-Volonne 10 h15

<p>Cérémonie de la libération du département. Voir ici les différentes autres cérémonies:</p>
<p><img decoding="async" class="size-full wp-image-8594 alignleft" src="https://www.mairie-volonne.fr/wp-content/uploads/2019/06/Cérémonies-patriotiques-2019.jpg" alt="" width="1275" height="1753" srcset="https://www.mairie-volonne.fr/wp-content/uploads/2019/06/Cérémonies-patriotiques-2019-200x275.jpg 200w, https://www.mairie-volonne.fr/wp-content/uploads/2019/06/Cérémonies-patriotiques-2019-218x300.jpg 218w, https://www.mairie-volonne.fr/wp-content/uploads/2019/06/Cérémonies-patriotiques-2019-400x550.jpg 400w, https://www.mairie-volonne.fr/wp-content/uploads/2019/06/Cérémonies-patriotiques-2019-600x825.jpg 600w, https://www.mairie-volonne.fr/wp-content/uploads/2019/06/Cérémonies-patriotiques-2019-745x1024.jpg 745w, https://www.mairie-volonne.fr/wp-content/uploads/2019/06/Cérémonies-patriotiques-2019-768x1056.jpg 768w, https://www.mairie-volonne.fr/wp-content/uploads/2019/06/Cérémonies-patriotiques-2019-800x1100.jpg 800w, https://www.mairie-volonne.fr/wp-content/uploads/2019/06/Cérémonies-patriotiques-2019-1200x1650.jpg 1200w, https://www.mairie-volonne.fr/wp-content/uploads/2019/06/Cérémonies-patriotiques-2019.jpg 1275w" sizes="(max-width: 1275px) 100vw, 1275px" /></p>

<p>Cérémonie de la libération du département. Voir ici les différentes autres cérémonies:</p>
