{"id":8094,"date":"2019-04-14T20:06:12","date_gmt":"2019-04-14T18:06:12","guid":{"rendered":"https:\/\/www.mairie-volonne.fr\/?post_type=tribe_events&#038;p=8094"},"modified":"2019-04-14T20:06:12","modified_gmt":"2019-04-14T18:06:12","slug":"fete-de-la-nature-volonne-chaque-annee-au-mois-de-mai-reviennent-les-martinets-noirs-et","status":"publish","type":"tribe_events","link":"https:\/\/www.mairie-volonne.fr\/index.php\/event\/fete-de-la-nature-volonne-chaque-annee-au-mois-de-mai-reviennent-les-martinets-noirs-et\/","title":{"rendered":"F\u00eate de la Nature &#8211; Volonne &#8211; Chaque ann\u00e9e au mois de mai reviennent les martinets noirs et&#8230;"},"content":{"rendered":"<div id=\"website-container\" class=\"website-container clearfix\">\n<div class=\"row row-flex no-gutter banniere-site-wrapper\">\n<div class=\"col-xs-12  col-lg-9 site-contenu-container\">\n<div id=\"website-content\" class=\"website-content clearfix\">\n<div class=\"container-fluid\">\n<div class=\"row row-flex\">\n<div class=\"col-xs-12 col-md-9 content-col flex-grow\">\n<div id=\"website-main\" class=\"website-main\">\n<div class=\"region region-content\">\n<article id=\"node\" class=\"node node-base edition has-body no-liste-liens no-liste-liens-internes has-edito-type no-dates-affichage has-ged-image no-ged-image-accueil no-titre-alternatif no-encadre no-ged-image-gallerie no-ged-video-gallerie no-ged-document no-dates has-uniquement-agenda no-geolocalisation has-type-galerie-photo has-cacher-image-illustration has-type-affichage-map has-type-affichage-docs no-type-affichage-videos no-lieu-affichage no-titre-liste-document no-texte-visionneuse no-type-affichage-liens no-titre-liste-liens-internes no-titre-liste-liens-externes no-titre-galerie-photos no-titre-galerie-video no-audio has-proteger-la-page no-class-specifique-sur-body has-sous-titre no-faq no-sur-titre no-acces-prive no-publish-by no-terms-news-themes has-date-edition no-ged-image-logo has-ged-image-verticale has-ged-image-horizontale has-picto-edition no-og-title no-og-description no-redirect no-partenaire-premium \">\n<div class=\"node-row\">\n<div class=\"node-col-left node-col\">\n<div id=\"node-content\" class=\"node-content\">\n<div id=\"node-texte\" class=\"node-texte  cke_editable clearfix \">\n<h4 class=\"chapo\">la F\u00eate de la Nature ! La <a href=\"https:\/\/fetedelanature.com\/edition-2019\" target=\"_blank\" rel=\"noopener\"><strong><span style=\"color: #008000;\">F\u00eate de la Nature<\/span><\/strong><\/a> \u00a0 est l\u2019\u00e9v\u00e9nement annuel \u00ab nature \u00bb de r\u00e9f\u00e9rence qui propose<\/h4>\n<p class=\"chapo\">de vivre l&rsquo;exp\u00e9rience de la nature.<\/p>\n<p class=\"chapo\">Programme local communiqu\u00e9 ult\u00e9rieurement.<\/p>\n<\/div>\n<\/div>\n<\/div>\n<\/div>\n<\/article>\n<\/div>\n<\/div>\n<\/div>\n<\/div>\n<\/div>\n<\/div>\n<\/div>\n<\/div>\n<\/div>\n","protected":false},"excerpt":{"rendered":"<p>la F\u00eate de la Nature ! La F\u00eate de la Nature \u00a0 est l\u2019\u00e9v\u00e9nement annuel \u00ab nature \u00bb de r\u00e9f\u00e9rence qui propose de vivre l&rsquo;exp\u00e9rience de la nature. Programme local communiqu\u00e9 ult\u00e9rieurement.<\/p>\n","protected":false},"author":7,"featured_media":0,"template":"","meta":{"_EventAllDay":true,"_EventTimezone":"Europe\/Paris","_EventStartDate":"2019-05-24 00:00:00","_EventEndDate":"2019-05-25 23:59:59","_EventStartDateUTC":"2019-05-23 22:00:00","_EventEndDateUTC":"2019-05-25 21:59:59","_EventShowMap":true,"_EventShowMapLink":true,"_EventURL":"","_EventCost":"0","_EventCostDescription":"","_EventCurrencySymbol":"","_EventCurrencyCode":"","_EventCurrencyPosition":"suffix","_EventDateTimeSeparator":"","_EventTimeRangeSeparator":"","_EventOrganizerID":[8097],"_EventVenueID":[8096],"_OrganizerEmail":"","_OrganizerPhone":"","_OrganizerWebsite":"","_VenueAddress":"","_VenueCity":"","_VenueCountry":"","_VenueProvince":"","_VenueState":"","_VenueZip":"","_VenuePhone":"","_VenueURL":"","_VenueStateProvince":"","_VenueLat":"","_VenueLng":"","_VenueShowMap":false,"_VenueShowMapLink":false,"jetpack_post_was_ever_published":false,"_tribe_events_status":"","_tribe_events_status_reason":"","footnotes":""},"tags":[],"tribe_events_cat":[],"class_list":["post-8094","tribe_events","type-tribe_events","status-publish","hentry"],"jetpack_sharing_enabled":true,"_links":{"self":[{"href":"https:\/\/www.mairie-volonne.fr\/index.php\/wp-json\/wp\/v2\/tribe_events\/8094","targetHints":{"allow":["GET"]}}],"collection":[{"href":"https:\/\/www.mairie-volonne.fr\/index.php\/wp-json\/wp\/v2\/tribe_events"}],"about":[{"href":"https:\/\/www.mairie-volonne.fr\/index.php\/wp-json\/wp\/v2\/types\/tribe_events"}],"author":[{"embeddable":true,"href":"https:\/\/www.mairie-volonne.fr\/index.php\/wp-json\/wp\/v2\/users\/7"}],"version-history":[{"count":1,"href":"https:\/\/www.mairie-volonne.fr\/index.php\/wp-json\/wp\/v2\/tribe_events\/8094\/revisions"}],"predecessor-version":[{"id":8095,"href":"https:\/\/www.mairie-volonne.fr\/index.php\/wp-json\/wp\/v2\/tribe_events\/8094\/revisions\/8095"}],"wp:attachment":[{"href":"https:\/\/www.mairie-volonne.fr\/index.php\/wp-json\/wp\/v2\/media?parent=8094"}],"wp:term":[{"taxonomy":"post_tag","embeddable":true,"href":"https:\/\/www.mairie-volonne.fr\/index.php\/wp-json\/wp\/v2\/tags?post=8094"},{"taxonomy":"tribe_events_cat","embeddable":true,"href":"https:\/\/www.mairie-volonne.fr\/index.php\/wp-json\/wp\/v2\/tribe_events_cat?post=8094"}],"curies":[{"name":"wp","href":"https:\/\/api.w.org\/{rel}","templated":true}]}}

Fête de la Nature &#8211; Volonne &#8211; Chaque année au mois de mai reviennent les martinets noirs et&#8230;

<div id="website-container" class="website-container clearfix">
<div class="row row-flex no-gutter banniere-site-wrapper">
<div class="col-xs-12  col-lg-9 site-contenu-container">
<div id="website-content" class="website-content clearfix">
<div class="container-fluid">
<div class="row row-flex">
<div class="col-xs-12 col-md-9 content-col flex-grow">
<div id="website-main" class="website-main">
<div class="region region-content">
<article id="node" class="node node-base edition has-body no-liste-liens no-liste-liens-internes has-edito-type no-dates-affichage has-ged-image no-ged-image-accueil no-titre-alternatif no-encadre no-ged-image-gallerie no-ged-video-gallerie no-ged-document no-dates has-uniquement-agenda no-geolocalisation has-type-galerie-photo has-cacher-image-illustration has-type-affichage-map has-type-affichage-docs no-type-affichage-videos no-lieu-affichage no-titre-liste-document no-texte-visionneuse no-type-affichage-liens no-titre-liste-liens-internes no-titre-liste-liens-externes no-titre-galerie-photos no-titre-galerie-video no-audio has-proteger-la-page no-class-specifique-sur-body has-sous-titre no-faq no-sur-titre no-acces-prive no-publish-by no-terms-news-themes has-date-edition no-ged-image-logo has-ged-image-verticale has-ged-image-horizontale has-picto-edition no-og-title no-og-description no-redirect no-partenaire-premium ">
<div class="node-row">
<div class="node-col-left node-col">
<div id="node-content" class="node-content">
<div id="node-texte" class="node-texte  cke_editable clearfix ">
<h4 class="chapo">la Fête de la Nature ! La <a href="https://fetedelanature.com/edition-2019" target="_blank" rel="noopener"><strong><span style="color: #008000;">Fête de la Nature</span></strong></a>   est l’événement annuel « nature » de référence qui propose</h4>
<p class="chapo">de vivre l&rsquo;expérience de la nature.</p>
<p class="chapo">Programme local communiqué ultérieurement.</p>
</div>
</div>
</div>
</div>
</article>
</div>
</div>
</div>
</div>
</div>
</div>
</div>
</div>
</div>

<p>la Fête de la Nature ! La Fête de la Nature   est l’événement annuel « nature » de référence qui propose de vivre l&rsquo;expérience de la nature. Programme local communiqué ultérieurement.</p>
