{"id":7739,"date":"2019-07-25T23:19:48","date_gmt":"2019-07-25T21:19:48","guid":{"rendered":"https:\/\/www.mairie-volonne.fr\/?post_type=tribe_events&#038;p=7739"},"modified":"2019-07-26T18:31:29","modified_gmt":"2019-07-26T16:31:29","slug":"fete-medievale-les-27-et-28-juillet-a-volonne","status":"publish","type":"tribe_events","link":"https:\/\/www.mairie-volonne.fr\/index.php\/event\/fete-medievale-les-27-et-28-juillet-a-volonne\/","title":{"rendered":"F\u00eate M\u00e9di\u00e9vale les 27 et 28 Juillet \u00e0 Volonne."},"content":{"rendered":"<div id=\"wrapper\">\n<div class=\"fusion-row\">\n<section id=\"content\">\n<div id=\"post-0\" class=\"post-0 page type-page status-draft hentry\">\n<div class=\"post-content\">\n<div id=\"tribe-events\" data-featured=\"\" data-category=\"\" data-datepicker_format=\"2\" data-live_ajax=\"1\">\n<div id=\"tribe-events-content\" class=\"tribe-events-single\">\n<div id=\"post-7736\" class=\"post-7736 tribe_events type-tribe_events status-publish hentry\">\n<div class=\"tribe-events-single-event-description tribe-events-content entry-content description\">\n<p>Pour joindre les organisateurs:<\/p>\n<h3><strong>Jeannette Virot:<\/strong>\u00a0 <strong>Tel: 0492640325 ou 0676260216<\/strong><\/h3>\n<p><strong> ou\u00a0\u00a0 <\/strong><strong>Danielle David :<span style=\"color: #008000;\"><a style=\"color: #008000;\" href=\"mailto:danielle.david57@sfr.fr\" target=\"_blank\" rel=\"noopener noreferrer\">danielle.david57@sfr.fr<img decoding=\"async\" class=\"size-full wp-image-8625 alignleft\" src=\"https:\/\/www.mairie-volonne.fr\/wp-content\/uploads\/2019\/02\/Composition1-2.jpg\" alt=\"\" width=\"651\" height=\"979\" srcset=\"https:\/\/www.mairie-volonne.fr\/wp-content\/uploads\/2019\/02\/Composition1-2-199x300.jpg 199w, https:\/\/www.mairie-volonne.fr\/wp-content\/uploads\/2019\/02\/Composition1-2-200x301.jpg 200w, https:\/\/www.mairie-volonne.fr\/wp-content\/uploads\/2019\/02\/Composition1-2-400x602.jpg 400w, https:\/\/www.mairie-volonne.fr\/wp-content\/uploads\/2019\/02\/Composition1-2-600x902.jpg 600w, https:\/\/www.mairie-volonne.fr\/wp-content\/uploads\/2019\/02\/Composition1-2.jpg 651w\" sizes=\"(max-width: 651px) 100vw, 651px\" \/><\/a><\/span><\/strong><\/p>\n<\/div>\n<p>&nbsp;<\/p>\n<div class=\"tribe-events-single-event-description tribe-events-content entry-content description\">\n<div id=\"wrapper\">\n<div class=\"fusion-row\"><\/div>\n<\/div>\n<\/div>\n<\/div>\n<\/div>\n<\/div>\n<\/div>\n<\/div>\n<\/section>\n<\/div>\n<\/div>\n","protected":false},"excerpt":{"rendered":"<p>Pour joindre les organisateurs: Jeannette Virot:\u00a0 Tel: 0492640325 ou 0676260216 ou\u00a0\u00a0 Danielle David :danielle.david57@sfr.fr &nbsp;<\/p>\n","protected":false},"author":7,"featured_media":0,"template":"","meta":{"_EventAllDay":true,"_EventTimezone":"Europe\/Paris","_EventStartDate":"2019-07-27 00:00:00","_EventEndDate":"2019-07-28 23:59:59","_EventStartDateUTC":"2019-07-26 22:00:00","_EventEndDateUTC":"2019-07-28 21:59:59","_EventShowMap":true,"_EventShowMapLink":true,"_EventURL":"","_EventCost":"0","_EventCostDescription":"","_EventCurrencySymbol":"","_EventCurrencyCode":"","_EventCurrencyPosition":"suffix","_EventDateTimeSeparator":"","_EventTimeRangeSeparator":"","_EventOrganizerID":[5240],"_EventVenueID":[2053],"_OrganizerEmail":"","_OrganizerPhone":"","_OrganizerWebsite":"","_VenueAddress":"","_VenueCity":"","_VenueCountry":"","_VenueProvince":"","_VenueState":"","_VenueZip":"","_VenuePhone":"","_VenueURL":"","_VenueStateProvince":"","_VenueLat":"","_VenueLng":"","_VenueShowMap":false,"_VenueShowMapLink":false,"jetpack_post_was_ever_published":false,"_tribe_events_status":"","_tribe_events_status_reason":"","footnotes":""},"tags":[],"tribe_events_cat":[],"class_list":["post-7739","tribe_events","type-tribe_events","status-publish","hentry"],"jetpack_sharing_enabled":true,"_links":{"self":[{"href":"https:\/\/www.mairie-volonne.fr\/index.php\/wp-json\/wp\/v2\/tribe_events\/7739","targetHints":{"allow":["GET"]}}],"collection":[{"href":"https:\/\/www.mairie-volonne.fr\/index.php\/wp-json\/wp\/v2\/tribe_events"}],"about":[{"href":"https:\/\/www.mairie-volonne.fr\/index.php\/wp-json\/wp\/v2\/types\/tribe_events"}],"author":[{"embeddable":true,"href":"https:\/\/www.mairie-volonne.fr\/index.php\/wp-json\/wp\/v2\/users\/7"}],"version-history":[{"count":4,"href":"https:\/\/www.mairie-volonne.fr\/index.php\/wp-json\/wp\/v2\/tribe_events\/7739\/revisions"}],"predecessor-version":[{"id":8626,"href":"https:\/\/www.mairie-volonne.fr\/index.php\/wp-json\/wp\/v2\/tribe_events\/7739\/revisions\/8626"}],"wp:attachment":[{"href":"https:\/\/www.mairie-volonne.fr\/index.php\/wp-json\/wp\/v2\/media?parent=7739"}],"wp:term":[{"taxonomy":"post_tag","embeddable":true,"href":"https:\/\/www.mairie-volonne.fr\/index.php\/wp-json\/wp\/v2\/tags?post=7739"},{"taxonomy":"tribe_events_cat","embeddable":true,"href":"https:\/\/www.mairie-volonne.fr\/index.php\/wp-json\/wp\/v2\/tribe_events_cat?post=7739"}],"curies":[{"name":"wp","href":"https:\/\/api.w.org\/{rel}","templated":true}]}}

Fête Médiévale les 27 et 28 Juillet à Volonne.
