{"id":7234,"date":"2019-01-06T22:35:27","date_gmt":"2019-01-06T21:35:27","guid":{"rendered":"https:\/\/www.mairie-volonne.fr\/?post_type=tribe_events&#038;p=7234"},"modified":"2019-01-06T22:36:04","modified_gmt":"2019-01-06T21:36:04","slug":"consulter-ici-les-dates-des-ceremonies-de-voeux-des-differentes-municipalites-carrefour-et-hors-carrefour","status":"publish","type":"tribe_events","link":"https:\/\/www.mairie-volonne.fr\/index.php\/event\/consulter-ici-les-dates-des-ceremonies-de-voeux-des-differentes-municipalites-carrefour-et-hors-carrefour\/","title":{"rendered":"Consulter ici les dates des c\u00e9r\u00e9monies de v\u0153ux des diff\u00e9rentes Municipalit\u00e9s &#8211; carrefour et hors carrefour."},"content":{"rendered":"<h3><a href=\"https:\/\/www.mairie-volonne.fr\/wp-content\/uploads\/2019\/01\/Calendrier-C\u00e9r\u00e9monies-Voeux-2019-Cnes-Hors-Carrefour.pdf\" target=\"_blank\" rel=\"noopener\"><strong><span style=\"color: #008000;\">Calendrier-C\u00e9r\u00e9monies Voeux 2019 (Cnes Hors Carrefour)<\/span><\/strong><\/a><\/h3>\n<h3><strong><span style=\"color: #008000;\"><a style=\"color: #008000;\" href=\"https:\/\/www.mairie-volonne.fr\/wp-content\/uploads\/2019\/01\/Calendrier-C\u00e9r\u00e9monies-Voeux-2019-Cnes-Carrefour.pdf\" target=\"_blank\" rel=\"noopener\">Calendrier-C\u00e9r\u00e9monies Voeux 2019 (Cnes Carrefour)<\/a><\/span><\/strong><\/h3>\n<p><strong>A noter les v\u0153ux \u00e0 Volonne: 16 janvier 18h&#8230;<\/strong><\/p>\n<p><img decoding=\"async\" class=\"size-full wp-image-7192 alignleft\" src=\"https:\/\/www.mairie-volonne.fr\/wp-content\/uploads\/2018\/12\/zzzz.png\" alt=\"\" width=\"437\" height=\"630\" srcset=\"https:\/\/www.mairie-volonne.fr\/wp-content\/uploads\/2018\/12\/zzzz-200x288.png 200w, https:\/\/www.mairie-volonne.fr\/wp-content\/uploads\/2018\/12\/zzzz-208x300.png 208w, https:\/\/www.mairie-volonne.fr\/wp-content\/uploads\/2018\/12\/zzzz-400x577.png 400w, https:\/\/www.mairie-volonne.fr\/wp-content\/uploads\/2018\/12\/zzzz.png 437w\" sizes=\"(max-width: 437px) 100vw, 437px\" \/><\/p>\n","protected":false},"excerpt":{"rendered":"<p>Calendrier-C\u00e9r\u00e9monies Voeux 2019 (Cnes Hors Carrefour) Calendrier-C\u00e9r\u00e9monies Voeux 2019 (Cnes Carrefour) A noter les v\u0153ux \u00e0 Volonne: 16 janvier 18h&#8230;<\/p>\n","protected":false},"author":7,"featured_media":0,"template":"","meta":{"_EventAllDay":true,"_EventTimezone":"Europe\/Paris","_EventStartDate":"2019-01-06 00:00:00","_EventEndDate":"2019-01-18 23:59:59","_EventStartDateUTC":"2019-01-05 23:00:00","_EventEndDateUTC":"2019-01-18 22:59:59","_EventShowMap":true,"_EventShowMapLink":true,"_EventURL":"","_EventCost":"0","_EventCostDescription":"","_EventCurrencySymbol":"","_EventCurrencyCode":"","_EventCurrencyPosition":"suffix","_EventDateTimeSeparator":"","_EventTimeRangeSeparator":"","_EventOrganizerID":[2078,7238],"_EventVenueID":[],"_OrganizerEmail":"","_OrganizerPhone":"","_OrganizerWebsite":"","_VenueAddress":"","_VenueCity":"","_VenueCountry":"","_VenueProvince":"","_VenueState":"","_VenueZip":"","_VenuePhone":"","_VenueURL":"","_VenueStateProvince":"","_VenueLat":"","_VenueLng":"","_VenueShowMap":false,"_VenueShowMapLink":false,"jetpack_post_was_ever_published":false,"_tribe_events_status":"","_tribe_events_status_reason":"","footnotes":""},"tags":[],"tribe_events_cat":[],"class_list":["post-7234","tribe_events","type-tribe_events","status-publish","hentry"],"jetpack_sharing_enabled":true,"_links":{"self":[{"href":"https:\/\/www.mairie-volonne.fr\/index.php\/wp-json\/wp\/v2\/tribe_events\/7234","targetHints":{"allow":["GET"]}}],"collection":[{"href":"https:\/\/www.mairie-volonne.fr\/index.php\/wp-json\/wp\/v2\/tribe_events"}],"about":[{"href":"https:\/\/www.mairie-volonne.fr\/index.php\/wp-json\/wp\/v2\/types\/tribe_events"}],"author":[{"embeddable":true,"href":"https:\/\/www.mairie-volonne.fr\/index.php\/wp-json\/wp\/v2\/users\/7"}],"version-history":[{"count":1,"href":"https:\/\/www.mairie-volonne.fr\/index.php\/wp-json\/wp\/v2\/tribe_events\/7234\/revisions"}],"predecessor-version":[{"id":7237,"href":"https:\/\/www.mairie-volonne.fr\/index.php\/wp-json\/wp\/v2\/tribe_events\/7234\/revisions\/7237"}],"wp:attachment":[{"href":"https:\/\/www.mairie-volonne.fr\/index.php\/wp-json\/wp\/v2\/media?parent=7234"}],"wp:term":[{"taxonomy":"post_tag","embeddable":true,"href":"https:\/\/www.mairie-volonne.fr\/index.php\/wp-json\/wp\/v2\/tags?post=7234"},{"taxonomy":"tribe_events_cat","embeddable":true,"href":"https:\/\/www.mairie-volonne.fr\/index.php\/wp-json\/wp\/v2\/tribe_events_cat?post=7234"}],"curies":[{"name":"wp","href":"https:\/\/api.w.org\/{rel}","templated":true}]}}

Consulter ici les dates des cérémonies de vœux des différentes Municipalités &#8211; carrefour et hors carrefour.

<h3><a href="https://www.mairie-volonne.fr/wp-content/uploads/2019/01/Calendrier-Cérémonies-Voeux-2019-Cnes-Hors-Carrefour.pdf" target="_blank" rel="noopener"><strong><span style="color: #008000;">Calendrier-Cérémonies Voeux 2019 (Cnes Hors Carrefour)</span></strong></a></h3>
<h3><strong><span style="color: #008000;"><a style="color: #008000;" href="https://www.mairie-volonne.fr/wp-content/uploads/2019/01/Calendrier-Cérémonies-Voeux-2019-Cnes-Carrefour.pdf" target="_blank" rel="noopener">Calendrier-Cérémonies Voeux 2019 (Cnes Carrefour)</a></span></strong></h3>
<p><strong>A noter les vœux à Volonne: 16 janvier 18h&#8230;</strong></p>
<p><img decoding="async" class="size-full wp-image-7192 alignleft" src="https://www.mairie-volonne.fr/wp-content/uploads/2018/12/zzzz.png" alt="" width="437" height="630" srcset="https://www.mairie-volonne.fr/wp-content/uploads/2018/12/zzzz-200x288.png 200w, https://www.mairie-volonne.fr/wp-content/uploads/2018/12/zzzz-208x300.png 208w, https://www.mairie-volonne.fr/wp-content/uploads/2018/12/zzzz-400x577.png 400w, https://www.mairie-volonne.fr/wp-content/uploads/2018/12/zzzz.png 437w" sizes="(max-width: 437px) 100vw, 437px" /></p>

<p>Calendrier-Cérémonies Voeux 2019 (Cnes Hors Carrefour) Calendrier-Cérémonies Voeux 2019 (Cnes Carrefour) A noter les vœux à Volonne: 16 janvier 18h&#8230;</p>
