{"id":5829,"date":"2018-07-14T22:10:05","date_gmt":"2018-07-14T20:10:05","guid":{"rendered":"http:\/\/www.mairie-volonne.fr\/?post_type=tribe_events&#038;p=5829"},"modified":"2018-07-14T22:12:04","modified_gmt":"2018-07-14T20:12:04","slug":"samedi-8-septembre-forum-des-associations-volonnaises-commune-ouverte","status":"publish","type":"tribe_events","link":"https:\/\/www.mairie-volonne.fr\/index.php\/event\/samedi-8-septembre-forum-des-associations-volonnaises-commune-ouverte\/","title":{"rendered":"SAMEDI 8 SEPTEMBRE  &#8211; Forum des associations Volonnaises + \u00ab Commune Ouverte \u00bb"},"content":{"rendered":"<div>LE 1ER\u00a0 FORUM VOLONNAIS\u00a0 DES ASSOCIATIONS<\/div>\n<div>Lors de notre passage \u00e0 Provence Alpes Agglom\u00e9ration,<\/div>\n<div>notre intercommunalit\u00e9 a beaucoup \u00e9volu\u00e9. En passant \u00e0<\/div>\n<div>46 communes, le principe du forum associatif commu-<\/div>\n<div>nautaire n\u2019a pas \u00e9t\u00e9 retenu. C\u2019est pourquoi nous organi-<\/div>\n<div>sons<\/div>\n<div>UN FORUM DES ASSOCIATIONS, \u00e0 Volonne, le<\/div>\n<div>samedi 8 septembre \u00e0 partir de 9h sur la place du Ch\u00e2-<\/div>\n<div>teau,<\/div>\n<div>avec un repli \u00e0 l\u2019Espace Notre Dame en cas de<\/div>\n<div>temps mena\u00e7ant.<\/div>\n<div>Sont convi\u00e9es, en tout premier lieu, les associations vo-<\/div>\n<div>lonnaises ainsi que celles que nous accompagnons finan-<\/div>\n<div>ci\u00e8rement, des associations partenaires de nos diff\u00e9rentes<\/div>\n<div>animations au fil de l\u2019ann\u00e9e ainsi que des associations du<\/div>\n<div>carrefour qui ont des adh\u00e9rents volonnais ou qui aime-<\/div>\n<div>raient en accueillir gr\u00e2ce \u00e0 ce temps de rencontre. Que<\/div>\n<div>ce soit dans le champ festif, ludique, sportif, social, envi-<\/div>\n<div>ronnemental, citoyen etc. toute structure d\u00e9sireuse de se<\/div>\n<div>faire conna\u00eetre et de rencontrer les Volonnais est invit\u00e9e<\/div>\n<div>\u00e0 venir exposer, proposer une d\u00e9monstration, une anima-<\/div>\n<div>tion etc.<\/div>\n<div>Contact organisation :<\/div>\n<h3>Emmanuel Muller \u2013<a href=\"mailto:mairie.muller@gmail.com\" target=\"_blank\" rel=\"noopener\"><strong><span style=\"color: #008000;\"> mairie.muller@gmail.com<\/span><\/strong><\/a><\/h3>\n","protected":false},"excerpt":{"rendered":"<p>LE 1ER\u00a0 FORUM VOLONNAIS\u00a0 DES ASSOCIATIONS Lors de notre passage \u00e0 Provence Alpes Agglom\u00e9ration, notre intercommunalit\u00e9 a beaucoup \u00e9volu\u00e9. En passant \u00e0 46 communes, le principe du forum associatif commu- nautaire n\u2019a pas \u00e9t\u00e9 retenu. C\u2019est pourquoi nous organi- sons UN FORUM DES ASSOCIATIONS, \u00e0 Volonne, le samedi 8 septembre \u00e0 partir de 9h sur [&#8230;]<\/p>\n","protected":false},"author":7,"featured_media":0,"template":"","meta":{"_EventAllDay":true,"_EventTimezone":"Europe\/Paris","_EventStartDate":"2018-09-08 00:00:00","_EventEndDate":"2018-09-08 23:59:59","_EventStartDateUTC":"2018-09-07 22:00:00","_EventEndDateUTC":"2018-09-08 21:59:59","_EventShowMap":true,"_EventShowMapLink":true,"_EventURL":"","_EventCost":"0","_EventCostDescription":"","_EventCurrencySymbol":"","_EventCurrencyCode":"","_EventCurrencyPosition":"suffix","_EventDateTimeSeparator":"","_EventTimeRangeSeparator":"","_EventOrganizerID":[1972],"_EventVenueID":[5252],"_OrganizerEmail":"","_OrganizerPhone":"","_OrganizerWebsite":"","_VenueAddress":"","_VenueCity":"","_VenueCountry":"","_VenueProvince":"","_VenueState":"","_VenueZip":"","_VenuePhone":"","_VenueURL":"","_VenueStateProvince":"","_VenueLat":"","_VenueLng":"","_VenueShowMap":false,"_VenueShowMapLink":false,"jetpack_post_was_ever_published":false,"_tribe_events_status":"","_tribe_events_status_reason":"","footnotes":""},"tags":[],"tribe_events_cat":[],"class_list":["post-5829","tribe_events","type-tribe_events","status-publish","hentry"],"jetpack_sharing_enabled":true,"_links":{"self":[{"href":"https:\/\/www.mairie-volonne.fr\/index.php\/wp-json\/wp\/v2\/tribe_events\/5829","targetHints":{"allow":["GET"]}}],"collection":[{"href":"https:\/\/www.mairie-volonne.fr\/index.php\/wp-json\/wp\/v2\/tribe_events"}],"about":[{"href":"https:\/\/www.mairie-volonne.fr\/index.php\/wp-json\/wp\/v2\/types\/tribe_events"}],"author":[{"embeddable":true,"href":"https:\/\/www.mairie-volonne.fr\/index.php\/wp-json\/wp\/v2\/users\/7"}],"version-history":[{"count":1,"href":"https:\/\/www.mairie-volonne.fr\/index.php\/wp-json\/wp\/v2\/tribe_events\/5829\/revisions"}],"predecessor-version":[{"id":5830,"href":"https:\/\/www.mairie-volonne.fr\/index.php\/wp-json\/wp\/v2\/tribe_events\/5829\/revisions\/5830"}],"wp:attachment":[{"href":"https:\/\/www.mairie-volonne.fr\/index.php\/wp-json\/wp\/v2\/media?parent=5829"}],"wp:term":[{"taxonomy":"post_tag","embeddable":true,"href":"https:\/\/www.mairie-volonne.fr\/index.php\/wp-json\/wp\/v2\/tags?post=5829"},{"taxonomy":"tribe_events_cat","embeddable":true,"href":"https:\/\/www.mairie-volonne.fr\/index.php\/wp-json\/wp\/v2\/tribe_events_cat?post=5829"}],"curies":[{"name":"wp","href":"https:\/\/api.w.org\/{rel}","templated":true}]}}

<div>LE 1ER  FORUM VOLONNAIS  DES ASSOCIATIONS</div>
<div>Lors de notre passage à Provence Alpes Agglomération,</div>
<div>notre intercommunalité a beaucoup évolué. En passant à</div>
<div>46 communes, le principe du forum associatif commu-</div>
<div>nautaire n’a pas été retenu. C’est pourquoi nous organi-</div>
<div>sons</div>
<div>UN FORUM DES ASSOCIATIONS, à Volonne, le</div>
<div>samedi 8 septembre à partir de 9h sur la place du Châ-</div>
<div>teau,</div>
<div>avec un repli à l’Espace Notre Dame en cas de</div>
<div>temps menaçant.</div>
<div>Sont conviées, en tout premier lieu, les associations vo-</div>
<div>lonnaises ainsi que celles que nous accompagnons finan-</div>
<div>cièrement, des associations partenaires de nos différentes</div>
<div>animations au fil de l’année ainsi que des associations du</div>
<div>carrefour qui ont des adhérents volonnais ou qui aime-</div>
<div>raient en accueillir grâce à ce temps de rencontre. Que</div>
<div>ce soit dans le champ festif, ludique, sportif, social, envi-</div>
<div>ronnemental, citoyen etc. toute structure désireuse de se</div>
<div>faire connaître et de rencontrer les Volonnais est invitée</div>
<div>à venir exposer, proposer une démonstration, une anima-</div>
<div>tion etc.</div>
<div>Contact organisation :</div>
<h3>Emmanuel Muller –<a href="mailto:mairie.muller@gmail.com" target="_blank" rel="noopener"><strong><span style="color: #008000;"> mairie.muller@gmail.com</span></strong></a></h3>

<p>LE 1ER  FORUM VOLONNAIS  DES ASSOCIATIONS Lors de notre passage à Provence Alpes Agglomération, notre intercommunalité a beaucoup évolué. En passant à 46 communes, le principe du forum associatif commu- nautaire n’a pas été retenu. C’est pourquoi nous organi- sons UN FORUM DES ASSOCIATIONS, à Volonne, le samedi 8 septembre à partir de 9h sur [&#8230;]</p>
