{"id":5262,"date":"2018-04-24T19:18:36","date_gmt":"2018-04-24T17:18:36","guid":{"rendered":"http:\/\/www.mairie-volonne.fr\/?post_type=tribe_events&#038;p=5262"},"modified":"2018-04-24T19:18:36","modified_gmt":"2018-04-24T17:18:36","slug":"rencontre-avec-le-complice-bas-alpin-de-dorothee-j-paul-cesaricesarini-est-venu-sinstaller-dans-le-village-daubignosc-apres-une-carriere-originale","status":"publish","type":"tribe_events","link":"https:\/\/www.mairie-volonne.fr\/index.php\/event\/rencontre-avec-le-complice-bas-alpin-de-dorothee-j-paul-cesaricesarini-est-venu-sinstaller-dans-le-village-daubignosc-apres-une-carriere-originale\/","title":{"rendered":"Rencontre avec  le complice bas-alpin de Doroth\u00e9e, J-Paul C\u00e9sari(C\u00e9sarini) est venu s\u2019installer dans le village d\u2019Aubignosc   apr\u00e8s une carri\u00e8re originale."},"content":{"rendered":"<p>Deux tourn\u00e9es estivales pour les Daltons qui auront lieu \u00e0 Volonne les<\/p>\n<div id=\"global\">\n<div id=\"content-wrapper\">\n<div id=\"content-inner\">\n<div id=\"content-left\">\n<div id=\"post-wrapper\">\n<article class=\"post-block\">\n<div class=\"post-body\">\n<div class=\"ob-sections\">\n<div class=\"ob-section ob-section-html\">\n<p><span style=\"font-family: 'Calibri',sans-serif;\"><b>29 Juin au C\u00c9SAR Bar Restaurant\u00a0 et le 28 Juillet.<\/b><\/span><\/p>\n<h3><span style=\"color: #008000;\">Pour en savoir plus, clic sur le blog de\u00a0 <strong><a style=\"color: #008000;\" href=\"http:\/\/krys.over-blog.net\/2018\/04\/alpes\/volonne-la-tournee-estivale-des-dalton-demarre-avec-deux-dates-de-concert-a-volonne.htmlhttp:\/\/krys.over-blog.net\/2018\/04\/alpes\/volonne-la-tournee-estivale-des-dalton-demarre-avec-deux-dates-de-concert-a-volonne.htmlhttp:\/\/krys.over-blog.net\/2018\/04\/alpes\/volonne-la-tournee-estivale-des-dalton-demarre-avec-deux-dates-de-concert-a-volonne.html\" target=\"_blank\" rel=\"noopener\">http:\/\/krys.over-blog.net\/2018<\/a><\/strong><\/span><\/h3>\n<div id=\"global\">\n<div id=\"content-wrapper\">\n<div id=\"content-inner\">\n<div id=\"content-left\">\n<div id=\"post-wrapper\"><\/div>\n<\/div>\n<\/div>\n<\/div>\n<\/div>\n<p><span style=\"font-family: 'Calibri',sans-serif;\"><b>\u00a0<\/b><\/span><\/p>\n<\/div>\n<\/div>\n<\/div>\n<\/article>\n<\/div>\n<\/div>\n<\/div>\n<\/div>\n<\/div>\n","protected":false},"excerpt":{"rendered":"<p>Deux tourn\u00e9es estivales pour les Daltons qui auront lieu \u00e0 Volonne les 29 Juin au C\u00c9SAR Bar Restaurant\u00a0 et le 28 Juillet. Pour en savoir plus, clic sur le blog de\u00a0 http:\/\/krys.over-blog.net\/2018 \u00a0<\/p>\n","protected":false},"author":7,"featured_media":0,"template":"","meta":{"_EventAllDay":false,"_EventTimezone":"Europe\/Paris","_EventStartDate":"2018-06-29 20:30:00","_EventEndDate":"2018-06-29 23:30:00","_EventStartDateUTC":"2018-06-29 18:30:00","_EventEndDateUTC":"2018-06-29 21:30:00","_EventShowMap":true,"_EventShowMapLink":true,"_EventURL":"","_EventCost":"0","_EventCostDescription":"","_EventCurrencySymbol":"","_EventCurrencyCode":"","_EventCurrencyPosition":"suffix","_EventDateTimeSeparator":"","_EventTimeRangeSeparator":"","_EventOrganizerID":[5265],"_EventVenueID":[5264],"_OrganizerEmail":"","_OrganizerPhone":"","_OrganizerWebsite":"","_VenueAddress":"","_VenueCity":"","_VenueCountry":"","_VenueProvince":"","_VenueState":"","_VenueZip":"","_VenuePhone":"","_VenueURL":"","_VenueStateProvince":"","_VenueLat":"","_VenueLng":"","_VenueShowMap":false,"_VenueShowMapLink":false,"jetpack_post_was_ever_published":false,"_tribe_events_status":"","_tribe_events_status_reason":"","footnotes":""},"tags":[],"tribe_events_cat":[],"class_list":["post-5262","tribe_events","type-tribe_events","status-publish","hentry"],"jetpack_sharing_enabled":true,"_links":{"self":[{"href":"https:\/\/www.mairie-volonne.fr\/index.php\/wp-json\/wp\/v2\/tribe_events\/5262","targetHints":{"allow":["GET"]}}],"collection":[{"href":"https:\/\/www.mairie-volonne.fr\/index.php\/wp-json\/wp\/v2\/tribe_events"}],"about":[{"href":"https:\/\/www.mairie-volonne.fr\/index.php\/wp-json\/wp\/v2\/types\/tribe_events"}],"author":[{"embeddable":true,"href":"https:\/\/www.mairie-volonne.fr\/index.php\/wp-json\/wp\/v2\/users\/7"}],"version-history":[{"count":1,"href":"https:\/\/www.mairie-volonne.fr\/index.php\/wp-json\/wp\/v2\/tribe_events\/5262\/revisions"}],"predecessor-version":[{"id":5263,"href":"https:\/\/www.mairie-volonne.fr\/index.php\/wp-json\/wp\/v2\/tribe_events\/5262\/revisions\/5263"}],"wp:attachment":[{"href":"https:\/\/www.mairie-volonne.fr\/index.php\/wp-json\/wp\/v2\/media?parent=5262"}],"wp:term":[{"taxonomy":"post_tag","embeddable":true,"href":"https:\/\/www.mairie-volonne.fr\/index.php\/wp-json\/wp\/v2\/tags?post=5262"},{"taxonomy":"tribe_events_cat","embeddable":true,"href":"https:\/\/www.mairie-volonne.fr\/index.php\/wp-json\/wp\/v2\/tribe_events_cat?post=5262"}],"curies":[{"name":"wp","href":"https:\/\/api.w.org\/{rel}","templated":true}]}}

Rencontre avec  le complice bas-alpin de Dorothée, J-Paul Césari(Césarini) est venu s’installer dans le village d’Aubignosc   après une carrière originale.

<p>Deux tournées estivales pour les Daltons qui auront lieu à Volonne les</p>
<div id="global">
<div id="content-wrapper">
<div id="content-inner">
<div id="content-left">
<div id="post-wrapper">
<article class="post-block">
<div class="post-body">
<div class="ob-sections">
<div class="ob-section ob-section-html">
<p><span style="font-family: 'Calibri',sans-serif;"><b>29 Juin au CÉSAR Bar Restaurant  et le 28 Juillet.</b></span></p>
<h3><span style="color: #008000;">Pour en savoir plus, clic sur le blog de  <strong><a style="color: #008000;" href="http://krys.over-blog.net/2018/04/alpes/volonne-la-tournee-estivale-des-dalton-demarre-avec-deux-dates-de-concert-a-volonne.htmlhttp://krys.over-blog.net/2018/04/alpes/volonne-la-tournee-estivale-des-dalton-demarre-avec-deux-dates-de-concert-a-volonne.htmlhttp://krys.over-blog.net/2018/04/alpes/volonne-la-tournee-estivale-des-dalton-demarre-avec-deux-dates-de-concert-a-volonne.html" target="_blank" rel="noopener">http://krys.over-blog.net/2018</a></strong></span></h3>
<div id="global">
<div id="content-wrapper">
<div id="content-inner">
<div id="content-left">
<div id="post-wrapper"></div>
</div>
</div>
</div>
</div>
<p><span style="font-family: 'Calibri',sans-serif;"><b> </b></span></p>
</div>
</div>
</div>
</article>
</div>
</div>
</div>
</div>
</div>

<p>Deux tournées estivales pour les Daltons qui auront lieu à Volonne les 29 Juin au CÉSAR Bar Restaurant  et le 28 Juillet. Pour en savoir plus, clic sur le blog de  http://krys.over-blog.net/2018  </p>
