{"id":5254,"date":"2018-04-24T18:45:50","date_gmt":"2018-04-24T16:45:50","guid":{"rendered":"http:\/\/www.mairie-volonne.fr\/?post_type=tribe_events&#038;p=5254"},"modified":"2018-04-24T18:48:56","modified_gmt":"2018-04-24T16:48:56","slug":"messe-de-la-saint-jean-en-leglise-saint-jean-de-taravon-volonne-le-21-juin-18h","status":"publish","type":"tribe_events","link":"https:\/\/www.mairie-volonne.fr\/index.php\/event\/messe-de-la-saint-jean-en-leglise-saint-jean-de-taravon-volonne-le-21-juin-18h\/","title":{"rendered":"Messe de la Saint Jean en l&rsquo;\u00e9glise Saint Jean de Taravon &#8211; Volonne &#8211; le 21 juin -18h"},"content":{"rendered":"<p>Elle sera c\u00e9l\u00e9br\u00e9e par le P\u00e8re St\u00e9phane. Un petit verre de l&rsquo;amiti\u00e9 champ\u00eatre sera offert par la mairie \u00e0 l&rsquo;issue de\u00a0 la c\u00e9r\u00e9monie.<\/p>\n<p><img decoding=\"async\" class=\"aligncenter size-full wp-image-5255\" src=\"http:\/\/www.mairie-volonne.fr\/wp-content\/uploads\/2018\/04\/DSC_2328-bis.jpg\" alt=\"\" width=\"1000\" height=\"667\" srcset=\"https:\/\/www.mairie-volonne.fr\/wp-content\/uploads\/2018\/04\/DSC_2328-bis-200x133.jpg 200w, https:\/\/www.mairie-volonne.fr\/wp-content\/uploads\/2018\/04\/DSC_2328-bis-300x200.jpg 300w, https:\/\/www.mairie-volonne.fr\/wp-content\/uploads\/2018\/04\/DSC_2328-bis-400x267.jpg 400w, https:\/\/www.mairie-volonne.fr\/wp-content\/uploads\/2018\/04\/DSC_2328-bis-600x400.jpg 600w, https:\/\/www.mairie-volonne.fr\/wp-content\/uploads\/2018\/04\/DSC_2328-bis-768x512.jpg 768w, https:\/\/www.mairie-volonne.fr\/wp-content\/uploads\/2018\/04\/DSC_2328-bis-800x534.jpg 800w, https:\/\/www.mairie-volonne.fr\/wp-content\/uploads\/2018\/04\/DSC_2328-bis.jpg 1000w\" sizes=\"(max-width: 1000px) 100vw, 1000px\" \/><\/p>\n","protected":false},"excerpt":{"rendered":"<p>Elle sera c\u00e9l\u00e9br\u00e9e par le P\u00e8re St\u00e9phane. Un petit verre de l&rsquo;amiti\u00e9 champ\u00eatre sera offert par la mairie \u00e0 l&rsquo;issue de\u00a0 la c\u00e9r\u00e9monie.<\/p>\n","protected":false},"author":7,"featured_media":0,"template":"","meta":{"_EventAllDay":false,"_EventTimezone":"Europe\/Paris","_EventStartDate":"2018-06-21 18:00:00","_EventEndDate":"2018-06-21 19:30:00","_EventStartDateUTC":"2018-06-21 16:00:00","_EventEndDateUTC":"2018-06-21 17:30:00","_EventShowMap":true,"_EventShowMapLink":true,"_EventURL":"","_EventCost":"0","_EventCostDescription":"","_EventCurrencySymbol":"","_EventCurrencyCode":"","_EventCurrencyPosition":"suffix","_EventDateTimeSeparator":"","_EventTimeRangeSeparator":"","_EventOrganizerID":[5258],"_EventVenueID":[5257],"_OrganizerEmail":"","_OrganizerPhone":"","_OrganizerWebsite":"","_VenueAddress":"","_VenueCity":"","_VenueCountry":"","_VenueProvince":"","_VenueState":"","_VenueZip":"","_VenuePhone":"","_VenueURL":"","_VenueStateProvince":"","_VenueLat":"","_VenueLng":"","_VenueShowMap":false,"_VenueShowMapLink":false,"jetpack_post_was_ever_published":false,"_tribe_events_status":"","_tribe_events_status_reason":"","footnotes":""},"tags":[],"tribe_events_cat":[],"class_list":["post-5254","tribe_events","type-tribe_events","status-publish","hentry"],"jetpack_sharing_enabled":true,"_links":{"self":[{"href":"https:\/\/www.mairie-volonne.fr\/index.php\/wp-json\/wp\/v2\/tribe_events\/5254","targetHints":{"allow":["GET"]}}],"collection":[{"href":"https:\/\/www.mairie-volonne.fr\/index.php\/wp-json\/wp\/v2\/tribe_events"}],"about":[{"href":"https:\/\/www.mairie-volonne.fr\/index.php\/wp-json\/wp\/v2\/types\/tribe_events"}],"author":[{"embeddable":true,"href":"https:\/\/www.mairie-volonne.fr\/index.php\/wp-json\/wp\/v2\/users\/7"}],"version-history":[{"count":1,"href":"https:\/\/www.mairie-volonne.fr\/index.php\/wp-json\/wp\/v2\/tribe_events\/5254\/revisions"}],"predecessor-version":[{"id":5256,"href":"https:\/\/www.mairie-volonne.fr\/index.php\/wp-json\/wp\/v2\/tribe_events\/5254\/revisions\/5256"}],"wp:attachment":[{"href":"https:\/\/www.mairie-volonne.fr\/index.php\/wp-json\/wp\/v2\/media?parent=5254"}],"wp:term":[{"taxonomy":"post_tag","embeddable":true,"href":"https:\/\/www.mairie-volonne.fr\/index.php\/wp-json\/wp\/v2\/tags?post=5254"},{"taxonomy":"tribe_events_cat","embeddable":true,"href":"https:\/\/www.mairie-volonne.fr\/index.php\/wp-json\/wp\/v2\/tribe_events_cat?post=5254"}],"curies":[{"name":"wp","href":"https:\/\/api.w.org\/{rel}","templated":true}]}}

Messe de la Saint Jean en l&rsquo;église Saint Jean de Taravon &#8211; Volonne &#8211; le 21 juin -18h

<p>Elle sera célébrée par le Père Stéphane. Un petit verre de l&rsquo;amitié champêtre sera offert par la mairie à l&rsquo;issue de  la cérémonie.</p>
<p><img decoding="async" class="aligncenter size-full wp-image-5255" src="http://www.mairie-volonne.fr/wp-content/uploads/2018/04/DSC_2328-bis.jpg" alt="" width="1000" height="667" srcset="https://www.mairie-volonne.fr/wp-content/uploads/2018/04/DSC_2328-bis-200x133.jpg 200w, https://www.mairie-volonne.fr/wp-content/uploads/2018/04/DSC_2328-bis-300x200.jpg 300w, https://www.mairie-volonne.fr/wp-content/uploads/2018/04/DSC_2328-bis-400x267.jpg 400w, https://www.mairie-volonne.fr/wp-content/uploads/2018/04/DSC_2328-bis-600x400.jpg 600w, https://www.mairie-volonne.fr/wp-content/uploads/2018/04/DSC_2328-bis-768x512.jpg 768w, https://www.mairie-volonne.fr/wp-content/uploads/2018/04/DSC_2328-bis-800x534.jpg 800w, https://www.mairie-volonne.fr/wp-content/uploads/2018/04/DSC_2328-bis.jpg 1000w" sizes="(max-width: 1000px) 100vw, 1000px" /></p>

<p>Elle sera célébrée par le Père Stéphane. Un petit verre de l&rsquo;amitié champêtre sera offert par la mairie à l&rsquo;issue de  la cérémonie.</p>
