{"id":4892,"date":"2018-02-21T22:39:15","date_gmt":"2018-02-21T21:39:15","guid":{"rendered":"http:\/\/www.mairie-volonne.fr\/?post_type=tribe_events&#038;p=4892"},"modified":"2018-05-22T16:45:55","modified_gmt":"2018-05-22T14:45:55","slug":"vendredi-29-juin-lundi-2-juillet-2018-fete-votive-place-de-mairie-volonne","status":"publish","type":"tribe_events","link":"https:\/\/www.mairie-volonne.fr\/index.php\/event\/vendredi-29-juin-lundi-2-juillet-2018-fete-votive-place-de-mairie-volonne\/","title":{"rendered":"Du Vendredi 29 juin au lundi 2 juillet 2018 &#8211; F\u00eate Votive &#8211; Place de la mairie &#8211; Volonne"},"content":{"rendered":"<p>Vendredi 29 juin au lundi 2 juillet 2018 F\u00eate Votive &#8211; Place de la mairie + Cours Jacques Paulon +<br \/>\nRue Heyri\u00e8s + Rue de la R\u00e9publique&#8230;<\/p>\n<h3><a href=\"https:\/\/goo.gl\/YMfjN7\" target=\"_blank\" rel=\"noopener\"><span style=\"color: #008000;\"><strong>Clic ici pour conna\u00eetre le programme de ces festivit\u00e9s:<\/strong><\/span><\/a><\/h3>\n<p><strong>Organisation et renseignements:<\/strong><\/p>\n<p><strong>Comit\u00e9 des F\u00eates de Volonne<br \/>\n1, Place du Charles de Gaulle &#8211; 04290 VOLONNE<br \/>\nSandra Hugues &#8211; 07 60 05 92 59<\/strong><\/p>\n<h3><strong>Email : <\/strong><a href=\"mailto:cdf.volonne@gmail.com\"><strong><span style=\"color: #008000;\">cdf.volonne@gmail.com<\/span><\/strong><\/a><strong><br \/>\nFacebook : <\/strong><span style=\"color: #008000;\"><a style=\"color: #008000;\" href=\"https:\/\/www.facebook.com\/comitefetesvolonne\/\"><strong>https:\/\/www.facebook.com\/comitefetesvolonne\/<\/strong><\/a><\/span><\/h3>\n<h3><span style=\"color: #808080;\"><strong>Clic ci &#8211; dessous pour conna\u00eetre toutes les autres festivit\u00e9s pr\u00e9vues en 2018:<\/strong><\/span><\/h3>\n<h3><strong><a href=\"https:\/\/drive.google.com\/file\/d\/1-_A11SCmkyL6LmtDrU1ls3Rni3N7VMmW\/view?usp=drive_web\" target=\"_blank\" rel=\"noopener\"><span style=\"color: #008000;\">Le Programme des Festivit\u00e9s 2017-2018<\/span><\/a><\/strong><\/h3>\n","protected":false},"excerpt":{"rendered":"<p>Vendredi 29 juin au lundi 2 juillet 2018 F\u00eate Votive &#8211; Place de la mairie + Cours Jacques Paulon + Rue Heyri\u00e8s + Rue de la R\u00e9publique&#8230; Clic ici pour conna\u00eetre le programme de ces festivit\u00e9s: Organisation et renseignements: Comit\u00e9 des F\u00eates de Volonne 1, Place du Charles de Gaulle &#8211; 04290 VOLONNE Sandra Hugues [&#8230;]<\/p>\n","protected":false},"author":7,"featured_media":0,"template":"","meta":{"_EventAllDay":true,"_EventTimezone":"Europe\/Paris","_EventStartDate":"2018-06-29 00:00:00","_EventEndDate":"2018-07-02 23:59:59","_EventStartDateUTC":"2018-06-28 22:00:00","_EventEndDateUTC":"2018-07-02 21:59:59","_EventShowMap":true,"_EventShowMapLink":true,"_EventURL":"","_EventCost":"0","_EventCostDescription":"","_EventCurrencySymbol":"","_EventCurrencyCode":"","_EventCurrencyPosition":"suffix","_EventDateTimeSeparator":"","_EventTimeRangeSeparator":"","_EventOrganizerID":[],"_EventVenueID":[4896],"_OrganizerEmail":"","_OrganizerPhone":"","_OrganizerWebsite":"","_VenueAddress":"","_VenueCity":"","_VenueCountry":"","_VenueProvince":"","_VenueState":"","_VenueZip":"","_VenuePhone":"","_VenueURL":"","_VenueStateProvince":"","_VenueLat":"","_VenueLng":"","_VenueShowMap":false,"_VenueShowMapLink":false,"jetpack_post_was_ever_published":false,"_tribe_events_status":"","_tribe_events_status_reason":"","footnotes":""},"tags":[],"tribe_events_cat":[],"class_list":["post-4892","tribe_events","type-tribe_events","status-publish","hentry"],"jetpack_sharing_enabled":true,"_links":{"self":[{"href":"https:\/\/www.mairie-volonne.fr\/index.php\/wp-json\/wp\/v2\/tribe_events\/4892","targetHints":{"allow":["GET"]}}],"collection":[{"href":"https:\/\/www.mairie-volonne.fr\/index.php\/wp-json\/wp\/v2\/tribe_events"}],"about":[{"href":"https:\/\/www.mairie-volonne.fr\/index.php\/wp-json\/wp\/v2\/types\/tribe_events"}],"author":[{"embeddable":true,"href":"https:\/\/www.mairie-volonne.fr\/index.php\/wp-json\/wp\/v2\/users\/7"}],"version-history":[{"count":5,"href":"https:\/\/www.mairie-volonne.fr\/index.php\/wp-json\/wp\/v2\/tribe_events\/4892\/revisions"}],"predecessor-version":[{"id":5376,"href":"https:\/\/www.mairie-volonne.fr\/index.php\/wp-json\/wp\/v2\/tribe_events\/4892\/revisions\/5376"}],"wp:attachment":[{"href":"https:\/\/www.mairie-volonne.fr\/index.php\/wp-json\/wp\/v2\/media?parent=4892"}],"wp:term":[{"taxonomy":"post_tag","embeddable":true,"href":"https:\/\/www.mairie-volonne.fr\/index.php\/wp-json\/wp\/v2\/tags?post=4892"},{"taxonomy":"tribe_events_cat","embeddable":true,"href":"https:\/\/www.mairie-volonne.fr\/index.php\/wp-json\/wp\/v2\/tribe_events_cat?post=4892"}],"curies":[{"name":"wp","href":"https:\/\/api.w.org\/{rel}","templated":true}]}}

Du Vendredi 29 juin au lundi 2 juillet 2018 &#8211; Fête Votive &#8211; Place de la mairie &#8211; Volonne

<p>Vendredi 29 juin au lundi 2 juillet 2018 Fête Votive &#8211; Place de la mairie + Cours Jacques Paulon +<br />
Rue Heyriès + Rue de la République&#8230;</p>
<h3><a href="https://goo.gl/YMfjN7" target="_blank" rel="noopener"><span style="color: #008000;"><strong>Clic ici pour connaître le programme de ces festivités:</strong></span></a></h3>
<p><strong>Organisation et renseignements:</strong></p>
<p><strong>Comité des Fêtes de Volonne<br />
1, Place du Charles de Gaulle &#8211; 04290 VOLONNE<br />
Sandra Hugues &#8211; 07 60 05 92 59</strong></p>
<h3><strong>Email : </strong><a href="mailto:cdf.volonne@gmail.com"><strong><span style="color: #008000;">cdf.volonne@gmail.com</span></strong></a><strong><br />
Facebook : </strong><span style="color: #008000;"><a style="color: #008000;" href="https://www.facebook.com/comitefetesvolonne/"><strong>https://www.facebook.com/comitefetesvolonne/</strong></a></span></h3>
<h3><span style="color: #808080;"><strong>Clic ci &#8211; dessous pour connaître toutes les autres festivités prévues en 2018:</strong></span></h3>
<h3><strong><a href="https://drive.google.com/file/d/1-_A11SCmkyL6LmtDrU1ls3Rni3N7VMmW/view?usp=drive_web" target="_blank" rel="noopener"><span style="color: #008000;">Le Programme des Festivités 2017-2018</span></a></strong></h3>

<p>Vendredi 29 juin au lundi 2 juillet 2018 Fête Votive &#8211; Place de la mairie + Cours Jacques Paulon + Rue Heyriès + Rue de la République&#8230; Clic ici pour connaître le programme de ces festivités: Organisation et renseignements: Comité des Fêtes de Volonne 1, Place du Charles de Gaulle &#8211; 04290 VOLONNE Sandra Hugues [&#8230;]</p>
