{"id":3740,"date":"2017-07-26T18:55:24","date_gmt":"2017-07-26T16:55:24","guid":{"rendered":"http:\/\/www.mairie-volonne.fr\/?post_type=tribe_events&#038;p=3740"},"modified":"2017-09-01T17:40:38","modified_gmt":"2017-09-01T15:40:38","slug":"journees-patrimoine-16-17-septembre-2017-dont-theme-jeunesse-patrimoine","status":"publish","type":"tribe_events","link":"https:\/\/www.mairie-volonne.fr\/index.php\/event\/journees-patrimoine-16-17-septembre-2017-dont-theme-jeunesse-patrimoine\/","title":{"rendered":"Les journ\u00e9es du patrimoine dont le th\u00e8me est \u00ab\u00a0Jeunesse et Patrimoine\u00a0\u00bbse tiendront les 16 et 17 septembre 2017."},"content":{"rendered":"<p>La jeunesse sera \u00e0 l&rsquo;honneur pour la 34e \u00e9dition des Journ\u00e9es europ\u00e9ennes du patrimoine:<\/p>\n<h3><a href=\"https:\/\/journeesdupatrimoine.culturecommunication.gouv.fr\/Programme#\/events\/365746\" target=\"_blank\" rel=\"noopener noreferrer\"><span style=\"color: #008000;\"><strong>https:\/\/journeesdupatrimoine.culturecommunication.gouv.fr\/Programme#\/events\/365746<\/strong> <\/span><\/a><\/h3>\n<div id=\"wrapper\">\n<div id=\"main\" class=\"clearfix \">\n<div class=\"fusion-row\">\n<div id=\"content\">\n<article id=\"post-3400\" class=\"post post-3400 type-post status-publish format-standard has-post-thumbnail hentry category-non-classe\">\n<div class=\"post-content\">\n<p>Il sera en outre possible de visiter le village le samedi 16 juin au matin. Rendez-vous au moulin Trabuc pour le d\u00e9part. <strong>Plus d\u2019infos au\u00a0 0684547018.<\/strong><\/p>\n<\/div>\n<\/article>\n<\/div>\n<\/div>\n<\/div>\n<\/div>\n<p>La Pr\u00e9sidente, Cathy Roux et l&rsquo;\u00c9quipe organisatrice lors de\u00a0 l&rsquo;Assembl\u00e9e G\u00e9n\u00e9rale 2017 de l&rsquo;association\u00a0 \u00ab\u00a0la Vieille Pierre\u00a0\u00bb.<\/p>\n<p><img decoding=\"async\" class=\"aligncenter size-full wp-image-3744\" src=\"http:\/\/www.mairie-volonne.fr\/wp-content\/uploads\/2017\/07\/WP_20170526_001.jpg\" alt=\"\" width=\"1632\" height=\"918\" srcset=\"https:\/\/www.mairie-volonne.fr\/wp-content\/uploads\/2017\/07\/WP_20170526_001-200x113.jpg 200w, https:\/\/www.mairie-volonne.fr\/wp-content\/uploads\/2017\/07\/WP_20170526_001-300x169.jpg 300w, https:\/\/www.mairie-volonne.fr\/wp-content\/uploads\/2017\/07\/WP_20170526_001-400x225.jpg 400w, https:\/\/www.mairie-volonne.fr\/wp-content\/uploads\/2017\/07\/WP_20170526_001-600x338.jpg 600w, https:\/\/www.mairie-volonne.fr\/wp-content\/uploads\/2017\/07\/WP_20170526_001-768x432.jpg 768w, https:\/\/www.mairie-volonne.fr\/wp-content\/uploads\/2017\/07\/WP_20170526_001-800x450.jpg 800w, https:\/\/www.mairie-volonne.fr\/wp-content\/uploads\/2017\/07\/WP_20170526_001-1024x576.jpg 1024w, https:\/\/www.mairie-volonne.fr\/wp-content\/uploads\/2017\/07\/WP_20170526_001-1200x675.jpg 1200w, https:\/\/www.mairie-volonne.fr\/wp-content\/uploads\/2017\/07\/WP_20170526_001.jpg 1632w\" sizes=\"(max-width: 1632px) 100vw, 1632px\" \/><\/p>\n<p><span style=\"border-radius: 2px; text-indent: 20px; width: auto; padding: 0px 4px 0px 0px; text-align: center; font: bold 11px\/20px 'Helvetica Neue',Helvetica,sans-serif; color: #ffffff; background: #bd081c no-repeat scroll 3px 50% \/ 14px 14px; position: absolute; opacity: 1; z-index: 8675309; display: none; cursor: pointer; top: 284px; left: 20px;\">Enregistrer<\/span><\/p>\n<p><span style=\"border-radius: 2px; text-indent: 20px; width: auto; padding: 0px 4px 0px 0px; text-align: center; font: bold 11px\/20px 'Helvetica Neue',Helvetica,sans-serif; color: #ffffff; background: #bd081c no-repeat scroll 3px 50% \/ 14px 14px; position: absolute; opacity: 1; z-index: 8675309; display: none; cursor: pointer;\">Enregistrer<\/span><\/p>\n<p><span style=\"border-radius: 2px; text-indent: 20px; width: auto; padding: 0px 4px 0px 0px; text-align: center; font: bold 11px\/20px 'Helvetica Neue',Helvetica,sans-serif; color: #ffffff; background: #bd081c no-repeat scroll 3px 50% \/ 14px 14px; position: absolute; opacity: 1; z-index: 8675309; display: none; cursor: pointer; top: 361px; left: 20px;\">Enregistrer<\/span><\/p>\n<p><span style=\"border-radius: 2px; text-indent: 20px; width: auto; padding: 0px 4px 0px 0px; text-align: center; font: bold 11px\/20px 'Helvetica Neue',Helvetica,sans-serif; color: #ffffff; background: #bd081c  no-repeat scroll 3px 50% \/ 14px 14px; position: absolute; opacity: 1; z-index: 8675309; display: none; cursor: pointer; top: 282px; left: 20px;\">Enregistrer<\/span><\/p>\n","protected":false},"excerpt":{"rendered":"<p>La jeunesse sera \u00e0 l&rsquo;honneur pour la 34e \u00e9dition des Journ\u00e9es europ\u00e9ennes du patrimoine: https:\/\/journeesdupatrimoine.culturecommunication.gouv.fr\/Programme#\/events\/365746 Il sera en outre possible de visiter le village le samedi 16 juin au matin. Rendez-vous au moulin Trabuc pour le d\u00e9part. Plus d\u2019infos au\u00a0 0684547018. La Pr\u00e9sidente, Cathy Roux et l&rsquo;\u00c9quipe organisatrice lors de\u00a0 l&rsquo;Assembl\u00e9e G\u00e9n\u00e9rale 2017 de l&rsquo;association\u00a0 [&#8230;]<\/p>\n","protected":false},"author":7,"featured_media":0,"template":"","meta":{"_EventAllDay":true,"_EventTimezone":"Europe\/Paris","_EventStartDate":"2017-09-16 00:00:00","_EventEndDate":"2017-09-17 23:59:59","_EventStartDateUTC":"2017-09-15 22:00:00","_EventEndDateUTC":"2017-09-17 21:59:59","_EventShowMap":true,"_EventShowMapLink":true,"_EventURL":"catherine.roux-baillet@orange.fr","_EventCost":"0","_EventCostDescription":"","_EventCurrencySymbol":"","_EventCurrencyCode":"","_EventCurrencyPosition":"suffix","_EventDateTimeSeparator":"","_EventTimeRangeSeparator":"","_EventOrganizerID":[3742],"_EventVenueID":[],"_OrganizerEmail":"","_OrganizerPhone":"","_OrganizerWebsite":"","_VenueAddress":"","_VenueCity":"","_VenueCountry":"","_VenueProvince":"","_VenueState":"","_VenueZip":"","_VenuePhone":"","_VenueURL":"","_VenueStateProvince":"","_VenueLat":"","_VenueLng":"","_VenueShowMap":false,"_VenueShowMapLink":false,"jetpack_post_was_ever_published":false,"_tribe_events_status":"","_tribe_events_status_reason":"","footnotes":""},"tags":[],"tribe_events_cat":[],"class_list":["post-3740","tribe_events","type-tribe_events","status-publish","hentry"],"jetpack_sharing_enabled":true,"_links":{"self":[{"href":"https:\/\/www.mairie-volonne.fr\/index.php\/wp-json\/wp\/v2\/tribe_events\/3740","targetHints":{"allow":["GET"]}}],"collection":[{"href":"https:\/\/www.mairie-volonne.fr\/index.php\/wp-json\/wp\/v2\/tribe_events"}],"about":[{"href":"https:\/\/www.mairie-volonne.fr\/index.php\/wp-json\/wp\/v2\/types\/tribe_events"}],"author":[{"embeddable":true,"href":"https:\/\/www.mairie-volonne.fr\/index.php\/wp-json\/wp\/v2\/users\/7"}],"version-history":[{"count":8,"href":"https:\/\/www.mairie-volonne.fr\/index.php\/wp-json\/wp\/v2\/tribe_events\/3740\/revisions"}],"predecessor-version":[{"id":3944,"href":"https:\/\/www.mairie-volonne.fr\/index.php\/wp-json\/wp\/v2\/tribe_events\/3740\/revisions\/3944"}],"wp:attachment":[{"href":"https:\/\/www.mairie-volonne.fr\/index.php\/wp-json\/wp\/v2\/media?parent=3740"}],"wp:term":[{"taxonomy":"post_tag","embeddable":true,"href":"https:\/\/www.mairie-volonne.fr\/index.php\/wp-json\/wp\/v2\/tags?post=3740"},{"taxonomy":"tribe_events_cat","embeddable":true,"href":"https:\/\/www.mairie-volonne.fr\/index.php\/wp-json\/wp\/v2\/tribe_events_cat?post=3740"}],"curies":[{"name":"wp","href":"https:\/\/api.w.org\/{rel}","templated":true}]}}

Les journées du patrimoine dont le thème est « Jeunesse et Patrimoine »se tiendront les 16 et 17 septembre 2017.

<p>La jeunesse sera à l&rsquo;honneur pour la 34e édition des Journées européennes du patrimoine:</p>
<h3><a href="https://journeesdupatrimoine.culturecommunication.gouv.fr/Programme#/events/365746" target="_blank" rel="noopener noreferrer"><span style="color: #008000;"><strong>https://journeesdupatrimoine.culturecommunication.gouv.fr/Programme#/events/365746</strong> </span></a></h3>
<div id="wrapper">
<div id="main" class="clearfix ">
<div class="fusion-row">
<div id="content">
<article id="post-3400" class="post post-3400 type-post status-publish format-standard has-post-thumbnail hentry category-non-classe">
<div class="post-content">
<p>Il sera en outre possible de visiter le village le samedi 16 juin au matin. Rendez-vous au moulin Trabuc pour le départ. <strong>Plus d’infos au  0684547018.</strong></p>
</div>
</article>
</div>
</div>
</div>
</div>
<p>La Présidente, Cathy Roux et l&rsquo;Équipe organisatrice lors de  l&rsquo;Assemblée Générale 2017 de l&rsquo;association  « la Vieille Pierre ».</p>
<p><img decoding="async" class="aligncenter size-full wp-image-3744" src="http://www.mairie-volonne.fr/wp-content/uploads/2017/07/WP_20170526_001.jpg" alt="" width="1632" height="918" srcset="https://www.mairie-volonne.fr/wp-content/uploads/2017/07/WP_20170526_001-200x113.jpg 200w, https://www.mairie-volonne.fr/wp-content/uploads/2017/07/WP_20170526_001-300x169.jpg 300w, https://www.mairie-volonne.fr/wp-content/uploads/2017/07/WP_20170526_001-400x225.jpg 400w, https://www.mairie-volonne.fr/wp-content/uploads/2017/07/WP_20170526_001-600x338.jpg 600w, https://www.mairie-volonne.fr/wp-content/uploads/2017/07/WP_20170526_001-768x432.jpg 768w, https://www.mairie-volonne.fr/wp-content/uploads/2017/07/WP_20170526_001-800x450.jpg 800w, https://www.mairie-volonne.fr/wp-content/uploads/2017/07/WP_20170526_001-1024x576.jpg 1024w, https://www.mairie-volonne.fr/wp-content/uploads/2017/07/WP_20170526_001-1200x675.jpg 1200w, https://www.mairie-volonne.fr/wp-content/uploads/2017/07/WP_20170526_001.jpg 1632w" sizes="(max-width: 1632px) 100vw, 1632px" /></p>
<p><span style="border-radius: 2px; text-indent: 20px; width: auto; padding: 0px 4px 0px 0px; text-align: center; font: bold 11px/20px 'Helvetica Neue',Helvetica,sans-serif; color: #ffffff; background: #bd081c no-repeat scroll 3px 50% / 14px 14px; position: absolute; opacity: 1; z-index: 8675309; display: none; cursor: pointer; top: 284px; left: 20px;">Enregistrer</span></p>
<p><span style="border-radius: 2px; text-indent: 20px; width: auto; padding: 0px 4px 0px 0px; text-align: center; font: bold 11px/20px 'Helvetica Neue',Helvetica,sans-serif; color: #ffffff; background: #bd081c no-repeat scroll 3px 50% / 14px 14px; position: absolute; opacity: 1; z-index: 8675309; display: none; cursor: pointer;">Enregistrer</span></p>
<p><span style="border-radius: 2px; text-indent: 20px; width: auto; padding: 0px 4px 0px 0px; text-align: center; font: bold 11px/20px 'Helvetica Neue',Helvetica,sans-serif; color: #ffffff; background: #bd081c no-repeat scroll 3px 50% / 14px 14px; position: absolute; opacity: 1; z-index: 8675309; display: none; cursor: pointer; top: 361px; left: 20px;">Enregistrer</span></p>
<p><span style="border-radius: 2px; text-indent: 20px; width: auto; padding: 0px 4px 0px 0px; text-align: center; font: bold 11px/20px 'Helvetica Neue',Helvetica,sans-serif; color: #ffffff; background: #bd081c  no-repeat scroll 3px 50% / 14px 14px; position: absolute; opacity: 1; z-index: 8675309; display: none; cursor: pointer; top: 282px; left: 20px;">Enregistrer</span></p>

<p>La jeunesse sera à l&rsquo;honneur pour la 34e édition des Journées européennes du patrimoine: https://journeesdupatrimoine.culturecommunication.gouv.fr/Programme#/events/365746 Il sera en outre possible de visiter le village le samedi 16 juin au matin. Rendez-vous au moulin Trabuc pour le départ. Plus d’infos au  0684547018. La Présidente, Cathy Roux et l&rsquo;Équipe organisatrice lors de  l&rsquo;Assemblée Générale 2017 de l&rsquo;association  [&#8230;]</p>
