{"id":2941,"date":"2017-02-28T15:50:18","date_gmt":"2017-02-28T14:50:18","guid":{"rendered":"http:\/\/www.mairie-volonne.fr\/?post_type=tribe_events&#038;p=2941"},"modified":"2017-02-28T15:55:32","modified_gmt":"2017-02-28T14:55:32","slug":"de-ceremonie-cette-annee-lappel-18-juin-1940-lappel-a-resistance-general-de-gaulle","status":"publish","type":"tribe_events","link":"https:\/\/www.mairie-volonne.fr\/index.php\/event\/de-ceremonie-cette-annee-lappel-18-juin-1940-lappel-a-resistance-general-de-gaulle\/","title":{"rendered":"Pas de c\u00e9r\u00e9monie cette ann\u00e9e pour \u00ab\u00a0l&rsquo;Appel du 18 juin 1940 : l&rsquo;appel \u00e0 la r\u00e9sistance du g\u00e9n\u00e9ral de Gaulle\u00a0\u00bb"},"content":{"rendered":"<p style=\"text-align: center;\">La c\u00e9r\u00e9monie comm\u00e9morative 2017 de<\/p>\n<p style=\"text-align: center;\"><strong>\u00ab\u00a0l&rsquo;Appel du 18 juin 1940 &#8211; l&rsquo;appel \u00e0 la r\u00e9sistance du g\u00e9n\u00e9ral de Gaulle \u00a0\u00bb <\/strong><\/p>\n<h2 style=\"text-align: center;\"><strong>est annul\u00e9e<\/strong><\/h2>\n<h2 style=\"text-align: center;\">cette ann\u00e9e dans le carrefour en raison<\/h2>\n<h2 style=\"text-align: center;\">des \u00e9lections pr\u00e9sidentielles.<strong><br \/>\n<\/strong><\/h2>\n<p style=\"text-align: center;\">(Devoir de r\u00e9serve oblige.)<\/p>\n","protected":false},"excerpt":{"rendered":"<p>La c\u00e9r\u00e9monie comm\u00e9morative 2017 de \u00ab\u00a0l&rsquo;Appel du 18 juin 1940 &#8211; l&rsquo;appel \u00e0 la r\u00e9sistance du g\u00e9n\u00e9ral de Gaulle \u00a0\u00bb est annul\u00e9e cette ann\u00e9e dans le carrefour en raison des \u00e9lections pr\u00e9sidentielles. (Devoir de r\u00e9serve oblige.)<\/p>\n","protected":false},"author":7,"featured_media":0,"template":"","meta":{"_EventAllDay":true,"_EventTimezone":"Europe\/Paris","_EventStartDate":"2017-06-18 00:00:00","_EventEndDate":"2017-06-18 23:59:59","_EventStartDateUTC":"2017-06-17 22:00:00","_EventEndDateUTC":"2017-06-18 21:59:59","_EventShowMap":true,"_EventShowMapLink":true,"_EventURL":"","_EventCost":"","_EventCostDescription":"","_EventCurrencySymbol":"","_EventCurrencyCode":"","_EventCurrencyPosition":"suffix","_EventDateTimeSeparator":"","_EventTimeRangeSeparator":"","_EventOrganizerID":[1855],"_EventVenueID":[],"_OrganizerEmail":"","_OrganizerPhone":"","_OrganizerWebsite":"","_VenueAddress":"","_VenueCity":"","_VenueCountry":"","_VenueProvince":"","_VenueState":"","_VenueZip":"","_VenuePhone":"","_VenueURL":"","_VenueStateProvince":"","_VenueLat":"","_VenueLng":"","_VenueShowMap":false,"_VenueShowMapLink":false,"jetpack_post_was_ever_published":false,"_tribe_events_status":"","_tribe_events_status_reason":"","footnotes":""},"tags":[],"tribe_events_cat":[],"class_list":["post-2941","tribe_events","type-tribe_events","status-publish","hentry"],"jetpack_sharing_enabled":true,"_links":{"self":[{"href":"https:\/\/www.mairie-volonne.fr\/index.php\/wp-json\/wp\/v2\/tribe_events\/2941","targetHints":{"allow":["GET"]}}],"collection":[{"href":"https:\/\/www.mairie-volonne.fr\/index.php\/wp-json\/wp\/v2\/tribe_events"}],"about":[{"href":"https:\/\/www.mairie-volonne.fr\/index.php\/wp-json\/wp\/v2\/types\/tribe_events"}],"author":[{"embeddable":true,"href":"https:\/\/www.mairie-volonne.fr\/index.php\/wp-json\/wp\/v2\/users\/7"}],"version-history":[{"count":4,"href":"https:\/\/www.mairie-volonne.fr\/index.php\/wp-json\/wp\/v2\/tribe_events\/2941\/revisions"}],"predecessor-version":[{"id":2946,"href":"https:\/\/www.mairie-volonne.fr\/index.php\/wp-json\/wp\/v2\/tribe_events\/2941\/revisions\/2946"}],"wp:attachment":[{"href":"https:\/\/www.mairie-volonne.fr\/index.php\/wp-json\/wp\/v2\/media?parent=2941"}],"wp:term":[{"taxonomy":"post_tag","embeddable":true,"href":"https:\/\/www.mairie-volonne.fr\/index.php\/wp-json\/wp\/v2\/tags?post=2941"},{"taxonomy":"tribe_events_cat","embeddable":true,"href":"https:\/\/www.mairie-volonne.fr\/index.php\/wp-json\/wp\/v2\/tribe_events_cat?post=2941"}],"curies":[{"name":"wp","href":"https:\/\/api.w.org\/{rel}","templated":true}]}}

Pas de cérémonie cette année pour « l&rsquo;Appel du 18 juin 1940 : l&rsquo;appel à la résistance du général de Gaulle »

<p style="text-align: center;">La cérémonie commémorative 2017 de</p>
<p style="text-align: center;"><strong>« l&rsquo;Appel du 18 juin 1940 &#8211; l&rsquo;appel à la résistance du général de Gaulle  » </strong></p>
<h2 style="text-align: center;"><strong>est annulée</strong></h2>
<h2 style="text-align: center;">cette année dans le carrefour en raison</h2>
<h2 style="text-align: center;">des élections présidentielles.<strong><br />
</strong></h2>
<p style="text-align: center;">(Devoir de réserve oblige.)</p>

<p>La cérémonie commémorative 2017 de « l&rsquo;Appel du 18 juin 1940 &#8211; l&rsquo;appel à la résistance du général de Gaulle  » est annulée cette année dans le carrefour en raison des élections présidentielles. (Devoir de réserve oblige.)</p>
