{"id":2867,"date":"2017-02-17T18:28:10","date_gmt":"2017-02-17T17:28:10","guid":{"rendered":"http:\/\/www.mairie-volonne.fr\/?post_type=tribe_events&#038;p=2867"},"modified":"2017-02-17T18:28:10","modified_gmt":"2017-02-17T17:28:10","slug":"expo-artistes-liberte-2207-5082017-espace-dame","status":"publish","type":"tribe_events","link":"https:\/\/www.mairie-volonne.fr\/index.php\/event\/expo-artistes-liberte-2207-5082017-espace-dame\/","title":{"rendered":"Expo Artistes en Libert\u00e9 du 22\/07 au 5\/08\/2017 &#8211; Espace Notre Dame"},"content":{"rendered":"<p style=\"text-align: center;\">L\u2019exposition \u00ab\u00a0Artistes en Libert\u00e9\u00a0\u00bb se tiendra cette ann\u00e9e \u00e0 l&rsquo;Espace Notre Dame du 22\/07 au 05\/08.<\/p>\n<p style=\"text-align: center;\">Cette exposition donnera cette ann\u00e9e un accent particulier aux artistes du village.<\/p>\n<p style=\"text-align: center;\">Pour tous renseignements t\u00e9l \u00e0 Jeannette Virot:\u00a0 0492640325\u00a0\u00a0 ou\u00a0\u00a0 0676260216 &#8211;<\/p>\n<p style=\"text-align: center;\">ou \u00e9crire \u00e0: \u00a0<a href=\"mailto:danielle.david57@sfr.fr\">danielle.david57@sfr.fr <\/a><\/p>\n","protected":false},"excerpt":{"rendered":"<p>L\u2019exposition \u00ab\u00a0Artistes en Libert\u00e9\u00a0\u00bb se tiendra cette ann\u00e9e \u00e0 l&rsquo;Espace Notre Dame du 22\/07 au 05\/08. Cette exposition donnera cette ann\u00e9e un accent particulier aux artistes du village. Pour tous renseignements t\u00e9l \u00e0 Jeannette Virot:\u00a0 0492640325\u00a0\u00a0 ou\u00a0\u00a0 0676260216 &#8211; ou \u00e9crire \u00e0: \u00a0danielle.david57@sfr.fr<\/p>\n","protected":false},"author":7,"featured_media":0,"template":"","meta":{"_EventAllDay":false,"_EventTimezone":"Europe\/Paris","_EventStartDate":"2017-02-17 08:00:00","_EventEndDate":"2017-02-17 17:00:00","_EventStartDateUTC":"2017-02-17 07:00:00","_EventEndDateUTC":"2017-02-17 16:00:00","_EventShowMap":true,"_EventShowMapLink":true,"_EventURL":"","_EventCost":"","_EventCostDescription":"","_EventCurrencySymbol":"","_EventCurrencyCode":"","_EventCurrencyPosition":"suffix","_EventDateTimeSeparator":"","_EventTimeRangeSeparator":"","_EventOrganizerID":[],"_EventVenueID":[],"_OrganizerEmail":"","_OrganizerPhone":"","_OrganizerWebsite":"","_VenueAddress":"","_VenueCity":"","_VenueCountry":"","_VenueProvince":"","_VenueState":"","_VenueZip":"","_VenuePhone":"","_VenueURL":"","_VenueStateProvince":"","_VenueLat":"","_VenueLng":"","_VenueShowMap":false,"_VenueShowMapLink":false,"jetpack_post_was_ever_published":false,"_tribe_events_status":"","_tribe_events_status_reason":"","footnotes":""},"tags":[],"tribe_events_cat":[],"class_list":["post-2867","tribe_events","type-tribe_events","status-publish","hentry"],"jetpack_sharing_enabled":true,"_links":{"self":[{"href":"https:\/\/www.mairie-volonne.fr\/index.php\/wp-json\/wp\/v2\/tribe_events\/2867","targetHints":{"allow":["GET"]}}],"collection":[{"href":"https:\/\/www.mairie-volonne.fr\/index.php\/wp-json\/wp\/v2\/tribe_events"}],"about":[{"href":"https:\/\/www.mairie-volonne.fr\/index.php\/wp-json\/wp\/v2\/types\/tribe_events"}],"author":[{"embeddable":true,"href":"https:\/\/www.mairie-volonne.fr\/index.php\/wp-json\/wp\/v2\/users\/7"}],"version-history":[{"count":1,"href":"https:\/\/www.mairie-volonne.fr\/index.php\/wp-json\/wp\/v2\/tribe_events\/2867\/revisions"}],"predecessor-version":[{"id":2868,"href":"https:\/\/www.mairie-volonne.fr\/index.php\/wp-json\/wp\/v2\/tribe_events\/2867\/revisions\/2868"}],"wp:attachment":[{"href":"https:\/\/www.mairie-volonne.fr\/index.php\/wp-json\/wp\/v2\/media?parent=2867"}],"wp:term":[{"taxonomy":"post_tag","embeddable":true,"href":"https:\/\/www.mairie-volonne.fr\/index.php\/wp-json\/wp\/v2\/tags?post=2867"},{"taxonomy":"tribe_events_cat","embeddable":true,"href":"https:\/\/www.mairie-volonne.fr\/index.php\/wp-json\/wp\/v2\/tribe_events_cat?post=2867"}],"curies":[{"name":"wp","href":"https:\/\/api.w.org\/{rel}","templated":true}]}}

Expo Artistes en Liberté du 22/07 au 5/08/2017 &#8211; Espace Notre Dame

<p style="text-align: center;">L’exposition « Artistes en Liberté » se tiendra cette année à l&rsquo;Espace Notre Dame du 22/07 au 05/08.</p>
<p style="text-align: center;">Cette exposition donnera cette année un accent particulier aux artistes du village.</p>
<p style="text-align: center;">Pour tous renseignements tél à Jeannette Virot:  0492640325   ou   0676260216 &#8211;</p>
<p style="text-align: center;">ou écrire à:  <a href="mailto:danielle.david57@sfr.fr">danielle.david57@sfr.fr </a></p>

<p>L’exposition « Artistes en Liberté » se tiendra cette année à l&rsquo;Espace Notre Dame du 22/07 au 05/08. Cette exposition donnera cette année un accent particulier aux artistes du village. Pour tous renseignements tél à Jeannette Virot:  0492640325   ou   0676260216 &#8211; ou écrire à:  danielle.david57@sfr.fr</p>
