{"id":1986,"date":"2016-10-05T18:18:07","date_gmt":"2016-10-05T16:18:07","guid":{"rendered":"http:\/\/www.mairie-volonne.fr\/?post_type=tribe_events&#038;p=1986"},"modified":"2016-10-05T18:18:30","modified_gmt":"2016-10-05T16:18:30","slug":"theatre-lescale-profit-de-ligue-contre-cancer","status":"publish","type":"tribe_events","link":"https:\/\/www.mairie-volonne.fr\/index.php\/event\/theatre-lescale-profit-de-ligue-contre-cancer\/","title":{"rendered":"Th\u00e9\u00e2tre L&rsquo;Escale &#8211; au profit de la ligue contre le cancer"},"content":{"rendered":"<p>Les \u00ab\u00a0Malfoutugassais\u00a0\u00bb pr\u00e9sentent le <strong>\u00ab\u00a0Mental de la Reine\u00a0\u00bb<\/strong> au th\u00e9\u00e2tre \u00e0 l&rsquo;Escale &#8211;<\/p>\n<p>le samedi\u00a0 15 octobre \u00e0\u00a0 20h30 \u00e0 la MAC.\u00a0\u00a0 Com\u00e9die-fable sur le pouvoir de Victor Ha\u00efm.<\/p>\n<p>Pour plus d&rsquo;infos :\u00a0\u00a0<strong> <a href=\"http:\/\/www.mairie-volonne.fr\/wp-content\/uploads\/2016\/10\/Affiche-mental-de-la-reine-LEscale-Couleur1.pdf\">affiche-mental-de-la-reine-lescale-couleur<\/a><\/strong><\/p>\n<p>Participation libre.<\/p>\n","protected":false},"excerpt":{"rendered":"<p>Les \u00ab\u00a0Malfoutugassais\u00a0\u00bb pr\u00e9sentent le \u00ab\u00a0Mental de la Reine\u00a0\u00bb au th\u00e9\u00e2tre \u00e0 l&rsquo;Escale &#8211; le samedi\u00a0 15 octobre \u00e0\u00a0 20h30 \u00e0 la MAC.\u00a0\u00a0 Com\u00e9die-fable sur le pouvoir de Victor Ha\u00efm. Pour plus d&rsquo;infos :\u00a0\u00a0 affiche-mental-de-la-reine-lescale-couleur Participation libre.<\/p>\n","protected":false},"author":7,"featured_media":0,"template":"","meta":{"_EventAllDay":false,"_EventTimezone":"Europe\/Paris","_EventStartDate":"2016-10-15 20:30:00","_EventEndDate":"2016-10-15 22:30:00","_EventStartDateUTC":"2016-10-15 18:30:00","_EventEndDateUTC":"2016-10-15 20:30:00","_EventShowMap":true,"_EventShowMapLink":true,"_EventURL":"","_EventCost":"","_EventCostDescription":"","_EventCurrencySymbol":"","_EventCurrencyCode":"","_EventCurrencyPosition":"suffix","_EventDateTimeSeparator":"","_EventTimeRangeSeparator":"","_EventOrganizerID":[1992],"_EventVenueID":[1991],"_OrganizerEmail":"","_OrganizerPhone":"","_OrganizerWebsite":"","_VenueAddress":"","_VenueCity":"","_VenueCountry":"","_VenueProvince":"","_VenueState":"","_VenueZip":"","_VenuePhone":"","_VenueURL":"","_VenueStateProvince":"","_VenueLat":"","_VenueLng":"","_VenueShowMap":false,"_VenueShowMapLink":false,"jetpack_post_was_ever_published":false,"_tribe_events_status":"","_tribe_events_status_reason":"","footnotes":""},"tags":[],"tribe_events_cat":[],"class_list":["post-1986","tribe_events","type-tribe_events","status-publish","hentry"],"jetpack_sharing_enabled":true,"_links":{"self":[{"href":"https:\/\/www.mairie-volonne.fr\/index.php\/wp-json\/wp\/v2\/tribe_events\/1986","targetHints":{"allow":["GET"]}}],"collection":[{"href":"https:\/\/www.mairie-volonne.fr\/index.php\/wp-json\/wp\/v2\/tribe_events"}],"about":[{"href":"https:\/\/www.mairie-volonne.fr\/index.php\/wp-json\/wp\/v2\/types\/tribe_events"}],"author":[{"embeddable":true,"href":"https:\/\/www.mairie-volonne.fr\/index.php\/wp-json\/wp\/v2\/users\/7"}],"version-history":[{"count":1,"href":"https:\/\/www.mairie-volonne.fr\/index.php\/wp-json\/wp\/v2\/tribe_events\/1986\/revisions"}],"predecessor-version":[{"id":1988,"href":"https:\/\/www.mairie-volonne.fr\/index.php\/wp-json\/wp\/v2\/tribe_events\/1986\/revisions\/1988"}],"wp:attachment":[{"href":"https:\/\/www.mairie-volonne.fr\/index.php\/wp-json\/wp\/v2\/media?parent=1986"}],"wp:term":[{"taxonomy":"post_tag","embeddable":true,"href":"https:\/\/www.mairie-volonne.fr\/index.php\/wp-json\/wp\/v2\/tags?post=1986"},{"taxonomy":"tribe_events_cat","embeddable":true,"href":"https:\/\/www.mairie-volonne.fr\/index.php\/wp-json\/wp\/v2\/tribe_events_cat?post=1986"}],"curies":[{"name":"wp","href":"https:\/\/api.w.org\/{rel}","templated":true}]}}

Théâtre L&rsquo;Escale &#8211; au profit de la ligue contre le cancer

<p>Les « Malfoutugassais » présentent le <strong>« Mental de la Reine »</strong> au théâtre à l&rsquo;Escale &#8211;</p>
<p>le samedi  15 octobre à  20h30 à la MAC.   Comédie-fable sur le pouvoir de Victor Haïm.</p>
<p>Pour plus d&rsquo;infos :  <strong> <a href="http://www.mairie-volonne.fr/wp-content/uploads/2016/10/Affiche-mental-de-la-reine-LEscale-Couleur1.pdf">affiche-mental-de-la-reine-lescale-couleur</a></strong></p>
<p>Participation libre.</p>

<p>Les « Malfoutugassais » présentent le « Mental de la Reine » au théâtre à l&rsquo;Escale &#8211; le samedi  15 octobre à  20h30 à la MAC.   Comédie-fable sur le pouvoir de Victor Haïm. Pour plus d&rsquo;infos :   affiche-mental-de-la-reine-lescale-couleur Participation libre.</p>
