{"id":1872,"date":"2016-09-10T21:23:22","date_gmt":"2016-09-10T19:23:22","guid":{"rendered":"http:\/\/www.mairie-volonne.fr\/?post_type=tribe_events&#038;p=1872"},"modified":"2016-12-18T19:05:11","modified_gmt":"2016-12-18T18:05:11","slug":"voeux-de-mairie-de-volonne","status":"publish","type":"tribe_events","link":"https:\/\/www.mairie-volonne.fr\/index.php\/event\/voeux-de-mairie-de-volonne\/","title":{"rendered":"Les V\u0153ux pour 2017 de la Mairie de Volonne"},"content":{"rendered":"<p style=\"text-align: center;\"><strong>11\/01\/2017 &#8211; 18h30 :<\/strong> v\u0153ux de la municipalit\u00e9 de Volonne &#8211; Espace Notre-Dame.<\/p>\n<p style=\"text-align: center;\">Un moment important de convivialit\u00e9 que nous souhaitons partager avec vous.<img decoding=\"async\" class=\"aligncenter size-full wp-image-2539\" src=\"http:\/\/www.mairie-volonne.fr\/wp-content\/uploads\/2016\/12\/carte-de-voeux2017-JPEG-1.jpg\" alt=\"carte-de-voeux2017-jpeg\" width=\"1240\" height=\"1754\" srcset=\"https:\/\/www.mairie-volonne.fr\/wp-content\/uploads\/2016\/12\/carte-de-voeux2017-JPEG-1-200x283.jpg 200w, https:\/\/www.mairie-volonne.fr\/wp-content\/uploads\/2016\/12\/carte-de-voeux2017-JPEG-1-212x300.jpg 212w, https:\/\/www.mairie-volonne.fr\/wp-content\/uploads\/2016\/12\/carte-de-voeux2017-JPEG-1-400x566.jpg 400w, https:\/\/www.mairie-volonne.fr\/wp-content\/uploads\/2016\/12\/carte-de-voeux2017-JPEG-1-600x849.jpg 600w, https:\/\/www.mairie-volonne.fr\/wp-content\/uploads\/2016\/12\/carte-de-voeux2017-JPEG-1-724x1024.jpg 724w, https:\/\/www.mairie-volonne.fr\/wp-content\/uploads\/2016\/12\/carte-de-voeux2017-JPEG-1-768x1086.jpg 768w, https:\/\/www.mairie-volonne.fr\/wp-content\/uploads\/2016\/12\/carte-de-voeux2017-JPEG-1-800x1132.jpg 800w, https:\/\/www.mairie-volonne.fr\/wp-content\/uploads\/2016\/12\/carte-de-voeux2017-JPEG-1-1200x1697.jpg 1200w, https:\/\/www.mairie-volonne.fr\/wp-content\/uploads\/2016\/12\/carte-de-voeux2017-JPEG-1.jpg 1240w\" sizes=\"(max-width: 1240px) 100vw, 1240px\" \/><\/p>\n","protected":false},"excerpt":{"rendered":"<p>11\/01\/2017 &#8211; 18h30 : v\u0153ux de la municipalit\u00e9 de Volonne &#8211; Espace Notre-Dame. Un moment important de convivialit\u00e9 que nous souhaitons partager avec vous.<\/p>\n","protected":false},"author":7,"featured_media":0,"template":"","meta":{"_EventAllDay":false,"_EventTimezone":"Europe\/Paris","_EventStartDate":"2017-01-11 18:30:00","_EventEndDate":"2017-01-11 20:30:00","_EventStartDateUTC":"2017-01-11 17:30:00","_EventEndDateUTC":"2017-01-11 19:30:00","_EventShowMap":true,"_EventShowMapLink":true,"_EventURL":"","_EventCost":"","_EventCostDescription":"","_EventCurrencySymbol":"","_EventCurrencyCode":"","_EventCurrencyPosition":"suffix","_EventDateTimeSeparator":"","_EventTimeRangeSeparator":"","_EventOrganizerID":[],"_EventVenueID":[1860],"_OrganizerEmail":"","_OrganizerPhone":"","_OrganizerWebsite":"","_VenueAddress":"","_VenueCity":"","_VenueCountry":"","_VenueProvince":"","_VenueState":"","_VenueZip":"","_VenuePhone":"","_VenueURL":"","_VenueStateProvince":"","_VenueLat":"","_VenueLng":"","_VenueShowMap":false,"_VenueShowMapLink":false,"jetpack_post_was_ever_published":false,"_tribe_events_status":"","_tribe_events_status_reason":"","footnotes":""},"tags":[],"tribe_events_cat":[],"class_list":["post-1872","tribe_events","type-tribe_events","status-publish","hentry"],"jetpack_sharing_enabled":true,"_links":{"self":[{"href":"https:\/\/www.mairie-volonne.fr\/index.php\/wp-json\/wp\/v2\/tribe_events\/1872","targetHints":{"allow":["GET"]}}],"collection":[{"href":"https:\/\/www.mairie-volonne.fr\/index.php\/wp-json\/wp\/v2\/tribe_events"}],"about":[{"href":"https:\/\/www.mairie-volonne.fr\/index.php\/wp-json\/wp\/v2\/types\/tribe_events"}],"author":[{"embeddable":true,"href":"https:\/\/www.mairie-volonne.fr\/index.php\/wp-json\/wp\/v2\/users\/7"}],"version-history":[{"count":6,"href":"https:\/\/www.mairie-volonne.fr\/index.php\/wp-json\/wp\/v2\/tribe_events\/1872\/revisions"}],"predecessor-version":[{"id":2542,"href":"https:\/\/www.mairie-volonne.fr\/index.php\/wp-json\/wp\/v2\/tribe_events\/1872\/revisions\/2542"}],"wp:attachment":[{"href":"https:\/\/www.mairie-volonne.fr\/index.php\/wp-json\/wp\/v2\/media?parent=1872"}],"wp:term":[{"taxonomy":"post_tag","embeddable":true,"href":"https:\/\/www.mairie-volonne.fr\/index.php\/wp-json\/wp\/v2\/tags?post=1872"},{"taxonomy":"tribe_events_cat","embeddable":true,"href":"https:\/\/www.mairie-volonne.fr\/index.php\/wp-json\/wp\/v2\/tribe_events_cat?post=1872"}],"curies":[{"name":"wp","href":"https:\/\/api.w.org\/{rel}","templated":true}]}}

Les Vœux pour 2017 de la Mairie de Volonne

<p style="text-align: center;"><strong>11/01/2017 &#8211; 18h30 :</strong> vœux de la municipalité de Volonne &#8211; Espace Notre-Dame.</p>
<p style="text-align: center;">Un moment important de convivialité que nous souhaitons partager avec vous.<img decoding="async" class="aligncenter size-full wp-image-2539" src="http://www.mairie-volonne.fr/wp-content/uploads/2016/12/carte-de-voeux2017-JPEG-1.jpg" alt="carte-de-voeux2017-jpeg" width="1240" height="1754" srcset="https://www.mairie-volonne.fr/wp-content/uploads/2016/12/carte-de-voeux2017-JPEG-1-200x283.jpg 200w, https://www.mairie-volonne.fr/wp-content/uploads/2016/12/carte-de-voeux2017-JPEG-1-212x300.jpg 212w, https://www.mairie-volonne.fr/wp-content/uploads/2016/12/carte-de-voeux2017-JPEG-1-400x566.jpg 400w, https://www.mairie-volonne.fr/wp-content/uploads/2016/12/carte-de-voeux2017-JPEG-1-600x849.jpg 600w, https://www.mairie-volonne.fr/wp-content/uploads/2016/12/carte-de-voeux2017-JPEG-1-724x1024.jpg 724w, https://www.mairie-volonne.fr/wp-content/uploads/2016/12/carte-de-voeux2017-JPEG-1-768x1086.jpg 768w, https://www.mairie-volonne.fr/wp-content/uploads/2016/12/carte-de-voeux2017-JPEG-1-800x1132.jpg 800w, https://www.mairie-volonne.fr/wp-content/uploads/2016/12/carte-de-voeux2017-JPEG-1-1200x1697.jpg 1200w, https://www.mairie-volonne.fr/wp-content/uploads/2016/12/carte-de-voeux2017-JPEG-1.jpg 1240w" sizes="(max-width: 1240px) 100vw, 1240px" /></p>

<p>11/01/2017 &#8211; 18h30 : vœux de la municipalité de Volonne &#8211; Espace Notre-Dame. Un moment important de convivialité que nous souhaitons partager avec vous.</p>
