{"id":11004,"date":"2021-03-10T18:57:18","date_gmt":"2021-03-10T17:57:18","guid":{"rendered":"https:\/\/www.mairie-volonne.fr\/?post_type=tribe_events&#038;p=11004"},"modified":"2021-07-06T09:22:24","modified_gmt":"2021-07-06T07:22:24","slug":"fete-medievale-le-29-07-et-le-1er-08","status":"publish","type":"tribe_events","link":"https:\/\/www.mairie-volonne.fr\/index.php\/event\/fete-medievale-le-29-07-et-le-1er-08\/","title":{"rendered":"F\u00caTE M\u00c9DI\u00c9VALE le 31\/07 et le 1er\/08. \u00ab Oyez, oyez, Gentes Dames, Damoiselles et Damoiseaux \u00bb,\u00a0notez ce RDV incontournable \u00e0 Volonne de l\u2019\u00e9t\u00e9\u00a0!"},"content":{"rendered":"<p><strong>F\u00eate M\u00e9di\u00e9vale le 31\/07 de 15h \u00e0 minuit et le 1er\/08 de 10h \u00e0 19h.<\/strong><\/p>\n<p><em style=\"color: #ff6600;\">\u00ab Oyez, oyez, Gentes Dames, Damoiselles et Damoiseaux \u00bb,<\/em><strong style=\"color: #ff6600;\">\u00a0notez ce RDV incontournable \u00e0 Volonne de l\u2019\u00e9t\u00e9\u00a0!<\/strong><\/p>\n<p>Pour en savoir plus sur cette f\u00eate et ses nombreuses animations,<\/p>\n<p>T\u00e9l\u00e9phoner \u00e0:\u00a0 <strong>Mr Jean-Philippe Bravay:\u00a0<\/strong> 06 73 67 57 25 ou<\/p>\n<p><strong>Mme G\u00e9ranton Chantal:<\/strong>\u00a006 50 75 12 27 ou 04 92 64 17 64<\/p>\n<p><strong>Monique Revelli:<\/strong> 04 92 64 30 38\u00a0 ou \u00e0 la mairie.<\/p>\n<p><strong><span style=\"color: #ff6600;\">( mais le mieux est de s&rsquo;y rendre. Vous ne regretterez pas ce moment de divertissement!)<\/span><\/strong><\/p>\n<p><img decoding=\"async\" class=\"size-full wp-image-11472 alignleft\" src=\"https:\/\/www.mairie-volonne.fr\/wp-content\/uploads\/2021\/07\/Les-tanneurs-du-Drac-b-e1625519296994.jpg\" alt=\"\" width=\"814\" height=\"470\" \/><\/p>\n<p><img decoding=\"async\" class=\"size-full wp-image-11437 alignleft\" src=\"https:\/\/www.mairie-volonne.fr\/wp-content\/uploads\/2021\/03\/Affiche-a-imprimer-e1625390803736.jpg\" alt=\"\" width=\"840\" height=\"1188\" \/><\/p>\n<p>&nbsp;<\/p>\n<p>&nbsp;<\/p>\n<p>&nbsp;<\/p>\n<p>&nbsp;<\/p>\n<p>&nbsp;<\/p>\n<p>&nbsp;<\/p>\n<p>&nbsp;<\/p>\n<p>&nbsp;<\/p>\n<p>&nbsp;<\/p>\n<p>&nbsp;<\/p>\n<p>&nbsp;<\/p>\n<p>&nbsp;<\/p>\n<p>&nbsp;<\/p>\n<p>&nbsp;<\/p>\n<p>&nbsp;<\/p>\n<p>&nbsp;<\/p>\n<p>&nbsp;<\/p>\n<p>&nbsp;<\/p>\n<p>&nbsp;<\/p>\n<p>&nbsp;<\/p>\n<p>&nbsp;<\/p>\n<p>&nbsp;<\/p>\n<p>&nbsp;<\/p>\n<p>&nbsp;<\/p>\n<p>&nbsp;<\/p>\n<p>&nbsp;<\/p>\n<p>&nbsp;<\/p>\n<p>&nbsp;<\/p>\n<p>&nbsp;<\/p>\n<p>&nbsp;<\/p>\n<p>&nbsp;<\/p>\n","protected":false},"excerpt":{"rendered":"<p>F\u00eate M\u00e9di\u00e9vale le 31\/07 de 15h \u00e0 minuit et le 1er\/08 de 10h \u00e0 19h. \u00ab Oyez, oyez, Gentes Dames, Damoiselles et Damoiseaux \u00bb,\u00a0notez ce RDV incontournable \u00e0 Volonne de l\u2019\u00e9t\u00e9\u00a0! Pour en savoir plus sur cette f\u00eate et ses nombreuses animations, T\u00e9l\u00e9phoner \u00e0:\u00a0 Mr Jean-Philippe Bravay:\u00a0 06 73 67 57 25 ou Mme G\u00e9ranton [&#8230;]<\/p>\n","protected":false},"author":7,"featured_media":11429,"template":"","meta":{"_EventAllDay":true,"_EventTimezone":"Europe\/Paris","_EventStartDate":"2021-07-31 00:00:00","_EventEndDate":"2021-08-01 23:59:59","_EventStartDateUTC":"2021-07-30 22:00:00","_EventEndDateUTC":"2021-08-01 21:59:59","_EventShowMap":true,"_EventShowMapLink":true,"_EventURL":"","_EventCost":"0","_EventCostDescription":"","_EventCurrencySymbol":"","_EventCurrencyCode":"","_EventCurrencyPosition":"suffix","_EventDateTimeSeparator":"","_EventTimeRangeSeparator":"","_EventOrganizerID":[5240,2102],"_EventVenueID":[2037],"_OrganizerEmail":"","_OrganizerPhone":"","_OrganizerWebsite":"","_VenueAddress":"","_VenueCity":"","_VenueCountry":"","_VenueProvince":"","_VenueState":"","_VenueZip":"","_VenuePhone":"","_VenueURL":"","_VenueStateProvince":"","_VenueLat":"","_VenueLng":"","_VenueShowMap":false,"_VenueShowMapLink":false,"jetpack_post_was_ever_published":false,"_tribe_events_status":"","_tribe_events_status_reason":"","footnotes":""},"tags":[],"tribe_events_cat":[],"class_list":["post-11004","tribe_events","type-tribe_events","status-publish","has-post-thumbnail","hentry"],"jetpack_sharing_enabled":true,"_links":{"self":[{"href":"https:\/\/www.mairie-volonne.fr\/index.php\/wp-json\/wp\/v2\/tribe_events\/11004","targetHints":{"allow":["GET"]}}],"collection":[{"href":"https:\/\/www.mairie-volonne.fr\/index.php\/wp-json\/wp\/v2\/tribe_events"}],"about":[{"href":"https:\/\/www.mairie-volonne.fr\/index.php\/wp-json\/wp\/v2\/types\/tribe_events"}],"author":[{"embeddable":true,"href":"https:\/\/www.mairie-volonne.fr\/index.php\/wp-json\/wp\/v2\/users\/7"}],"version-history":[{"count":20,"href":"https:\/\/www.mairie-volonne.fr\/index.php\/wp-json\/wp\/v2\/tribe_events\/11004\/revisions"}],"predecessor-version":[{"id":11480,"href":"https:\/\/www.mairie-volonne.fr\/index.php\/wp-json\/wp\/v2\/tribe_events\/11004\/revisions\/11480"}],"wp:featuredmedia":[{"embeddable":true,"href":"https:\/\/www.mairie-volonne.fr\/index.php\/wp-json\/wp\/v2\/media\/11429"}],"wp:attachment":[{"href":"https:\/\/www.mairie-volonne.fr\/index.php\/wp-json\/wp\/v2\/media?parent=11004"}],"wp:term":[{"taxonomy":"post_tag","embeddable":true,"href":"https:\/\/www.mairie-volonne.fr\/index.php\/wp-json\/wp\/v2\/tags?post=11004"},{"taxonomy":"tribe_events_cat","embeddable":true,"href":"https:\/\/www.mairie-volonne.fr\/index.php\/wp-json\/wp\/v2\/tribe_events_cat?post=11004"}],"curies":[{"name":"wp","href":"https:\/\/api.w.org\/{rel}","templated":true}]}}

FÊTE MÉDIÉVALE le 31/07 et le 1er/08. « Oyez, oyez, Gentes Dames, Damoiselles et Damoiseaux », notez ce RDV incontournable à Volonne de l’été !

<p><strong>Fête Médiévale le 31/07 de 15h à minuit et le 1er/08 de 10h à 19h.</strong></p>
<p><em style="color: #ff6600;">« Oyez, oyez, Gentes Dames, Damoiselles et Damoiseaux »,</em><strong style="color: #ff6600;"> notez ce RDV incontournable à Volonne de l’été !</strong></p>
<p>Pour en savoir plus sur cette fête et ses nombreuses animations,</p>
<p>Téléphoner à:  <strong>Mr Jean-Philippe Bravay: </strong> 06 73 67 57 25 ou</p>
<p><strong>Mme Géranton Chantal:</strong> 06 50 75 12 27 ou 04 92 64 17 64</p>
<p><strong>Monique Revelli:</strong> 04 92 64 30 38  ou à la mairie.</p>
<p><strong><span style="color: #ff6600;">( mais le mieux est de s&rsquo;y rendre. Vous ne regretterez pas ce moment de divertissement!)</span></strong></p>
<p><img decoding="async" class="size-full wp-image-11472 alignleft" src="https://www.mairie-volonne.fr/wp-content/uploads/2021/07/Les-tanneurs-du-Drac-b-e1625519296994.jpg" alt="" width="814" height="470" /></p>
<p><img decoding="async" class="size-full wp-image-11437 alignleft" src="https://www.mairie-volonne.fr/wp-content/uploads/2021/03/Affiche-a-imprimer-e1625390803736.jpg" alt="" width="840" height="1188" /></p>
<p>&nbsp;</p>
<p>&nbsp;</p>
<p>&nbsp;</p>
<p>&nbsp;</p>
<p>&nbsp;</p>
<p>&nbsp;</p>
<p>&nbsp;</p>
<p>&nbsp;</p>
<p>&nbsp;</p>
<p>&nbsp;</p>
<p>&nbsp;</p>
<p>&nbsp;</p>
<p>&nbsp;</p>
<p>&nbsp;</p>
<p>&nbsp;</p>
<p>&nbsp;</p>
<p>&nbsp;</p>
<p>&nbsp;</p>
<p>&nbsp;</p>
<p>&nbsp;</p>
<p>&nbsp;</p>
<p>&nbsp;</p>
<p>&nbsp;</p>
<p>&nbsp;</p>
<p>&nbsp;</p>
<p>&nbsp;</p>
<p>&nbsp;</p>
<p>&nbsp;</p>
<p>&nbsp;</p>
<p>&nbsp;</p>
<p>&nbsp;</p>

<p>Fête Médiévale le 31/07 de 15h à minuit et le 1er/08 de 10h à 19h. « Oyez, oyez, Gentes Dames, Damoiselles et Damoiseaux », notez ce RDV incontournable à Volonne de l’été ! Pour en savoir plus sur cette fête et ses nombreuses animations, Téléphoner à:  Mr Jean-Philippe Bravay:  06 73 67 57 25 ou Mme Géranton [&#8230;]</p>
