{"id":549,"date":"2015-04-24T16:01:54","date_gmt":"2015-04-24T15:01:54","guid":{"rendered":"https:\/\/vourouno.wordpress.com\/?page_id=549"},"modified":"2016-10-22T18:45:03","modified_gmt":"2016-10-22T16:45:03","slug":"colombarium","status":"publish","type":"page","link":"https:\/\/www.mairie-volonne.fr\/index.php\/colombarium\/","title":{"rendered":"Colombarium\/Jardin du souvenir"},"content":{"rendered":"<h1 style=\"text-align: center;\"><strong>Colombarium et\u00a0<\/strong><strong>jardin du souvenir<\/strong><\/h1>\n<p><img decoding=\"async\" class=\"  wp-image-607 alignright\" src=\"https:\/\/vourouno.files.wordpress.com\/2015\/04\/colombarium-1.jpg?w=300\" alt=\"colombarium 1\" width=\"366\" height=\"272\" \/><\/p>\n<p>Suite \u00e0 la mise en place r\u00e9cente d\u2019un columbarium, il est projet\u00e9 de r\u00e9aliser <em>un jardin du souvenir<\/em>, afin de pouvoir disposer une plaque \u00e0 la m\u00e9moire du d\u00e9funt et de pouvoir se recueillir.<\/p>\n<p>Le projet consiste \u00e0 r\u00e9aliser un muret afin de soutenir les plaquettes nominatives en granit. Au pied de ce mur sera install\u00e9 un caillebotis afin de pouvoir d\u00e9verser les cendres du d\u00e9funt. Un travail sur la forme du mur est propos\u00e9 ainsi qu\u2019un arri\u00e8re plan constitu\u00e9 d\u2019un treillage avec des plantes grimpantes, afin de briser la monotonie du lieu et de constituer un d\u00e9cor.<\/p>\n<p>Les mat\u00e9riaux du sol seront choisis afin de cr\u00e9er un lien entre les diff\u00e9rents \u00e9l\u00e9ments en granit (columbarium, plaque et plaquettes nominatives, cadre du caillebotis). Afin de briser l\u2019aspect \u00ab\u00a0mortuaire\u00a0\u00bb li\u00e9 \u00e0 l\u2019emploi du granit, une trame en galets sera mise en place.<\/p>\n<p>Une partie du sol sera constitu\u00e9e afin de permettre l\u2019infiltration des eaux de surface (dalles pos\u00e9es sur sable).<\/p>\n<p>Aussi, le principe de la trame en galets permet de constituer un point de d\u00e9part \u00e0 une \u00e9ventuelle extension du jardin.<\/p>\n<p style=\"text-align: center;\"><a href=\"https:\/\/vourouno.files.wordpress.com\/2015\/04\/colombarium-2.jpg\"><img decoding=\"async\" class=\"  wp-image-606 aligncenter\" src=\"https:\/\/vourouno.files.wordpress.com\/2015\/04\/colombarium-2.jpg?w=234\" alt=\"colombarium 2\" width=\"317\" height=\"406\" \/><\/a><\/p>\n<p style=\"text-align: center;\">\n<p style=\"text-align: left;\"><span style=\"color: #339966;\"><a style=\"color: #339966;\" href=\"http:\/\/www.mairie-volonne.fr\/wp-content\/uploads\/2015\/04\/VOL.CIMET_.COM_.-A.M.-du-30.06.15-COLUMB.-JARDIN-SOUVENIR.pdf\" target=\"_blank\">R\u00e9glement et tarifs du colombarium et du jardin du souvenir<\/a><\/span>.<\/p>\n","protected":false},"excerpt":{"rendered":"<p>Colombarium et\u00a0jardin du souvenir Suite \u00e0 la mise en place r\u00e9cente d\u2019un columbarium, il est projet\u00e9 de r\u00e9aliser un jardin du souvenir, afin de pouvoir disposer une plaque \u00e0 la m\u00e9moire du d\u00e9funt et de pouvoir se recueillir. Le projet consiste \u00e0 r\u00e9aliser un muret afin de soutenir les plaquettes nominatives en granit. Au pied [&#8230;]<\/p>\n","protected":false},"author":7,"featured_media":0,"parent":0,"menu_order":0,"comment_status":"closed","ping_status":"closed","template":"","meta":{"_EventAllDay":false,"_EventTimezone":"","_EventStartDate":"","_EventEndDate":"","_EventStartDateUTC":"","_EventEndDateUTC":"","_EventShowMap":false,"_EventShowMapLink":false,"_EventURL":"","_EventCost":"","_EventCostDescription":"","_EventCurrencySymbol":"","_EventCurrencyCode":"","_EventCurrencyPosition":"","_EventDateTimeSeparator":"","_EventTimeRangeSeparator":"","_EventOrganizerID":[],"_EventVenueID":[],"_OrganizerEmail":"","_OrganizerPhone":"","_OrganizerWebsite":"","_VenueAddress":"","_VenueCity":"","_VenueCountry":"","_VenueProvince":"","_VenueState":"","_VenueZip":"","_VenuePhone":"","_VenueURL":"","_VenueStateProvince":"","_VenueLat":"","_VenueLng":"","_VenueShowMap":false,"_VenueShowMapLink":false,"footnotes":""},"class_list":["post-549","page","type-page","status-publish","hentry"],"jetpack_shortlink":"https:\/\/wp.me\/P6fN6B-8R","jetpack_sharing_enabled":true,"_links":{"self":[{"href":"https:\/\/www.mairie-volonne.fr\/index.php\/wp-json\/wp\/v2\/pages\/549","targetHints":{"allow":["GET"]}}],"collection":[{"href":"https:\/\/www.mairie-volonne.fr\/index.php\/wp-json\/wp\/v2\/pages"}],"about":[{"href":"https:\/\/www.mairie-volonne.fr\/index.php\/wp-json\/wp\/v2\/types\/page"}],"author":[{"embeddable":true,"href":"https:\/\/www.mairie-volonne.fr\/index.php\/wp-json\/wp\/v2\/users\/7"}],"replies":[{"embeddable":true,"href":"https:\/\/www.mairie-volonne.fr\/index.php\/wp-json\/wp\/v2\/comments?post=549"}],"version-history":[{"count":4,"href":"https:\/\/www.mairie-volonne.fr\/index.php\/wp-json\/wp\/v2\/pages\/549\/revisions"}],"predecessor-version":[{"id":1102,"href":"https:\/\/www.mairie-volonne.fr\/index.php\/wp-json\/wp\/v2\/pages\/549\/revisions\/1102"}],"wp:attachment":[{"href":"https:\/\/www.mairie-volonne.fr\/index.php\/wp-json\/wp\/v2\/media?parent=549"}],"curies":[{"name":"wp","href":"https:\/\/api.w.org\/{rel}","templated":true}]}}