{"id":501,"date":"2015-04-23T16:30:04","date_gmt":"2015-04-23T15:30:04","guid":{"rendered":"https:\/\/vourouno.wordpress.com\/?page_id=501"},"modified":"2020-11-03T18:38:19","modified_gmt":"2020-11-03T17:38:19","slug":"associations-departement","status":"publish","type":"page","link":"https:\/\/www.mairie-volonne.fr\/index.php\/associations-departement\/","title":{"rendered":"&#8230;et autour"},"content":{"rendered":"<h3><a href=\"https:\/\/www.mairie-volonne.fr\/wp-content\/uploads\/2019\/09\/Copie-de-TABLEAU-ASSOS-VOLONNAISES-1.pdf\" target=\"_blank\" rel=\"noopener noreferrer\"><span style=\"color: #008000;\"><strong>Consulter ici le TABLEAU des Associations autour de VOLONNE<\/strong><\/span><\/a><\/h3>\n<p>&#8230;&#8230;&#8230;&#8230;&#8230;&#8230;<\/p>\n<h3><a name=\"asso1\"><\/a>A<strong>.D.A.P.E.I 04<\/strong><\/h3>\n<p>Associations d\u00e9partementale de parents et d&rsquo;amis de personnes handicap\u00e9es mentales des Alpes de Haute Provence.<\/p>\n<p><strong>Site internet :<\/strong>\u00a0<span style=\"text-decoration: underline;\"><strong><span style=\"color: #339966; text-decoration: underline;\"><a style=\"color: #339966; text-decoration: underline;\" href=\"http:\/\/www.adapei-04.fr\/home.html\" target=\"_blank\" rel=\"noopener noreferrer\">http:\/\/www.adapei-04.fr\/home.html<\/a><\/span><\/strong><\/span><\/p>\n<hr \/>\n<h3><strong><span style=\"color: #524d4d;\">ADMR<\/span><\/strong><\/h3>\n<p>Les intervenantes de l\u2019ADMR peuvent vous aider dans votre m\u00e9nage, repassage, courses. Elles ont les comp\u00e9tences requises pour accompagner toutes les d\u00e9pendances (personnes \u00e2g\u00e9es ou handicap\u00e9es).\u00a0Elles sont \u00e9galement qualifi\u00e9es pour la garde d\u2019enfants et dans le cadre d\u2019un contrat de prestation, nous pouvons vous proposer \u00e9galement du petit bricolage et jardinage.<a name=\"asso2\"><\/a><\/p>\n<p>Vivant pr\u00e8s de chez vous, elles connaissent bien votre environnement,\u00a0Volonne et les six autres communes que nous desservons.\u00a0Avec l&rsquo;esprit d&rsquo;entraide et d&rsquo;ouverture qui caract\u00e9rise l&rsquo;ADMR, nous sommes \u00e0 votre \u00e9coute. Nous pouvons d\u00e9finir avec vous, une offre personnalis\u00e9e et vous aider dans vos d\u00e9marches administratives dans le cadre du service \u00e0 la personne. Nous confions ensuite l&rsquo;ex\u00e9cution \u00e0 des professionnels d\u2019intervention qui sont encadr\u00e9s par un responsable de secteur.<a name=\"asso2\"><\/a><\/p>\n<p>L\u2019association ADMR de Volonne fait appel \u00e0 des b\u00e9n\u00e9voles pour diff\u00e9rentes missions et mettre en place statutairement un conseil d\u2019administration.<a name=\"asso2\"><\/a><\/p>\n<p><strong>Contact<\/strong><br \/>\nBEAGUE Elisabeth, Responsable de secteur.<br \/>\nPermanence le Mardi de 8h30 \u00e0 12h et 13h30 \u00e0 17h \u00e0 la Salle Polyvalente<br \/>\n<span style=\"line-height: 1.6;\">T\u00e9l : 06 73 70 87 99<br \/>\n<\/span><span style=\"text-decoration: underline;\"><strong><span style=\"color: #339966; text-decoration: underline;\"><a style=\"color: #339966; text-decoration: underline;\" href=\"mailto:%61%64%6D%72%2E%76%6F%6C%6F%6E%6E%65%40%6F%72%61%6E%67%65%2E%66%72\">admr.volonne@orange.fr<\/a><\/span><\/strong><\/span><\/p>\n<hr \/>\n<h3><strong><span style=\"color: #524d4d;\">A.D.S.B<\/span><\/strong><\/h3>\n<p>Amicale des Donneurs de Sang B\u00e9n\u00e9voles<\/p>\n<p><strong>Personne \u00e0 contacter sur Volonne :<\/strong> Marie-Jos\u00e9e MANENT<\/p>\n<hr \/>\n<h3><strong>AMR 04<\/strong><\/h3>\n<p>Fond\u00e9e en 2000, l&rsquo;Association des Maires Ruraux du 04 f\u00e9d\u00e8re, informe et repr\u00e9sente les communes de moins de 3500 habitants partout en France.<\/p>\n<p><strong>Contact<\/strong><br \/>\nMarie-Christine ETIENNE (secr\u00e9taire)<br \/>\nT\u00e9l. : 04 92 64 58 25<br \/>\nE-mail : <span style=\"text-decoration: underline;\"><strong><span style=\"color: #339966; text-decoration: underline;\"><a style=\"color: #339966; text-decoration: underline;\" href=\"mailto:amr04sec@aol.com\" target=\"_blank\" rel=\"noopener noreferrer\">amr04sec@aol.com<\/a><\/span><\/strong><\/span><\/p>\n<hr \/>\n<h3><strong><a name=\"asso5\"><\/a><span style=\"color: #524d4d;\">Bouchons d&rsquo;amour<\/span><\/strong><\/h3>\n<p>Association d\u00e9partementale reconnue d&rsquo;int\u00e9r\u00eat g\u00e9n\u00e9ral, elle a pour but d&rsquo;aider les personnes atteintes de toute forme de handicap. Elle est partenaire de la F\u00e9d\u00e9ration Fran\u00e7aise de Handisport, permettant aux sportifs handicap\u00e9 de pratiquer leurs activit\u00e9s, et de Handichiens qui pr\u00e9pare et dresse les chiens accompagnant les personnes \u00e0 mobilit\u00e9 r\u00e9duite. \u00a090 b\u00e9n\u00e9voles s&#8217;emploient \u00e0 r\u00e9colter les bouchons en plastique dans diff\u00e9rents points de collecte mis \u00e0 disposition dans tout le d\u00e9partement.<\/p>\n<p>\u00c0 Volonne, un container se trouve pr\u00e8s de la salle polyvalente et deux autres points de collecte sont en r\u00e9flexion, \u00e0 la Croix et pr\u00e8s du stade. Attention, les bouchons de m\u00e9dicaments et autres toxiques ne sont pas r\u00e9colt\u00e9s !<\/p>\n<p>Rachet\u00e9s 210\u20ac la tonne par une usine de recyclage en Belgique, cet argent est directement vers\u00e9 \u00e0 l&rsquo;association les Bouchons d&rsquo;amour.<\/p>\n<p><strong>Contact<\/strong><br \/>\nSite internet : <span style=\"text-decoration: underline;\"><strong><span style=\"color: #339966; text-decoration: underline;\"><a style=\"color: #339966; text-decoration: underline;\" href=\"http:\/\/www.bouchonsdamour.com\" target=\"_blank\" rel=\"noopener noreferrer\">Bouchons d&rsquo;amour<\/a><\/span><\/strong><\/span><\/p>\n<hr \/>\n<h3><strong><span style=\"color: #524d4d;\">CLIC Val De Durance<\/span><\/strong><\/h3>\n<p>Le C.L.I.C est un lieu d\u2019accueil et d\u2019\u00e9coute destin\u00e9\u00a0\u00e0 tous les retrait\u00e9s et leur famille\u00a0ainsi qu&rsquo;aux professionnels m\u00e9dico-sociaux\u00a0Le CLIC est un service gratuit ouvert \u00e0 tous.<a name=\"asso6\"><\/a><\/p>\n<p>Les objectifs :<\/p>\n<ul>\n<li>Am\u00e9liorer la vie quotidienne des personnes \u00e2g\u00e9es pour favoriser leur maintien \u00e0 domicile.<\/li>\n<li>Les aider dans leurs recherches, les \u00e9couter, les conseiller, les renseigner.<\/li>\n<li>Les informer sur les aides possibles existantes, sur le co\u00fbt et les modalit\u00e9s d\u2019obtention.<\/li>\n<li>\u00c9valuer leurs besoins en aide \u00e0 domicile et en aides techniques et proposer les plans d\u2019aides appropri\u00e9s<\/li>\n<li>Faciliter leurs d\u00e9marches sur le plan sanitaire, social, du logement, de l\u2019habitat, des transports, des loisirs et de la citoyennet\u00e9.<\/li>\n<li>Les aider \u00e0 instruire les dossiers de demandes de financements divers.<\/li>\n<li>Les aider \u00e0 organiser des soins \u00e0 domicile<\/li>\n<li>Les aider pour l\u2019am\u00e9nagement du domicile au retour d\u2019une hospitalisation ou en cas d\u2019aggravation de la d\u00e9pendance<\/li>\n<\/ul>\n<p>A Volonne le jeudi de 14h \u00e0 16h en Salle Polyvalente.<a name=\"asso6\"><\/a><\/p>\n<p><strong>Contact<\/strong><br \/>\nNathalie Richaud, Coordinatrice\u00a0\u00a0 2, avenue du stade\u00a0\u00a0 <span style=\"line-height: 1.6;\">04200 SISTERON<br \/>\n<\/span><span style=\"line-height: 1.6;\">T\u00e9l. : 04 92 61 53 57\u00a0\u00a0 <\/span><span style=\"line-height: 1.6;\">Fax : 04 92 35 14 61<br \/>\n<\/span><span style=\"text-decoration: underline;\"><strong><span style=\"color: #339966; text-decoration: underline;\"><a style=\"line-height: 1.6; color: #339966; text-decoration: underline;\" href=\"mailto:clicvaldedurance@lesmutuellesdusoleil.fr\">clicvaldedurance@lesmutuellesdusoleil.fr<\/a><\/span><\/strong><\/span><\/p>\n<hr \/>\n<h3><strong><span style=\"color: #524d4d;\">Association Point Rencontre<\/span><\/strong><\/h3>\n<p>Si vous souhaitez d\u00e9velopper des solidarit\u00e9s, parler de vos aspirations, \u00e9changer, simplement vivre et prendre le temps, participer \u00e0 la vie dans la cit\u00e9.<\/p>\n<p>Le Point Rencontre propose :<\/p>\n<ul>\n<li>des ateliers \u00ab\u00a0esth\u00e9tiques\u00a0\u00bb,\u00a0de savoirs (ateliers d\u2019\u00e9criture, lecture),\u00a0culture<span class=\"text_exposed_show\">ls (th\u00e9\u00e2tre, chorale) et\u00a0manuels (couture, customisation),<\/span><\/li>\n<li><span class=\"text_exposed_show\">des repas le mardi et jeudi midi,<\/span><\/li>\n<li><span class=\"text_exposed_show\">de l\u2019aide aux devoirs,<\/span><\/li>\n<li><span class=\"text_exposed_show\">des mercredis familles,<\/span><\/li>\n<li><span class=\"text_exposed_show\">des jardins familiaux,<\/span><\/li>\n<li><span class=\"text_exposed_show\">des \u00e9v\u00e8nements (f\u00eate de l\u2019\u00e9t\u00e9, r\u00e9veillon solidaire, olivades, f\u00eate des m\u00e8res etc.),<\/span><\/li>\n<li><span class=\"text_exposed_show\">la Cas\u2019Atout (friperie),<\/span><\/li>\n<li><span class=\"text_exposed_show\">la Casasol (une \u00e9picerie sociale et solidaire).<\/span><\/li>\n<\/ul>\n<p>Du Lundi au Vendredi<br \/>\nDe 9h30 \u00e0 18h<\/p>\n<p><strong>Contact<br \/>\n<\/strong>11, place du commerce\u00a0\u00a0 04160 Chateau-Arnoux<\/p>\n<p>Site internet :<strong><span style=\"color: #008000;\"><a style=\"color: #008000;\" href=\"http:\/\/www.asspointrencontre.fr\/\" target=\"_blank\" rel=\"noopener noreferrer\">\u00a0www.asspointrencontre.fr<\/a><\/span><\/strong><br \/>\nT\u00e9l. :\u00a004 92 64 38 05 ou\u00a009 63 62 21 87<br \/>\nE-mail :<span style=\"text-decoration: underline;\"><strong> <span style=\"color: #339966; text-decoration: underline;\"><a style=\"color: #339966; text-decoration: underline;\" href=\"mailto:asspoint-rencontre@wanadoo.fr\">asspoint-rencontre@wanadoo.fr<\/a><\/span><a name=\"asso8\"><\/a><\/strong><\/span><\/p>\n<p>_____________________________________________________________________________<\/p>\n<h3><strong><span style=\"color: #524d4d;\">Association Pr\u00e9vention Routi\u00e8re<\/span><\/strong><\/h3>\n<p>Education, formation, sensibilisation aux dangers de la route pour les enfants en milieux scolaires et centre de loisirs,<\/p>\n<p>les coll\u00e9giens et lyc\u00e9ens, CFA,\u00a0 lyc\u00e9es professionnels, les entreprises, les clubs seniors.<br \/>\nStages de r\u00e9cup\u00e9ration de point \u00a0les 18 et 19 mai, les 28 et 29 septembre, les 2 et 3 novembre \u00e0 Digne les Bains &#8211; Contacter le Comit\u00e9 de l&rsquo;association.<br \/>\nBureau ouvert les lundis, mardis, jeudis et vendredis de 9h \u00e0 12h et de 14h \u00e0 17h.<\/p>\n<p><em><strong>Pour information :<\/strong><\/em><\/p>\n<h3><a href=\"https:\/\/www.legipermis.com\/stage-recuperation-points\/\" target=\"_blank\" rel=\"noopener noreferrer\"><strong><span style=\"color: #008000;\">Clic ici pour conna\u00eetre la L\u00e9gislation des stages de r\u00e9cup\u00e9ration de points agr\u00e9\u00e9s:<\/span><\/strong><\/a><\/h3>\n<h3><strong><span style=\"color: #008000;\"><a style=\"color: #008000;\" href=\"https:\/\/www.stage-permis-conduire.fr\/\" target=\"_blank\" rel=\"noopener noreferrer\">Clic ici pour voir le portail de r\u00e9servation de stages de r\u00e9cup\u00e9ration de points:<\/a>\u00a0 \u00a0<\/span><\/strong><\/h3>\n<h3><strong><span style=\"color: #008000;\"><a style=\"color: #008000;\" href=\"https:\/\/www.stage-permis-conduire.fr\/stage-alpes-de-haute-provence-04.html\" target=\"_blank\" rel=\"noopener noreferrer\">Clic ici pour consulter les stages de r\u00e9cup\u00e9ration des points et avoir acc\u00e8s aux sessions du secteur du 04:<\/a><\/span><\/strong><\/h3>\n<h3><strong><span style=\"color: #008000;\"><a style=\"color: #008000;\" href=\"https:\/\/tele7.interieur.gouv.fr\/tlp\/\" target=\"_blank\" rel=\"noopener noreferrer\">Consulter ici le solde de points sur son permis de conduire<\/a><\/span><\/strong><\/h3>\n<p>&#8230;&#8230;&#8230;&#8230;&#8230;&#8230;&#8230;&#8230;&#8230;.<\/p>\n<h3><a href=\"https:\/\/permisdeconduire.ants.gouv.fr\/\" target=\"_blank\" rel=\"noopener noreferrer\"><span style=\"color: #008000;\"><strong>Clic ici pour ouvrir le Site du permis de conduire de l\u2019\u00e9tat :<\/strong><\/span><\/a><\/h3>\n<p><strong>Contact<\/strong><br \/>\nLA PREVENTION ROUTIERE &#8211; Immeuble la Gineste &#8211; 04000 DIGNE LES BAINS<br \/>\nDirecteur : G\u00e9rard SOULAN<br \/>\nAssistante : Anne GASSEND NOIR<br \/>\nT\u00e9l. : 04 92 31 61 65<br \/>\nE-mail : <span style=\"text-decoration: underline;\"><strong><span style=\"color: #339966; text-decoration: underline;\"><a style=\"color: #339966; text-decoration: underline;\" href=\"mailto:preventionroutiere04@sfr.fr\" target=\"_blank\" rel=\"noopener noreferrer\">preventionroutiere04@sfr.fr<\/a><\/span><\/strong><\/span><br \/>\nSite internet :\u00a0<span style=\"text-decoration: underline;\"><strong><span style=\"color: #339966; text-decoration: underline;\"><a style=\"color: #339966; text-decoration: underline;\" href=\"http:\/\/www.preventionroutiere.asso.fr\/\">http:\/\/www.preventionroutiere.asso.fr<\/a><\/span><\/strong><\/span><\/p>\n<hr \/>\n<h3><strong><span style=\"color: #524d4d;\">USCASA Karat\u00e9<\/span><\/strong><\/h3>\n<p>Fond\u00e9 en 2000, il est affili\u00e9 \u00e0 la FFKDA (F\u00e9d\u00e9ration fran\u00e7aise de karat\u00e9). C&rsquo;est \u00e0 la fois un art de d\u00e9fense et un sport de comp\u00e9tition, selon le but recherch\u00e9. Une philosophie et un art de vivre pour tous : enfants, adolescents et adultes ; \u00e0 noter que la pratique f\u00e9minine repr\u00e9sente 25% sur le plan national et 40% \u00e0 l&rsquo;USCASA Karat\u00e9.<\/p>\n<p>Les cours sont assur\u00e9s par des professeurs dipl\u00f4m\u00e9s d&rsquo;\u00c9tat (BEES, DEJEPS) et des assistants de AFA et DAF. Les horaires sont le mardi de 18h \u00e0 20h, le jeudi de 18h \u00e0 20h et le samedi de 17h \u00e0 19h.<\/p>\n<p><strong>Contact<\/strong><br \/>\nJean-Louis et Nadine LEONE<br \/>\nT\u00e9l. : 04 92 61 15 09 ou 06 50 03 88 90<br \/>\nE-mail : <span style=\"text-decoration: underline;\"><strong><span style=\"color: #339966; text-decoration: underline;\"><a style=\"color: #339966; text-decoration: underline;\" href=\"mailto:u.s.casakarate@gmail.com\" target=\"_blank\" rel=\"noopener noreferrer\">u.s.casakarate@gmail.com<\/a><\/span><\/strong><\/span><\/p>\n","protected":false},"excerpt":{"rendered":"<p>Consulter ici le TABLEAU des Associations autour de VOLONNE &#8230;&#8230;&#8230;&#8230;&#8230;&#8230; A.D.A.P.E.I 04 Associations d\u00e9partementale de parents et d&rsquo;amis de personnes handicap\u00e9es mentales des Alpes de Haute Provence. Site internet :\u00a0http:\/\/www.adapei-04.fr\/home.html ADMR Les intervenantes de l\u2019ADMR peuvent vous aider dans votre m\u00e9nage, repassage, courses. Elles ont les comp\u00e9tences requises pour accompagner toutes les d\u00e9pendances (personnes \u00e2g\u00e9es [&#8230;]<\/p>\n","protected":false},"author":7,"featured_media":0,"parent":0,"menu_order":0,"comment_status":"closed","ping_status":"closed","template":"","meta":{"_EventAllDay":false,"_EventTimezone":"","_EventStartDate":"","_EventEndDate":"","_EventStartDateUTC":"","_EventEndDateUTC":"","_EventShowMap":false,"_EventShowMapLink":false,"_EventURL":"","_EventCost":"","_EventCostDescription":"","_EventCurrencySymbol":"","_EventCurrencyCode":"","_EventCurrencyPosition":"","_EventDateTimeSeparator":"","_EventTimeRangeSeparator":"","_EventOrganizerID":[],"_EventVenueID":[],"_OrganizerEmail":"","_OrganizerPhone":"","_OrganizerWebsite":"","_VenueAddress":"","_VenueCity":"","_VenueCountry":"","_VenueProvince":"","_VenueState":"","_VenueZip":"","_VenuePhone":"","_VenueURL":"","_VenueStateProvince":"","_VenueLat":"","_VenueLng":"","_VenueShowMap":false,"_VenueShowMapLink":false,"jetpack_post_was_ever_published":false,"footnotes":""},"class_list":["post-501","page","type-page","status-publish","hentry"],"jetpack_shortlink":"https:\/\/wp.me\/P6fN6B-85","jetpack_sharing_enabled":true,"_links":{"self":[{"href":"https:\/\/www.mairie-volonne.fr\/index.php\/wp-json\/wp\/v2\/pages\/501","targetHints":{"allow":["GET"]}}],"collection":[{"href":"https:\/\/www.mairie-volonne.fr\/index.php\/wp-json\/wp\/v2\/pages"}],"about":[{"href":"https:\/\/www.mairie-volonne.fr\/index.php\/wp-json\/wp\/v2\/types\/page"}],"author":[{"embeddable":true,"href":"https:\/\/www.mairie-volonne.fr\/index.php\/wp-json\/wp\/v2\/users\/7"}],"replies":[{"embeddable":true,"href":"https:\/\/www.mairie-volonne.fr\/index.php\/wp-json\/wp\/v2\/comments?post=501"}],"version-history":[{"count":23,"href":"https:\/\/www.mairie-volonne.fr\/index.php\/wp-json\/wp\/v2\/pages\/501\/revisions"}],"predecessor-version":[{"id":10600,"href":"https:\/\/www.mairie-volonne.fr\/index.php\/wp-json\/wp\/v2\/pages\/501\/revisions\/10600"}],"wp:attachment":[{"href":"https:\/\/www.mairie-volonne.fr\/index.php\/wp-json\/wp\/v2\/media?parent=501"}],"curies":[{"name":"wp","href":"https:\/\/api.w.org\/{rel}","templated":true}]}}