{"id":399,"date":"2015-04-01T16:16:08","date_gmt":"2015-04-01T15:16:08","guid":{"rendered":"https:\/\/vourouno.wordpress.com\/?page_id=399"},"modified":"2016-10-22T18:45:04","modified_gmt":"2016-10-22T16:45:04","slug":"plan-de-prevention-des-risques-naturels","status":"publish","type":"page","link":"https:\/\/www.mairie-volonne.fr\/index.php\/plan-de-prevention-des-risques-naturels\/","title":{"rendered":"Plan de Pr\u00e9vention des Risques Naturels"},"content":{"rendered":"<h1 style=\"text-align: center;\"><strong>Le dossier du Plan de Pr\u00e9vention\u00a0<\/strong><strong>des Risques Naturels (P.P.R.N.)<\/strong><strong>\u00a0<\/strong><\/h1>\n<p>Le\u00a0Plan de Pr\u00e9vention des Risques naturels s&rsquo;inscrit dans une politique globale de pr\u00e9vention des risques dont il est l&rsquo;outil privil\u00e9gi\u00e9. Son objet est de d\u00e9limiter les zones expos\u00e9es directement ou indirectement \u00e0 un risque et d&rsquo;y r\u00e9glementer l&rsquo;utilisation des sols. Cette r\u00e9glementation va de l&rsquo;interdiction de construire \u00e0 la possibilit\u00e9 de construire sous certaines conditions. L&rsquo;\u00e9laboration des PPRN est une comp\u00e9tence de l&rsquo;Etat. Les collectivit\u00e9s concern\u00e9es sont consult\u00e9es. Le projet est soumis \u00e0 enqu\u00eate publique.<\/p>\n<p>Le PPRN est un document simple et souple qui peut traiter d&rsquo;un ou plusieurs types de risques, et s&rsquo;\u00e9tendre sur une ou plusieurs communes. Le PPRn est une servitude d&rsquo;utilit\u00e9 publique qui s&rsquo;impose \u00e0 tous : particuliers, entreprises, collectivit\u00e9s y compris l&rsquo;Etat. Il s&rsquo;impose notamment lors de la d\u00e9livrance des permis de construire.<br \/>\nLe PPRN est la seule proc\u00e9dure sp\u00e9cifique \u00e0 la prise en compte des risques naturels dans l&rsquo;am\u00e9nagement.<\/p>\n<p>Nous avons souhait\u00e9 mettre en ligne ce document tr\u00e8s important, notamment pour vous puissiez mieux appr\u00e9hender votre projet de construction. Ne faites pas d&rsquo;interpr\u00e9tation de ces prescriptions. En cas de doute, il convient d&rsquo;\u00eatre prudent. Nous vous recommandons de prendre conseil aupr\u00e8s d&rsquo;un professionnel. Le cas \u00e9ch\u00e9ant, l&rsquo;adjoint d\u00e9l\u00e9gu\u00e9 \u00e0 l&rsquo;urbanisme reste \u00e0 votre enti\u00e8re disposition pour vous apporter son aide \u00e0 la compr\u00e9hension de ce document.<\/p>\n<p><strong>Les documents consultables du P.P.R.N.\u00a0:<\/strong><\/p>\n<p><span style=\"color: #339966;\"><a style=\"color: #339966;\" href=\"http:\/\/www.mairie-volonne.fr\/wp-content\/uploads\/2015\/04\/note-presentation-volonne-v3-1.pdf\" target=\"_blank\">\u200b\u200b\u200b\u200bNote de pr\u00e9sentation du P.P.R.N<\/a><\/span>,<a href=\"http:\/\/www.mairie-volonne.fr\/wp-content\/uploads\/2015\/04\/note-presentation-volonne-v3-1.pdf\" target=\"_blank\"><br \/>\n<\/a><span style=\"color: #339966;\">\u200b<a style=\"color: #339966;\" href=\"http:\/\/www.mairie-volonne.fr\/wp-content\/uploads\/2015\/04\/reglement-volonne-v3-11.pdf\" target=\"_blank\">\u200b\u200b\u200b\u200bR\u00e8glement de la Commune<\/a><\/span>,<a href=\"http:\/\/www.mairie-volonne.fr\/wp-content\/uploads\/2015\/04\/reglement-volonne-v3-11.pdf\" target=\"_blank\"><br \/>\n<\/a><span style=\"color: #339966;\"><a style=\"color: #339966;\" href=\"http:\/\/www.mairie-volonne.fr\/wp-content\/uploads\/2015\/04\/ddt04-volonne-zonage-cadastre-ppr1.pdf\" target=\"_blank\">\u200b\u200b\u200b\u200b\u200b\u200b\u200bPlan de zonage de la Commune<\/a><\/span>.<\/p>\n<p><strong>L&rsquo;al\u00e9a sismique\u00a0:<\/strong>\u200b\u200b<\/p>\n<p><span style=\"color: #339966;\"><a style=\"color: #339966;\" href=\"http:\/\/www.mairie-volonne.fr\/wp-content\/uploads\/2015\/04\/ap-2011-1353-decret2010-1255.pdf\" target=\"_blank\">\u200b\u200b\u200b\u200bArr\u00eat\u00e9 Pr\u00e9fectoral 2011-1353<\/a><\/span>,<a href=\"http:\/\/www.mairie-volonne.fr\/wp-content\/uploads\/2015\/04\/ap-2011-1353-decret2010-1255.pdf\" target=\"_blank\"><br \/>\n<\/a><span style=\"color: #339966;\"><a style=\"color: #339966;\" href=\"http:\/\/www.mairie-volonne.fr\/wp-content\/uploads\/2015\/04\/alea-sismique-ahp.pdf\" target=\"_blank\">Carte de l&rsquo;al\u00e9a sismique dans les AHP<\/a><\/span>.<\/p>\n","protected":false},"excerpt":{"rendered":"<p>Le dossier du Plan de Pr\u00e9vention\u00a0des Risques Naturels (P.P.R.N.)\u00a0 Le\u00a0Plan de Pr\u00e9vention des Risques naturels s&rsquo;inscrit dans une politique globale de pr\u00e9vention des risques dont il est l&rsquo;outil privil\u00e9gi\u00e9. Son objet est de d\u00e9limiter les zones expos\u00e9es directement ou indirectement \u00e0 un risque et d&rsquo;y r\u00e9glementer l&rsquo;utilisation des sols. Cette r\u00e9glementation va de l&rsquo;interdiction de [&#8230;]<\/p>\n","protected":false},"author":7,"featured_media":0,"parent":0,"menu_order":0,"comment_status":"closed","ping_status":"closed","template":"","meta":{"_EventAllDay":false,"_EventTimezone":"","_EventStartDate":"","_EventEndDate":"","_EventStartDateUTC":"","_EventEndDateUTC":"","_EventShowMap":false,"_EventShowMapLink":false,"_EventURL":"","_EventCost":"","_EventCostDescription":"","_EventCurrencySymbol":"","_EventCurrencyCode":"","_EventCurrencyPosition":"","_EventDateTimeSeparator":"","_EventTimeRangeSeparator":"","_EventOrganizerID":[],"_EventVenueID":[],"_OrganizerEmail":"","_OrganizerPhone":"","_OrganizerWebsite":"","_VenueAddress":"","_VenueCity":"","_VenueCountry":"","_VenueProvince":"","_VenueState":"","_VenueZip":"","_VenuePhone":"","_VenueURL":"","_VenueStateProvince":"","_VenueLat":"","_VenueLng":"","_VenueShowMap":false,"_VenueShowMapLink":false,"jetpack_post_was_ever_published":false,"footnotes":""},"class_list":["post-399","page","type-page","status-publish","hentry"],"jetpack_shortlink":"https:\/\/wp.me\/P6fN6B-6r","jetpack_sharing_enabled":true,"_links":{"self":[{"href":"https:\/\/www.mairie-volonne.fr\/index.php\/wp-json\/wp\/v2\/pages\/399","targetHints":{"allow":["GET"]}}],"collection":[{"href":"https:\/\/www.mairie-volonne.fr\/index.php\/wp-json\/wp\/v2\/pages"}],"about":[{"href":"https:\/\/www.mairie-volonne.fr\/index.php\/wp-json\/wp\/v2\/types\/page"}],"author":[{"embeddable":true,"href":"https:\/\/www.mairie-volonne.fr\/index.php\/wp-json\/wp\/v2\/users\/7"}],"replies":[{"embeddable":true,"href":"https:\/\/www.mairie-volonne.fr\/index.php\/wp-json\/wp\/v2\/comments?post=399"}],"version-history":[{"count":2,"href":"https:\/\/www.mairie-volonne.fr\/index.php\/wp-json\/wp\/v2\/pages\/399\/revisions"}],"predecessor-version":[{"id":951,"href":"https:\/\/www.mairie-volonne.fr\/index.php\/wp-json\/wp\/v2\/pages\/399\/revisions\/951"}],"wp:attachment":[{"href":"https:\/\/www.mairie-volonne.fr\/index.php\/wp-json\/wp\/v2\/media?parent=399"}],"curies":[{"name":"wp","href":"https:\/\/api.w.org\/{rel}","templated":true}]}}