{"id":158,"date":"2015-03-24T15:04:15","date_gmt":"2015-03-24T14:04:15","guid":{"rendered":"https:\/\/vourouno.wordpress.com\/?page_id=158"},"modified":"2025-02-28T15:30:22","modified_gmt":"2025-02-28T14:30:22","slug":"vos-evenements","status":"publish","type":"page","link":"https:\/\/www.mairie-volonne.fr\/index.php\/vos-evenements\/","title":{"rendered":"Salles communales"},"content":{"rendered":"<h1><img decoding=\"async\" class=\"wp-image-13588 aligncenter\" src=\"https:\/\/www.mairie-volonne.fr\/wp-content\/uploads\/2025\/02\/Affiche-Poster-Evenement-Festival-Musique-Moderne-Illustre-Bleu-Rouge-Beige-e1739276448262.png\" alt=\"\" width=\"529\" height=\"245\" srcset=\"https:\/\/www.mairie-volonne.fr\/wp-content\/uploads\/2025\/02\/Affiche-Poster-Evenement-Festival-Musique-Moderne-Illustre-Bleu-Rouge-Beige-e1739276448262-200x93.png 200w, https:\/\/www.mairie-volonne.fr\/wp-content\/uploads\/2025\/02\/Affiche-Poster-Evenement-Festival-Musique-Moderne-Illustre-Bleu-Rouge-Beige-e1739276448262-300x139.png 300w, https:\/\/www.mairie-volonne.fr\/wp-content\/uploads\/2025\/02\/Affiche-Poster-Evenement-Festival-Musique-Moderne-Illustre-Bleu-Rouge-Beige-e1739276448262-400x185.png 400w, https:\/\/www.mairie-volonne.fr\/wp-content\/uploads\/2025\/02\/Affiche-Poster-Evenement-Festival-Musique-Moderne-Illustre-Bleu-Rouge-Beige-e1739276448262-600x278.png 600w, https:\/\/www.mairie-volonne.fr\/wp-content\/uploads\/2025\/02\/Affiche-Poster-Evenement-Festival-Musique-Moderne-Illustre-Bleu-Rouge-Beige-e1739276448262-768x356.png 768w, https:\/\/www.mairie-volonne.fr\/wp-content\/uploads\/2025\/02\/Affiche-Poster-Evenement-Festival-Musique-Moderne-Illustre-Bleu-Rouge-Beige-e1739276448262-800x371.png 800w, https:\/\/www.mairie-volonne.fr\/wp-content\/uploads\/2025\/02\/Affiche-Poster-Evenement-Festival-Musique-Moderne-Illustre-Bleu-Rouge-Beige-e1739276448262-1024x475.png 1024w, https:\/\/www.mairie-volonne.fr\/wp-content\/uploads\/2025\/02\/Affiche-Poster-Evenement-Festival-Musique-Moderne-Illustre-Bleu-Rouge-Beige-e1739276448262-1200x556.png 1200w, https:\/\/www.mairie-volonne.fr\/wp-content\/uploads\/2025\/02\/Affiche-Poster-Evenement-Festival-Musique-Moderne-Illustre-Bleu-Rouge-Beige-e1739276448262-1320x612.png 1320w, https:\/\/www.mairie-volonne.fr\/wp-content\/uploads\/2025\/02\/Affiche-Poster-Evenement-Festival-Musique-Moderne-Illustre-Bleu-Rouge-Beige-e1739276448262.png 1413w\" sizes=\"(max-width: 529px) 100vw, 529px\" \/><\/h1>\n<h1><\/h1>\n<h3>La commune de Volonne dispose de plusieurs salles communales disponibles \u00e0 la location, adapt\u00e9es \u00e0 divers besoins et \u00e9v\u00e9nements.<\/h3>\n<h2><span style=\"color: #4669c1;\">Salle Polyvalente<\/span><\/h2>\n<h3>Notre salle polyvalente est ouverte \u00e0 la fois aux associations et aux particuliers. Elle peut accueillir jusqu&rsquo;\u00e0 125 personnes, ce qui en fait un lieu id\u00e9al pour vos r\u00e9unions, f\u00eates, conf\u00e9rences et autres \u00e9v\u00e9nements.<\/h3>\n<h2><span style=\"color: #4669c1;\">Salle Labouerie<\/span><\/h2>\n<h3>La salle Labouerie, d&rsquo;une superficie de 60m\u00b2, est parfaite pour des r\u00e9unions plus intimes ou des ateliers. Sa taille modeste en fait un espace convivial et chaleureux pour vos activit\u00e9s.<\/h3>\n<h2><span style=\"color: #4669c1;\">Espace Notre Dame<\/span><\/h2>\n<h3>L&rsquo;espace Notre Dame est exclusivement r\u00e9serv\u00e9 aux associations et peut accueillir jusqu&rsquo;\u00e0 300 personnes. Cet espace spacieux est id\u00e9al pour les grandes assembl\u00e9es, les \u00e9v\u00e9nements communautaires et les manifestations culturelles.<\/h3>\n<p>&nbsp;<\/p>\n<h2><span style=\"color: #4669c1;\">Tarifs<\/span><\/h2>\n<h3>Les tarifs de location de salles ont \u00e9t\u00e9 fix\u00e9s par le conseil municipal en date du 04 novembre 2024.<\/h3>\n<p><img decoding=\"async\" class=\"alignnone size-full wp-image-13670\" src=\"https:\/\/www.mairie-volonne.fr\/wp-content\/uploads\/2025\/02\/tarifs-salles.jpg\" alt=\"\" width=\"856\" height=\"628\" srcset=\"https:\/\/www.mairie-volonne.fr\/wp-content\/uploads\/2025\/02\/tarifs-salles-200x147.jpg 200w, https:\/\/www.mairie-volonne.fr\/wp-content\/uploads\/2025\/02\/tarifs-salles-300x220.jpg 300w, https:\/\/www.mairie-volonne.fr\/wp-content\/uploads\/2025\/02\/tarifs-salles-400x293.jpg 400w, https:\/\/www.mairie-volonne.fr\/wp-content\/uploads\/2025\/02\/tarifs-salles-600x440.jpg 600w, https:\/\/www.mairie-volonne.fr\/wp-content\/uploads\/2025\/02\/tarifs-salles-768x563.jpg 768w, https:\/\/www.mairie-volonne.fr\/wp-content\/uploads\/2025\/02\/tarifs-salles-800x587.jpg 800w, https:\/\/www.mairie-volonne.fr\/wp-content\/uploads\/2025\/02\/tarifs-salles.jpg 856w\" sizes=\"(max-width: 856px) 100vw, 856px\" \/><\/p>\n<h2><\/h2>\n<h2><span style=\"color: #4669c1;\">Demande de r\u00e9servation<\/span><\/h2>\n<h3>Pour toute demande de r\u00e9servation, merci de bien vouloir nous retourner <a href=\"https:\/\/www.mairie-volonne.fr\/wp-content\/uploads\/2025\/02\/VOLONNE-Demande-de-reservation-salle.pdf\"><span style=\"color: #ff5757;\">ce formulaire.<\/span> <\/a>Pour plus d&rsquo;informations, n&rsquo;h\u00e9sitez pas \u00e0 contacter l&rsquo;accueil de la mairie de 8h00 \u00e0 12h00 tous les jours de la semaine.<\/h3>\n<p>&nbsp;<\/p>\n<h1 style=\"text-align: center;\"><\/h1>\n<p>&nbsp;<\/p>\n","protected":false},"excerpt":{"rendered":"<p>La commune de Volonne dispose de plusieurs salles communales disponibles \u00e0 la location, adapt\u00e9es \u00e0 divers besoins et \u00e9v\u00e9nements. Salle Polyvalente Notre salle polyvalente est ouverte \u00e0 la fois aux associations et aux particuliers. Elle peut accueillir jusqu&rsquo;\u00e0 125 personnes, ce qui en fait un lieu id\u00e9al pour vos r\u00e9unions, f\u00eates, conf\u00e9rences et autres \u00e9v\u00e9nements. [&#8230;]<\/p>\n","protected":false},"author":7,"featured_media":0,"parent":0,"menu_order":0,"comment_status":"closed","ping_status":"closed","template":"","meta":{"_EventAllDay":false,"_EventTimezone":"","_EventStartDate":"","_EventEndDate":"","_EventStartDateUTC":"","_EventEndDateUTC":"","_EventShowMap":false,"_EventShowMapLink":false,"_EventURL":"","_EventCost":"","_EventCostDescription":"","_EventCurrencySymbol":"","_EventCurrencyCode":"","_EventCurrencyPosition":"","_EventDateTimeSeparator":"","_EventTimeRangeSeparator":"","_EventOrganizerID":[],"_EventVenueID":[],"_OrganizerEmail":"","_OrganizerPhone":"","_OrganizerWebsite":"","_VenueAddress":"","_VenueCity":"","_VenueCountry":"","_VenueProvince":"","_VenueState":"","_VenueZip":"","_VenuePhone":"","_VenueURL":"","_VenueStateProvince":"","_VenueLat":"","_VenueLng":"","_VenueShowMap":false,"_VenueShowMapLink":false,"jetpack_post_was_ever_published":false,"footnotes":""},"class_list":["post-158","page","type-page","status-publish","hentry"],"jetpack_shortlink":"https:\/\/wp.me\/P6fN6B-2y","jetpack_sharing_enabled":true,"_links":{"self":[{"href":"https:\/\/www.mairie-volonne.fr\/index.php\/wp-json\/wp\/v2\/pages\/158","targetHints":{"allow":["GET"]}}],"collection":[{"href":"https:\/\/www.mairie-volonne.fr\/index.php\/wp-json\/wp\/v2\/pages"}],"about":[{"href":"https:\/\/www.mairie-volonne.fr\/index.php\/wp-json\/wp\/v2\/types\/page"}],"author":[{"embeddable":true,"href":"https:\/\/www.mairie-volonne.fr\/index.php\/wp-json\/wp\/v2\/users\/7"}],"replies":[{"embeddable":true,"href":"https:\/\/www.mairie-volonne.fr\/index.php\/wp-json\/wp\/v2\/comments?post=158"}],"version-history":[{"count":42,"href":"https:\/\/www.mairie-volonne.fr\/index.php\/wp-json\/wp\/v2\/pages\/158\/revisions"}],"predecessor-version":[{"id":13671,"href":"https:\/\/www.mairie-volonne.fr\/index.php\/wp-json\/wp\/v2\/pages\/158\/revisions\/13671"}],"wp:attachment":[{"href":"https:\/\/www.mairie-volonne.fr\/index.php\/wp-json\/wp\/v2\/media?parent=158"}],"curies":[{"name":"wp","href":"https:\/\/api.w.org\/{rel}","templated":true}]}}

<h1><img decoding="async" class="wp-image-13588 aligncenter" src="https://www.mairie-volonne.fr/wp-content/uploads/2025/02/Affiche-Poster-Evenement-Festival-Musique-Moderne-Illustre-Bleu-Rouge-Beige-e1739276448262.png" alt="" width="529" height="245" srcset="https://www.mairie-volonne.fr/wp-content/uploads/2025/02/Affiche-Poster-Evenement-Festival-Musique-Moderne-Illustre-Bleu-Rouge-Beige-e1739276448262-200x93.png 200w, https://www.mairie-volonne.fr/wp-content/uploads/2025/02/Affiche-Poster-Evenement-Festival-Musique-Moderne-Illustre-Bleu-Rouge-Beige-e1739276448262-300x139.png 300w, https://www.mairie-volonne.fr/wp-content/uploads/2025/02/Affiche-Poster-Evenement-Festival-Musique-Moderne-Illustre-Bleu-Rouge-Beige-e1739276448262-400x185.png 400w, https://www.mairie-volonne.fr/wp-content/uploads/2025/02/Affiche-Poster-Evenement-Festival-Musique-Moderne-Illustre-Bleu-Rouge-Beige-e1739276448262-600x278.png 600w, https://www.mairie-volonne.fr/wp-content/uploads/2025/02/Affiche-Poster-Evenement-Festival-Musique-Moderne-Illustre-Bleu-Rouge-Beige-e1739276448262-768x356.png 768w, https://www.mairie-volonne.fr/wp-content/uploads/2025/02/Affiche-Poster-Evenement-Festival-Musique-Moderne-Illustre-Bleu-Rouge-Beige-e1739276448262-800x371.png 800w, https://www.mairie-volonne.fr/wp-content/uploads/2025/02/Affiche-Poster-Evenement-Festival-Musique-Moderne-Illustre-Bleu-Rouge-Beige-e1739276448262-1024x475.png 1024w, https://www.mairie-volonne.fr/wp-content/uploads/2025/02/Affiche-Poster-Evenement-Festival-Musique-Moderne-Illustre-Bleu-Rouge-Beige-e1739276448262-1200x556.png 1200w, https://www.mairie-volonne.fr/wp-content/uploads/2025/02/Affiche-Poster-Evenement-Festival-Musique-Moderne-Illustre-Bleu-Rouge-Beige-e1739276448262-1320x612.png 1320w, https://www.mairie-volonne.fr/wp-content/uploads/2025/02/Affiche-Poster-Evenement-Festival-Musique-Moderne-Illustre-Bleu-Rouge-Beige-e1739276448262.png 1413w" sizes="(max-width: 529px) 100vw, 529px" /></h1>
<h1></h1>
<h3>La commune de Volonne dispose de plusieurs salles communales disponibles à la location, adaptées à divers besoins et événements.</h3>
<h2><span style="color: #4669c1;">Salle Polyvalente</span></h2>
<h3>Notre salle polyvalente est ouverte à la fois aux associations et aux particuliers. Elle peut accueillir jusqu&rsquo;à 125 personnes, ce qui en fait un lieu idéal pour vos réunions, fêtes, conférences et autres événements.</h3>
<h2><span style="color: #4669c1;">Salle Labouerie</span></h2>
<h3>La salle Labouerie, d&rsquo;une superficie de 60m², est parfaite pour des réunions plus intimes ou des ateliers. Sa taille modeste en fait un espace convivial et chaleureux pour vos activités.</h3>
<h2><span style="color: #4669c1;">Espace Notre Dame</span></h2>
<h3>L&rsquo;espace Notre Dame est exclusivement réservé aux associations et peut accueillir jusqu&rsquo;à 300 personnes. Cet espace spacieux est idéal pour les grandes assemblées, les événements communautaires et les manifestations culturelles.</h3>
<p>&nbsp;</p>
<h2><span style="color: #4669c1;">Tarifs</span></h2>
<h3>Les tarifs de location de salles ont été fixés par le conseil municipal en date du 04 novembre 2024.</h3>
<p><img decoding="async" class="alignnone size-full wp-image-13670" src="https://www.mairie-volonne.fr/wp-content/uploads/2025/02/tarifs-salles.jpg" alt="" width="856" height="628" srcset="https://www.mairie-volonne.fr/wp-content/uploads/2025/02/tarifs-salles-200x147.jpg 200w, https://www.mairie-volonne.fr/wp-content/uploads/2025/02/tarifs-salles-300x220.jpg 300w, https://www.mairie-volonne.fr/wp-content/uploads/2025/02/tarifs-salles-400x293.jpg 400w, https://www.mairie-volonne.fr/wp-content/uploads/2025/02/tarifs-salles-600x440.jpg 600w, https://www.mairie-volonne.fr/wp-content/uploads/2025/02/tarifs-salles-768x563.jpg 768w, https://www.mairie-volonne.fr/wp-content/uploads/2025/02/tarifs-salles-800x587.jpg 800w, https://www.mairie-volonne.fr/wp-content/uploads/2025/02/tarifs-salles.jpg 856w" sizes="(max-width: 856px) 100vw, 856px" /></p>
<h2></h2>
<h2><span style="color: #4669c1;">Demande de réservation</span></h2>
<h3>Pour toute demande de réservation, merci de bien vouloir nous retourner <a href="https://www.mairie-volonne.fr/wp-content/uploads/2025/02/VOLONNE-Demande-de-reservation-salle.pdf"><span style="color: #ff5757;">ce formulaire.</span> </a>Pour plus d&rsquo;informations, n&rsquo;hésitez pas à contacter l&rsquo;accueil de la mairie de 8h00 à 12h00 tous les jours de la semaine.</h3>
<p>&nbsp;</p>
<h1 style="text-align: center;"></h1>
<p>&nbsp;</p>

<p>La commune de Volonne dispose de plusieurs salles communales disponibles à la location, adaptées à divers besoins et événements. Salle Polyvalente Notre salle polyvalente est ouverte à la fois aux associations et aux particuliers. Elle peut accueillir jusqu&rsquo;à 125 personnes, ce qui en fait un lieu idéal pour vos réunions, fêtes, conférences et autres événements. [&#8230;]</p>
