{"id":13269,"date":"2024-07-11T15:02:10","date_gmt":"2024-07-11T13:02:10","guid":{"rendered":"https:\/\/www.mairie-volonne.fr\/?page_id=13269"},"modified":"2025-03-13T08:58:22","modified_gmt":"2025-03-13T07:58:22","slug":"4-entrees-du-centre-ancien","status":"publish","type":"page","link":"https:\/\/www.mairie-volonne.fr\/index.php\/4-entrees-du-centre-ancien\/","title":{"rendered":"4 Entr\u00e9es du Centre Ancien"},"content":{"rendered":"<p><img decoding=\"async\" class=\"wp-image-13354 aligncenter\" src=\"https:\/\/www.mairie-volonne.fr\/wp-content\/uploads\/2024\/07\/kermesse-4-e1720783898467.png\" alt=\"\" width=\"747\" height=\"340\" srcset=\"https:\/\/www.mairie-volonne.fr\/wp-content\/uploads\/2024\/07\/kermesse-4-e1720783898467-200x91.png 200w, https:\/\/www.mairie-volonne.fr\/wp-content\/uploads\/2024\/07\/kermesse-4-e1720783898467-300x137.png 300w, https:\/\/www.mairie-volonne.fr\/wp-content\/uploads\/2024\/07\/kermesse-4-e1720783898467-400x182.png 400w, https:\/\/www.mairie-volonne.fr\/wp-content\/uploads\/2024\/07\/kermesse-4-e1720783898467-600x273.png 600w, https:\/\/www.mairie-volonne.fr\/wp-content\/uploads\/2024\/07\/kermesse-4-e1720783898467-768x350.png 768w, https:\/\/www.mairie-volonne.fr\/wp-content\/uploads\/2024\/07\/kermesse-4-e1720783898467-800x364.png 800w, https:\/\/www.mairie-volonne.fr\/wp-content\/uploads\/2024\/07\/kermesse-4-e1720783898467-1024x466.png 1024w, https:\/\/www.mairie-volonne.fr\/wp-content\/uploads\/2024\/07\/kermesse-4-e1720783898467-1200x546.png 1200w, https:\/\/www.mairie-volonne.fr\/wp-content\/uploads\/2024\/07\/kermesse-4-e1720783898467-1320x601.png 1320w, https:\/\/www.mairie-volonne.fr\/wp-content\/uploads\/2024\/07\/kermesse-4-e1720783898467-1536x699.png 1536w, https:\/\/www.mairie-volonne.fr\/wp-content\/uploads\/2024\/07\/kermesse-4-e1720783898467.png 1586w\" sizes=\"(max-width: 747px) 100vw, 747px\" \/><\/p>\n<p>&nbsp;<\/p>\n<p>&nbsp;<\/p>\n<h3>CE PROJET CONSISTE \u00c0 TRAVAILLER SUR LES PARKINGS EN ENTR\u00c9E DE VILLE, EN AGISSANT AUSSI, POUR L\u2019ENTR\u00c9E OUEST, SUR LA RUE D\u2019ACC\u00c8S \u00ab ELIE ROUX \u00bb. IL S\u2019AGIT DE TRAITER LES R\u00c9SEAUX SUR CETTE PORTION DE VOIE EN RAISON DES NOMBREUX D\u00c9SORDRES SUBIS PAR LA R\u00c9GIE DES EAUX SUR LES R\u00c9SEAUX HUMIDES DE CETTE RUE.<\/h3>\n<h3>PARMI LES SITES \u00c0 REQUALIFIER, NOUS PROPOSONS DE TRAITER MAINTENANT 4 ENTR\u00c9ES DU CENTRE ANCIEN :<\/h3>\n<ul>\n<li>\n<h3>ENTR\u00c9E OUEST &#8211; LA RUE ELIE ROUX ET LA PLACE AUGUSTE JULIEN<\/h3>\n<\/li>\n<li>\n<h3>ENTR\u00c9E SUD &#8211; LE PARKING DE LA CROIX<\/h3>\n<\/li>\n<li>\n<h3>ENTR\u00c9E EST &#8211; LE PARKING BAS DE VI\u00c8RE<\/h3>\n<\/li>\n<li>\n<h3>ENTR\u00c9E NORD &#8211; LES ANCIENNES CAVES DU MOULIN CHEDID \u2013 RUE DU VERGER<\/h3>\n<\/li>\n<\/ul>\n<p><img decoding=\"async\" class=\"alignnone size-full wp-image-13353\" src=\"https:\/\/www.mairie-volonne.fr\/wp-content\/uploads\/2024\/07\/4-entrees.png\" alt=\"\" width=\"1468\" height=\"1243\" srcset=\"https:\/\/www.mairie-volonne.fr\/wp-content\/uploads\/2024\/07\/4-entrees-200x169.png 200w, https:\/\/www.mairie-volonne.fr\/wp-content\/uploads\/2024\/07\/4-entrees-300x254.png 300w, https:\/\/www.mairie-volonne.fr\/wp-content\/uploads\/2024\/07\/4-entrees-400x339.png 400w, https:\/\/www.mairie-volonne.fr\/wp-content\/uploads\/2024\/07\/4-entrees-600x508.png 600w, https:\/\/www.mairie-volonne.fr\/wp-content\/uploads\/2024\/07\/4-entrees-768x650.png 768w, https:\/\/www.mairie-volonne.fr\/wp-content\/uploads\/2024\/07\/4-entrees-800x677.png 800w, https:\/\/www.mairie-volonne.fr\/wp-content\/uploads\/2024\/07\/4-entrees-1024x867.png 1024w, https:\/\/www.mairie-volonne.fr\/wp-content\/uploads\/2024\/07\/4-entrees-1200x1016.png 1200w, https:\/\/www.mairie-volonne.fr\/wp-content\/uploads\/2024\/07\/4-entrees-1320x1118.png 1320w, https:\/\/www.mairie-volonne.fr\/wp-content\/uploads\/2024\/07\/4-entrees.png 1468w\" sizes=\"(max-width: 1468px) 100vw, 1468px\" \/><\/p>\n<p><img decoding=\"async\" class=\"alignnone  wp-image-13727\" src=\"https:\/\/www.mairie-volonne.fr\/wp-content\/uploads\/2025\/03\/Pref-Dept04.png\" alt=\"\" width=\"301\" height=\"379\" srcset=\"https:\/\/www.mairie-volonne.fr\/wp-content\/uploads\/2025\/03\/Pref-Dept04-238x300.png 238w, https:\/\/www.mairie-volonne.fr\/wp-content\/uploads\/2025\/03\/Pref-Dept04.png 2730w\" sizes=\"(max-width: 301px) 100vw, 301px\" \/><img decoding=\"async\" class=\"alignnone size-full wp-image-13731 alignright\" src=\"https:\/\/www.mairie-volonne.fr\/wp-content\/uploads\/2025\/03\/logo-region.jpg\" alt=\"\" width=\"500\" height=\"289\" srcset=\"https:\/\/www.mairie-volonne.fr\/wp-content\/uploads\/2025\/03\/logo-region-200x116.jpg 200w, https:\/\/www.mairie-volonne.fr\/wp-content\/uploads\/2025\/03\/logo-region-300x173.jpg 300w, https:\/\/www.mairie-volonne.fr\/wp-content\/uploads\/2025\/03\/logo-region-400x231.jpg 400w, https:\/\/www.mairie-volonne.fr\/wp-content\/uploads\/2025\/03\/logo-region.jpg 500w\" sizes=\"(max-width: 500px) 100vw, 500px\" \/><\/p>\n","protected":false},"excerpt":{"rendered":"<p>&nbsp; &nbsp; CE PROJET CONSISTE \u00c0 TRAVAILLER SUR LES PARKINGS EN ENTR\u00c9E DE VILLE, EN AGISSANT AUSSI, POUR L\u2019ENTR\u00c9E OUEST, SUR LA RUE D\u2019ACC\u00c8S \u00ab ELIE ROUX \u00bb. IL S\u2019AGIT DE TRAITER LES R\u00c9SEAUX SUR CETTE PORTION DE VOIE EN RAISON DES NOMBREUX D\u00c9SORDRES SUBIS PAR LA R\u00c9GIE DES EAUX SUR LES R\u00c9SEAUX HUMIDES DE [&#8230;]<\/p>\n","protected":false},"author":9,"featured_media":0,"parent":0,"menu_order":0,"comment_status":"closed","ping_status":"closed","template":"100-width.php","meta":{"_EventAllDay":false,"_EventTimezone":"","_EventStartDate":"","_EventEndDate":"","_EventStartDateUTC":"","_EventEndDateUTC":"","_EventShowMap":false,"_EventShowMapLink":false,"_EventURL":"","_EventCost":"","_EventCostDescription":"","_EventCurrencySymbol":"","_EventCurrencyCode":"","_EventCurrencyPosition":"","_EventDateTimeSeparator":"","_EventTimeRangeSeparator":"","_EventOrganizerID":[],"_EventVenueID":[],"_OrganizerEmail":"","_OrganizerPhone":"","_OrganizerWebsite":"","_VenueAddress":"","_VenueCity":"","_VenueCountry":"","_VenueProvince":"","_VenueState":"","_VenueZip":"","_VenuePhone":"","_VenueURL":"","_VenueStateProvince":"","_VenueLat":"","_VenueLng":"","_VenueShowMap":false,"_VenueShowMapLink":false,"jetpack_post_was_ever_published":false,"footnotes":""},"class_list":["post-13269","page","type-page","status-publish","hentry"],"jetpack_shortlink":"https:\/\/wp.me\/P6fN6B-3s1","jetpack_sharing_enabled":true,"_links":{"self":[{"href":"https:\/\/www.mairie-volonne.fr\/index.php\/wp-json\/wp\/v2\/pages\/13269","targetHints":{"allow":["GET"]}}],"collection":[{"href":"https:\/\/www.mairie-volonne.fr\/index.php\/wp-json\/wp\/v2\/pages"}],"about":[{"href":"https:\/\/www.mairie-volonne.fr\/index.php\/wp-json\/wp\/v2\/types\/page"}],"author":[{"embeddable":true,"href":"https:\/\/www.mairie-volonne.fr\/index.php\/wp-json\/wp\/v2\/users\/9"}],"replies":[{"embeddable":true,"href":"https:\/\/www.mairie-volonne.fr\/index.php\/wp-json\/wp\/v2\/comments?post=13269"}],"version-history":[{"count":4,"href":"https:\/\/www.mairie-volonne.fr\/index.php\/wp-json\/wp\/v2\/pages\/13269\/revisions"}],"predecessor-version":[{"id":13732,"href":"https:\/\/www.mairie-volonne.fr\/index.php\/wp-json\/wp\/v2\/pages\/13269\/revisions\/13732"}],"wp:attachment":[{"href":"https:\/\/www.mairie-volonne.fr\/index.php\/wp-json\/wp\/v2\/media?parent=13269"}],"curies":[{"name":"wp","href":"https:\/\/api.w.org\/{rel}","templated":true}]}}

4 Entrées du Centre Ancien

<p><img decoding="async" class="wp-image-13354 aligncenter" src="https://www.mairie-volonne.fr/wp-content/uploads/2024/07/kermesse-4-e1720783898467.png" alt="" width="747" height="340" srcset="https://www.mairie-volonne.fr/wp-content/uploads/2024/07/kermesse-4-e1720783898467-200x91.png 200w, https://www.mairie-volonne.fr/wp-content/uploads/2024/07/kermesse-4-e1720783898467-300x137.png 300w, https://www.mairie-volonne.fr/wp-content/uploads/2024/07/kermesse-4-e1720783898467-400x182.png 400w, https://www.mairie-volonne.fr/wp-content/uploads/2024/07/kermesse-4-e1720783898467-600x273.png 600w, https://www.mairie-volonne.fr/wp-content/uploads/2024/07/kermesse-4-e1720783898467-768x350.png 768w, https://www.mairie-volonne.fr/wp-content/uploads/2024/07/kermesse-4-e1720783898467-800x364.png 800w, https://www.mairie-volonne.fr/wp-content/uploads/2024/07/kermesse-4-e1720783898467-1024x466.png 1024w, https://www.mairie-volonne.fr/wp-content/uploads/2024/07/kermesse-4-e1720783898467-1200x546.png 1200w, https://www.mairie-volonne.fr/wp-content/uploads/2024/07/kermesse-4-e1720783898467-1320x601.png 1320w, https://www.mairie-volonne.fr/wp-content/uploads/2024/07/kermesse-4-e1720783898467-1536x699.png 1536w, https://www.mairie-volonne.fr/wp-content/uploads/2024/07/kermesse-4-e1720783898467.png 1586w" sizes="(max-width: 747px) 100vw, 747px" /></p>
<p>&nbsp;</p>
<p>&nbsp;</p>
<h3>CE PROJET CONSISTE À TRAVAILLER SUR LES PARKINGS EN ENTRÉE DE VILLE, EN AGISSANT AUSSI, POUR L’ENTRÉE OUEST, SUR LA RUE D’ACCÈS « ELIE ROUX ». IL S’AGIT DE TRAITER LES RÉSEAUX SUR CETTE PORTION DE VOIE EN RAISON DES NOMBREUX DÉSORDRES SUBIS PAR LA RÉGIE DES EAUX SUR LES RÉSEAUX HUMIDES DE CETTE RUE.</h3>
<h3>PARMI LES SITES À REQUALIFIER, NOUS PROPOSONS DE TRAITER MAINTENANT 4 ENTRÉES DU CENTRE ANCIEN :</h3>
<ul>
<li>
<h3>ENTRÉE OUEST &#8211; LA RUE ELIE ROUX ET LA PLACE AUGUSTE JULIEN</h3>
</li>
<li>
<h3>ENTRÉE SUD &#8211; LE PARKING DE LA CROIX</h3>
</li>
<li>
<h3>ENTRÉE EST &#8211; LE PARKING BAS DE VIÈRE</h3>
</li>
<li>
<h3>ENTRÉE NORD &#8211; LES ANCIENNES CAVES DU MOULIN CHEDID – RUE DU VERGER</h3>
</li>
</ul>
<p><img decoding="async" class="alignnone size-full wp-image-13353" src="https://www.mairie-volonne.fr/wp-content/uploads/2024/07/4-entrees.png" alt="" width="1468" height="1243" srcset="https://www.mairie-volonne.fr/wp-content/uploads/2024/07/4-entrees-200x169.png 200w, https://www.mairie-volonne.fr/wp-content/uploads/2024/07/4-entrees-300x254.png 300w, https://www.mairie-volonne.fr/wp-content/uploads/2024/07/4-entrees-400x339.png 400w, https://www.mairie-volonne.fr/wp-content/uploads/2024/07/4-entrees-600x508.png 600w, https://www.mairie-volonne.fr/wp-content/uploads/2024/07/4-entrees-768x650.png 768w, https://www.mairie-volonne.fr/wp-content/uploads/2024/07/4-entrees-800x677.png 800w, https://www.mairie-volonne.fr/wp-content/uploads/2024/07/4-entrees-1024x867.png 1024w, https://www.mairie-volonne.fr/wp-content/uploads/2024/07/4-entrees-1200x1016.png 1200w, https://www.mairie-volonne.fr/wp-content/uploads/2024/07/4-entrees-1320x1118.png 1320w, https://www.mairie-volonne.fr/wp-content/uploads/2024/07/4-entrees.png 1468w" sizes="(max-width: 1468px) 100vw, 1468px" /></p>
<p><img decoding="async" class="alignnone  wp-image-13727" src="https://www.mairie-volonne.fr/wp-content/uploads/2025/03/Pref-Dept04.png" alt="" width="301" height="379" srcset="https://www.mairie-volonne.fr/wp-content/uploads/2025/03/Pref-Dept04-238x300.png 238w, https://www.mairie-volonne.fr/wp-content/uploads/2025/03/Pref-Dept04.png 2730w" sizes="(max-width: 301px) 100vw, 301px" /><img decoding="async" class="alignnone size-full wp-image-13731 alignright" src="https://www.mairie-volonne.fr/wp-content/uploads/2025/03/logo-region.jpg" alt="" width="500" height="289" srcset="https://www.mairie-volonne.fr/wp-content/uploads/2025/03/logo-region-200x116.jpg 200w, https://www.mairie-volonne.fr/wp-content/uploads/2025/03/logo-region-300x173.jpg 300w, https://www.mairie-volonne.fr/wp-content/uploads/2025/03/logo-region-400x231.jpg 400w, https://www.mairie-volonne.fr/wp-content/uploads/2025/03/logo-region.jpg 500w" sizes="(max-width: 500px) 100vw, 500px" /></p>

<p>&nbsp; &nbsp; CE PROJET CONSISTE À TRAVAILLER SUR LES PARKINGS EN ENTRÉE DE VILLE, EN AGISSANT AUSSI, POUR L’ENTRÉE OUEST, SUR LA RUE D’ACCÈS « ELIE ROUX ». IL S’AGIT DE TRAITER LES RÉSEAUX SUR CETTE PORTION DE VOIE EN RAISON DES NOMBREUX DÉSORDRES SUBIS PAR LA RÉGIE DES EAUX SUR LES RÉSEAUX HUMIDES DE [&#8230;]</p>
