{"id":13262,"date":"2024-07-11T14:57:28","date_gmt":"2024-07-11T12:57:28","guid":{"rendered":"https:\/\/www.mairie-volonne.fr\/?page_id=13262"},"modified":"2025-03-13T08:56:34","modified_gmt":"2025-03-13T07:56:34","slug":"renovation-de-la-cour-de-lecole-maternelle","status":"publish","type":"page","link":"https:\/\/www.mairie-volonne.fr\/index.php\/renovation-de-la-cour-de-lecole-maternelle\/","title":{"rendered":"R\u00e9novation de la cour de l&rsquo;\u00e9cole maternelle"},"content":{"rendered":"<p><img decoding=\"async\" class=\"aligncenter wp-image-13327 \" src=\"https:\/\/www.mairie-volonne.fr\/wp-content\/uploads\/2024\/07\/kermesse-e1720777532171.png\" alt=\"\" width=\"880\" height=\"361\" srcset=\"https:\/\/www.mairie-volonne.fr\/wp-content\/uploads\/2024\/07\/kermesse-e1720777532171-200x82.png 200w, https:\/\/www.mairie-volonne.fr\/wp-content\/uploads\/2024\/07\/kermesse-e1720777532171-300x123.png 300w, https:\/\/www.mairie-volonne.fr\/wp-content\/uploads\/2024\/07\/kermesse-e1720777532171-400x164.png 400w, https:\/\/www.mairie-volonne.fr\/wp-content\/uploads\/2024\/07\/kermesse-e1720777532171-600x246.png 600w, https:\/\/www.mairie-volonne.fr\/wp-content\/uploads\/2024\/07\/kermesse-e1720777532171-768x315.png 768w, https:\/\/www.mairie-volonne.fr\/wp-content\/uploads\/2024\/07\/kermesse-e1720777532171-800x328.png 800w, https:\/\/www.mairie-volonne.fr\/wp-content\/uploads\/2024\/07\/kermesse-e1720777532171-1024x420.png 1024w, https:\/\/www.mairie-volonne.fr\/wp-content\/uploads\/2024\/07\/kermesse-e1720777532171-1200x493.png 1200w, https:\/\/www.mairie-volonne.fr\/wp-content\/uploads\/2024\/07\/kermesse-e1720777532171-1320x542.png 1320w, https:\/\/www.mairie-volonne.fr\/wp-content\/uploads\/2024\/07\/kermesse-e1720777532171-1536x630.png 1536w, https:\/\/www.mairie-volonne.fr\/wp-content\/uploads\/2024\/07\/kermesse-e1720777532171.png 1586w\" sizes=\"(max-width: 880px) 100vw, 880px\" \/><\/p>\n<p>&nbsp;<\/p>\n<h3>L\u2019exposition plein sud de la cour de l\u2019\u00e9cole, la surface importante d\u2019enrob\u00e9 et la faible pr\u00e9sence d\u2019arbres dans la cour, entraine une \u00e9l\u00e9vation rapide de la temp\u00e9rature. D\u00e8s le mois de mai, des temp\u00e9ratures environnant les 38\u00b0C sont enregistr\u00e9es, rendant impossible la r\u00e9cr\u00e9ation des enfants.<\/h3>\n<p>&nbsp;<\/p>\n<h3>Le projet vise \u00e0 transformer la cour bitum\u00e9e de l\u2019\u00e9cole maternelle en un r\u00e9el espace de nature par une d\u00e9simperm\u00e9abilisation et une v\u00e9g\u00e9talisation. Ce projet favorisera :<\/h3>\n<ul>\n<li>\n<h3>Les \u00eelots de fra\u00eecheur\u00a0via la v\u00e9g\u00e9tation ;<\/h3>\n<\/li>\n<li>\n<h3>Les infiltrations des eaux pluviales et le rechargement des aquif\u00e8res via des noues et puits d\u2019infiltration\u00a0;<\/h3>\n<\/li>\n<li>\n<h3>La biodiversit\u00e9 via une v\u00e9g\u00e9tation adapt\u00e9e et constituera ainsi un socle d\u2019\u00e9ducation et de sensibilisation \u00e0 la nature\u00a0;<\/h3>\n<\/li>\n<\/ul>\n<h3>Ce projet permettra d\u2019adapter la cour de l\u2019\u00e9cole maternelle aux \u00e9pisodes m\u00e9t\u00e9orologiques extr\u00eames actuels et \u00e0 venir (pluies violentes, inondations et temp\u00e9ratures extr\u00eames).<\/h3>\n<h3 style=\"text-align: left;\">Le projet s\u2019\u00e9l\u00e8ve \u00e0 132\u00a0260,00 \u20ac HT.<\/h3>\n<table class=\" aligncenter\">\n<tbody>\n<tr>\n<td width=\"423\"><strong>D\u00e9penses<\/strong><\/td>\n<td width=\"110\"><strong>Montant HT<\/strong><\/td>\n<td width=\"71\"><strong>%<\/strong><\/td>\n<\/tr>\n<tr>\n<td width=\"423\"><strong>Travaux de d\u00e9simperm\u00e9abilisation de la cour d\u2019\u00e9cole maternelle<\/strong><\/td>\n<td width=\"110\"><strong>116\u00a0260,00 \u20ac<\/strong><\/td>\n<td width=\"71\">\n<p style=\"text-align: left;\">\n<\/td>\n<\/tr>\n<tr>\n<td width=\"423\"><strong><u>Ensemble des \u00e9tudes<\/u><\/strong><\/p>\n<p><strong>Bureau de contr\u00f4le, CSPS et al\u00e9a<\/strong><\/td>\n<td width=\"110\"><strong>16\u00a0000,00 \u20ac<\/strong><\/td>\n<td width=\"71\"><\/td>\n<\/tr>\n<tr>\n<td width=\"423\"><strong>Co\u00fbt total de l\u2019op\u00e9ration<\/strong><\/td>\n<td width=\"110\"><strong>132\u00a0260,00 \u20ac<\/strong><\/td>\n<td width=\"71\"><\/td>\n<\/tr>\n<tr>\n<td width=\"423\"><strong>Fonds vert Axe 2 \u00ab\u00a0Renaturation des villes et des villages \u00bb<\/strong><\/td>\n<td width=\"110\"><strong>105\u00a0808,00 \u20ac<\/strong><\/td>\n<td width=\"71\"><strong>80 %<\/strong><\/td>\n<\/tr>\n<tr>\n<td width=\"423\"><strong>Autofinancement<\/strong><\/td>\n<td width=\"110\"><strong>26\u00a0452,00 \u20ac<\/strong><\/td>\n<td width=\"71\"><strong>20 %<\/strong><\/td>\n<\/tr>\n<\/tbody>\n<\/table>\n<p>&nbsp;<\/p>\n<h3>Les Travaux devraient d\u00e9buter durant l&rsquo;\u00e9t\u00e9 2024 pour que la cour soit accessible d\u00e9s la rentr\u00e9e des classes de septembre 2024.<\/h3>\n<p><img decoding=\"async\" class=\"size-full wp-image-13332 aligncenter\" src=\"https:\/\/www.mairie-volonne.fr\/wp-content\/uploads\/2024\/07\/plan-masse-cour.jpg\" alt=\"\" width=\"1321\" height=\"901\" srcset=\"https:\/\/www.mairie-volonne.fr\/wp-content\/uploads\/2024\/07\/plan-masse-cour-200x136.jpg 200w, https:\/\/www.mairie-volonne.fr\/wp-content\/uploads\/2024\/07\/plan-masse-cour-300x205.jpg 300w, https:\/\/www.mairie-volonne.fr\/wp-content\/uploads\/2024\/07\/plan-masse-cour-400x273.jpg 400w, https:\/\/www.mairie-volonne.fr\/wp-content\/uploads\/2024\/07\/plan-masse-cour-600x409.jpg 600w, https:\/\/www.mairie-volonne.fr\/wp-content\/uploads\/2024\/07\/plan-masse-cour-768x524.jpg 768w, https:\/\/www.mairie-volonne.fr\/wp-content\/uploads\/2024\/07\/plan-masse-cour-800x546.jpg 800w, https:\/\/www.mairie-volonne.fr\/wp-content\/uploads\/2024\/07\/plan-masse-cour-1024x698.jpg 1024w, https:\/\/www.mairie-volonne.fr\/wp-content\/uploads\/2024\/07\/plan-masse-cour-1200x818.jpg 1200w, https:\/\/www.mairie-volonne.fr\/wp-content\/uploads\/2024\/07\/plan-masse-cour.jpg 1321w\" sizes=\"(max-width: 1321px) 100vw, 1321px\" \/><\/p>\n<p>&nbsp;<\/p>\n<p>&nbsp;<\/p>\n<p><img decoding=\"async\" class=\"wp-image-13726 alignleft\" src=\"https:\/\/www.mairie-volonne.fr\/wp-content\/uploads\/2025\/03\/AERMC.png\" alt=\"\" width=\"216\" height=\"216\" srcset=\"https:\/\/www.mairie-volonne.fr\/wp-content\/uploads\/2025\/03\/AERMC-66x66.png 66w, https:\/\/www.mairie-volonne.fr\/wp-content\/uploads\/2025\/03\/AERMC-150x150.png 150w, https:\/\/www.mairie-volonne.fr\/wp-content\/uploads\/2025\/03\/AERMC-200x200.png 200w, https:\/\/www.mairie-volonne.fr\/wp-content\/uploads\/2025\/03\/AERMC-300x300.png 300w, https:\/\/www.mairie-volonne.fr\/wp-content\/uploads\/2025\/03\/AERMC-400x400.png 400w, https:\/\/www.mairie-volonne.fr\/wp-content\/uploads\/2025\/03\/AERMC-600x600.png 600w, https:\/\/www.mairie-volonne.fr\/wp-content\/uploads\/2025\/03\/AERMC-768x768.png 768w, https:\/\/www.mairie-volonne.fr\/wp-content\/uploads\/2025\/03\/AERMC-800x800.png 800w, https:\/\/www.mairie-volonne.fr\/wp-content\/uploads\/2025\/03\/AERMC.png 1024w\" sizes=\"(max-width: 216px) 100vw, 216px\" \/> <img decoding=\"async\" class=\"wp-image-13728 alignleft\" src=\"https:\/\/www.mairie-volonne.fr\/wp-content\/uploads\/2025\/03\/Pref-Dept04-1.png\" alt=\"\" width=\"212\" height=\"267\" srcset=\"https:\/\/www.mairie-volonne.fr\/wp-content\/uploads\/2025\/03\/Pref-Dept04-1-200x252.png 200w, https:\/\/www.mairie-volonne.fr\/wp-content\/uploads\/2025\/03\/Pref-Dept04-1-238x300.png 238w, https:\/\/www.mairie-volonne.fr\/wp-content\/uploads\/2025\/03\/Pref-Dept04-1-400x504.png 400w, https:\/\/www.mairie-volonne.fr\/wp-content\/uploads\/2025\/03\/Pref-Dept04-1-600x756.png 600w, https:\/\/www.mairie-volonne.fr\/wp-content\/uploads\/2025\/03\/Pref-Dept04-1-768x967.png 768w, https:\/\/www.mairie-volonne.fr\/wp-content\/uploads\/2025\/03\/Pref-Dept04-1-800x1008.png 800w, https:\/\/www.mairie-volonne.fr\/wp-content\/uploads\/2025\/03\/Pref-Dept04-1-813x1024.png 813w, https:\/\/www.mairie-volonne.fr\/wp-content\/uploads\/2025\/03\/Pref-Dept04-1-1200x1512.png 1200w, https:\/\/www.mairie-volonne.fr\/wp-content\/uploads\/2025\/03\/Pref-Dept04-1-1219x1536.png 1219w, https:\/\/www.mairie-volonne.fr\/wp-content\/uploads\/2025\/03\/Pref-Dept04-1-1320x1663.png 1320w, https:\/\/www.mairie-volonne.fr\/wp-content\/uploads\/2025\/03\/Pref-Dept04-1-1626x2048.png 1626w, https:\/\/www.mairie-volonne.fr\/wp-content\/uploads\/2025\/03\/Pref-Dept04-1.png 2730w\" sizes=\"(max-width: 212px) 100vw, 212px\" \/> <img decoding=\"async\" class=\" wp-image-13729 alignleft\" src=\"https:\/\/www.mairie-volonne.fr\/wp-content\/uploads\/2025\/03\/fonds-vert_logo.png\" alt=\"\" width=\"330\" height=\"248\" srcset=\"https:\/\/www.mairie-volonne.fr\/wp-content\/uploads\/2025\/03\/fonds-vert_logo-200x150.png 200w, https:\/\/www.mairie-volonne.fr\/wp-content\/uploads\/2025\/03\/fonds-vert_logo-300x225.png 300w, https:\/\/www.mairie-volonne.fr\/wp-content\/uploads\/2025\/03\/fonds-vert_logo-400x301.png 400w, https:\/\/www.mairie-volonne.fr\/wp-content\/uploads\/2025\/03\/fonds-vert_logo.png 451w\" sizes=\"(max-width: 330px) 100vw, 330px\" \/><\/p>\n","protected":false},"excerpt":{"rendered":"<p>&nbsp; L\u2019exposition plein sud de la cour de l\u2019\u00e9cole, la surface importante d\u2019enrob\u00e9 et la faible pr\u00e9sence d\u2019arbres dans la cour, entraine une \u00e9l\u00e9vation rapide de la temp\u00e9rature. D\u00e8s le mois de mai, des temp\u00e9ratures environnant les 38\u00b0C sont enregistr\u00e9es, rendant impossible la r\u00e9cr\u00e9ation des enfants. &nbsp; Le projet vise \u00e0 transformer la cour bitum\u00e9e [&#8230;]<\/p>\n","protected":false},"author":9,"featured_media":0,"parent":0,"menu_order":0,"comment_status":"closed","ping_status":"closed","template":"100-width.php","meta":{"_EventAllDay":false,"_EventTimezone":"","_EventStartDate":"","_EventEndDate":"","_EventStartDateUTC":"","_EventEndDateUTC":"","_EventShowMap":false,"_EventShowMapLink":false,"_EventURL":"","_EventCost":"","_EventCostDescription":"","_EventCurrencySymbol":"","_EventCurrencyCode":"","_EventCurrencyPosition":"","_EventDateTimeSeparator":"","_EventTimeRangeSeparator":"","_EventOrganizerID":[],"_EventVenueID":[],"_OrganizerEmail":"","_OrganizerPhone":"","_OrganizerWebsite":"","_VenueAddress":"","_VenueCity":"","_VenueCountry":"","_VenueProvince":"","_VenueState":"","_VenueZip":"","_VenuePhone":"","_VenueURL":"","_VenueStateProvince":"","_VenueLat":"","_VenueLng":"","_VenueShowMap":false,"_VenueShowMapLink":false,"jetpack_post_was_ever_published":false,"footnotes":""},"class_list":["post-13262","page","type-page","status-publish","hentry"],"jetpack_shortlink":"https:\/\/wp.me\/P6fN6B-3rU","jetpack_sharing_enabled":true,"_links":{"self":[{"href":"https:\/\/www.mairie-volonne.fr\/index.php\/wp-json\/wp\/v2\/pages\/13262","targetHints":{"allow":["GET"]}}],"collection":[{"href":"https:\/\/www.mairie-volonne.fr\/index.php\/wp-json\/wp\/v2\/pages"}],"about":[{"href":"https:\/\/www.mairie-volonne.fr\/index.php\/wp-json\/wp\/v2\/types\/page"}],"author":[{"embeddable":true,"href":"https:\/\/www.mairie-volonne.fr\/index.php\/wp-json\/wp\/v2\/users\/9"}],"replies":[{"embeddable":true,"href":"https:\/\/www.mairie-volonne.fr\/index.php\/wp-json\/wp\/v2\/comments?post=13262"}],"version-history":[{"count":6,"href":"https:\/\/www.mairie-volonne.fr\/index.php\/wp-json\/wp\/v2\/pages\/13262\/revisions"}],"predecessor-version":[{"id":13730,"href":"https:\/\/www.mairie-volonne.fr\/index.php\/wp-json\/wp\/v2\/pages\/13262\/revisions\/13730"}],"wp:attachment":[{"href":"https:\/\/www.mairie-volonne.fr\/index.php\/wp-json\/wp\/v2\/media?parent=13262"}],"curies":[{"name":"wp","href":"https:\/\/api.w.org\/{rel}","templated":true}]}}