{"id":13082,"date":"2024-05-02T08:48:13","date_gmt":"2024-05-02T06:48:13","guid":{"rendered":"https:\/\/www.mairie-volonne.fr\/?page_id=13082"},"modified":"2025-11-27T14:22:23","modified_gmt":"2025-11-27T13:22:23","slug":"nouveaux-arrivants-2","status":"publish","type":"page","link":"https:\/\/www.mairie-volonne.fr\/index.php\/nouveaux-arrivants-2\/","title":{"rendered":"Nouveaux arrivants"},"content":{"rendered":"<p><img decoding=\"async\" class=\"alignnone wp-image-13086 aligncenter\" src=\"https:\/\/www.mairie-volonne.fr\/wp-content\/uploads\/2024\/05\/Design-sans-titre-3-e1714632599428-1024x519.png\" alt=\"\" width=\"850\" height=\"431\" srcset=\"https:\/\/www.mairie-volonne.fr\/wp-content\/uploads\/2024\/05\/Design-sans-titre-3-e1714632599428-200x101.png 200w, https:\/\/www.mairie-volonne.fr\/wp-content\/uploads\/2024\/05\/Design-sans-titre-3-e1714632599428-300x152.png 300w, https:\/\/www.mairie-volonne.fr\/wp-content\/uploads\/2024\/05\/Design-sans-titre-3-e1714632599428-400x203.png 400w, https:\/\/www.mairie-volonne.fr\/wp-content\/uploads\/2024\/05\/Design-sans-titre-3-e1714632599428-600x304.png 600w, https:\/\/www.mairie-volonne.fr\/wp-content\/uploads\/2024\/05\/Design-sans-titre-3-e1714632599428-768x389.png 768w, https:\/\/www.mairie-volonne.fr\/wp-content\/uploads\/2024\/05\/Design-sans-titre-3-e1714632599428-800x406.png 800w, https:\/\/www.mairie-volonne.fr\/wp-content\/uploads\/2024\/05\/Design-sans-titre-3-e1714632599428-1024x519.png 1024w, https:\/\/www.mairie-volonne.fr\/wp-content\/uploads\/2024\/05\/Design-sans-titre-3-e1714632599428-1200x608.png 1200w, https:\/\/www.mairie-volonne.fr\/wp-content\/uploads\/2024\/05\/Design-sans-titre-3-e1714632599428-1320x669.png 1320w, https:\/\/www.mairie-volonne.fr\/wp-content\/uploads\/2024\/05\/Design-sans-titre-3-e1714632599428-1536x779.png 1536w, https:\/\/www.mairie-volonne.fr\/wp-content\/uploads\/2024\/05\/Design-sans-titre-3-e1714632599428.png 1586w\" sizes=\"(max-width: 850px) 100vw, 850px\" \/><\/p>\n<p>&nbsp;<\/p>\n<h2 style=\"text-align: center;\"><span style=\"font-family: georgia, palatino, serif;\"><code>Chers nouveaux r\u00e9sidents,<\/code><\/span><\/h2>\n<h3 style=\"text-align: center;\"><span style=\"font-family: georgia, palatino, serif;\"><code><span style=\"color: #9cb57d;\">Bienvenue dans notre belle commune ! <\/span><\/code><\/span><\/h3>\n<h3 style=\"text-align: center;\"><span style=\"font-family: georgia, palatino, serif;\"><code>Nous sommes ravis de vous accueillir et esp\u00e9rons que vous vous y sentirez comme chez vous.<br \/>\n<\/code><\/span><\/h3>\n<h3 style=\"text-align: center;\"><span style=\"font-family: georgia, palatino, serif;\"><code>Pour faciliter votre installation, nous vous invitons \u00e0 proc\u00e9der aux d\u00e9marches suivantes :<\/code><\/span><\/h3>\n<h3 style=\"text-align: center;\"><span style=\"font-family: georgia, palatino, serif;\"><code>- Inscription sur la liste \u00e9lectorale : Rendez-vous en Mairie avec votre pi\u00e8ce d\u2019identit\u00e9 et un justificatif de domicile pour vous inscrire sur la liste \u00e9lectorale ou directement<\/code><span style=\"color: #9cb57d;\"><code> <span style=\"color: #339966;\"><strong><a style=\"color: #339966;\" href=\"https:\/\/www.service-public.fr\/particuliers\/vosdroits\/R16396\">ici<\/a><\/strong><\/span><\/code><\/span><\/span><\/h3>\n<h3 style=\"text-align: center;\"><span style=\"font-family: georgia, palatino, serif;\"><code>- Inscription dans les \u00e9coles : Pour inscrire vos enfants \u00e0 l'\u00e9cole, veuillez vous munir du livret de famille, du certificat de vaccination, du certificat d\u2019assurance couvrant le risque scolaire, du certificat de radiation de la pr\u00e9c\u00e9dente \u00e9cole et d'un justificatif de domicile.<\/code><\/span><\/h3>\n<h3 style=\"text-align: center;\"><span style=\"font-family: georgia, palatino, serif;\"><code>- Changement d\u2019adresse sur votre carte grise : Vous pouvez faire la demande de changement d'adresse sur votre carte grise sur le site du gouvernement <\/code><span style=\"color: #9cb57d;\"><span style=\"color: #339966;\"><code><a style=\"color: #339966;\" href=\"https:\/\/immatriculation.ants.gouv.fr\/demarches-en-ligne\/modifier-l-adresse-sur-votre-certificat-d-immatriculation\">ants.gouv.fr<\/a><\/code><\/span><\/span><\/span><\/h3>\n<h3 style=\"text-align: center;\"><span style=\"font-family: georgia, palatino, serif;\"><code>- Transfert de courrier : N'oubliez pas de faire suivre votre courrier \u00e0 votre nouvelle adresse en vous rendant dans notre bureau de poste ou directement <\/code><span style=\"color: #9cb57d;\"><code><span style=\"color: #339966;\"><strong><a style=\"color: #339966;\" href=\"https:\/\/www.laposte.fr\/changement-adresse-demenagement-reexpedition\">ici<\/a><\/strong><\/span><\/code><\/span><\/span><\/h3>\n<p>&nbsp;<\/p>\n<p>&nbsp;<\/p>\n<p>&nbsp;<\/p>\n<h3 style=\"text-align: center;\"><\/h3>\n<p>&nbsp;<\/p>\n<h3><code><\/code><\/h3>\n<h3><code><\/code><\/h3>\n","protected":false},"excerpt":{"rendered":"<p>&nbsp; Chers nouveaux r\u00e9sidents, Bienvenue dans notre belle commune ! Nous sommes ravis de vous accueillir et esp\u00e9rons que vous vous y sentirez comme chez vous. Pour faciliter votre installation, nous vous invitons \u00e0 proc\u00e9der aux d\u00e9marches suivantes : &#8211; Inscription sur la liste \u00e9lectorale : Rendez-vous en Mairie avec votre pi\u00e8ce d\u2019identit\u00e9 et un [&#8230;]<\/p>\n","protected":false},"author":9,"featured_media":0,"parent":0,"menu_order":0,"comment_status":"closed","ping_status":"closed","template":"100-width.php","meta":{"_EventAllDay":false,"_EventTimezone":"","_EventStartDate":"","_EventEndDate":"","_EventStartDateUTC":"","_EventEndDateUTC":"","_EventShowMap":false,"_EventShowMapLink":false,"_EventURL":"","_EventCost":"","_EventCostDescription":"","_EventCurrencySymbol":"","_EventCurrencyCode":"","_EventCurrencyPosition":"","_EventDateTimeSeparator":"","_EventTimeRangeSeparator":"","_EventOrganizerID":[],"_EventVenueID":[],"_OrganizerEmail":"","_OrganizerPhone":"","_OrganizerWebsite":"","_VenueAddress":"","_VenueCity":"","_VenueCountry":"","_VenueProvince":"","_VenueState":"","_VenueZip":"","_VenuePhone":"","_VenueURL":"","_VenueStateProvince":"","_VenueLat":"","_VenueLng":"","_VenueShowMap":false,"_VenueShowMapLink":false,"jetpack_post_was_ever_published":false,"footnotes":""},"class_list":["post-13082","page","type-page","status-publish","hentry"],"jetpack_shortlink":"https:\/\/wp.me\/P6fN6B-3p0","jetpack_sharing_enabled":true,"_links":{"self":[{"href":"https:\/\/www.mairie-volonne.fr\/index.php\/wp-json\/wp\/v2\/pages\/13082","targetHints":{"allow":["GET"]}}],"collection":[{"href":"https:\/\/www.mairie-volonne.fr\/index.php\/wp-json\/wp\/v2\/pages"}],"about":[{"href":"https:\/\/www.mairie-volonne.fr\/index.php\/wp-json\/wp\/v2\/types\/page"}],"author":[{"embeddable":true,"href":"https:\/\/www.mairie-volonne.fr\/index.php\/wp-json\/wp\/v2\/users\/9"}],"replies":[{"embeddable":true,"href":"https:\/\/www.mairie-volonne.fr\/index.php\/wp-json\/wp\/v2\/comments?post=13082"}],"version-history":[{"count":6,"href":"https:\/\/www.mairie-volonne.fr\/index.php\/wp-json\/wp\/v2\/pages\/13082\/revisions"}],"predecessor-version":[{"id":14362,"href":"https:\/\/www.mairie-volonne.fr\/index.php\/wp-json\/wp\/v2\/pages\/13082\/revisions\/14362"}],"wp:attachment":[{"href":"https:\/\/www.mairie-volonne.fr\/index.php\/wp-json\/wp\/v2\/media?parent=13082"}],"curies":[{"name":"wp","href":"https:\/\/api.w.org\/{rel}","templated":true}]}}

<p><img decoding="async" class="alignnone wp-image-13086 aligncenter" src="https://www.mairie-volonne.fr/wp-content/uploads/2024/05/Design-sans-titre-3-e1714632599428-1024x519.png" alt="" width="850" height="431" srcset="https://www.mairie-volonne.fr/wp-content/uploads/2024/05/Design-sans-titre-3-e1714632599428-200x101.png 200w, https://www.mairie-volonne.fr/wp-content/uploads/2024/05/Design-sans-titre-3-e1714632599428-300x152.png 300w, https://www.mairie-volonne.fr/wp-content/uploads/2024/05/Design-sans-titre-3-e1714632599428-400x203.png 400w, https://www.mairie-volonne.fr/wp-content/uploads/2024/05/Design-sans-titre-3-e1714632599428-600x304.png 600w, https://www.mairie-volonne.fr/wp-content/uploads/2024/05/Design-sans-titre-3-e1714632599428-768x389.png 768w, https://www.mairie-volonne.fr/wp-content/uploads/2024/05/Design-sans-titre-3-e1714632599428-800x406.png 800w, https://www.mairie-volonne.fr/wp-content/uploads/2024/05/Design-sans-titre-3-e1714632599428-1024x519.png 1024w, https://www.mairie-volonne.fr/wp-content/uploads/2024/05/Design-sans-titre-3-e1714632599428-1200x608.png 1200w, https://www.mairie-volonne.fr/wp-content/uploads/2024/05/Design-sans-titre-3-e1714632599428-1320x669.png 1320w, https://www.mairie-volonne.fr/wp-content/uploads/2024/05/Design-sans-titre-3-e1714632599428-1536x779.png 1536w, https://www.mairie-volonne.fr/wp-content/uploads/2024/05/Design-sans-titre-3-e1714632599428.png 1586w" sizes="(max-width: 850px) 100vw, 850px" /></p>
<p>&nbsp;</p>
<h2 style="text-align: center;"><span style="font-family: georgia, palatino, serif;"><code>Chers nouveaux résidents,</code></span></h2>
<h3 style="text-align: center;"><span style="font-family: georgia, palatino, serif;"><code><span style="color: #9cb57d;">Bienvenue dans notre belle commune ! </span></code></span></h3>
<h3 style="text-align: center;"><span style="font-family: georgia, palatino, serif;"><code>Nous sommes ravis de vous accueillir et espérons que vous vous y sentirez comme chez vous.<br />
</code></span></h3>
<h3 style="text-align: center;"><span style="font-family: georgia, palatino, serif;"><code>Pour faciliter votre installation, nous vous invitons à procéder aux démarches suivantes :</code></span></h3>
<h3 style="text-align: center;"><span style="font-family: georgia, palatino, serif;"><code>- Inscription sur la liste électorale : Rendez-vous en Mairie avec votre pièce d’identité et un justificatif de domicile pour vous inscrire sur la liste électorale ou directement</code><span style="color: #9cb57d;"><code> <span style="color: #339966;"><strong><a style="color: #339966;" href="https://www.service-public.fr/particuliers/vosdroits/R16396">ici</a></strong></span></code></span></span></h3>
<h3 style="text-align: center;"><span style="font-family: georgia, palatino, serif;"><code>- Inscription dans les écoles : Pour inscrire vos enfants à l'école, veuillez vous munir du livret de famille, du certificat de vaccination, du certificat d’assurance couvrant le risque scolaire, du certificat de radiation de la précédente école et d'un justificatif de domicile.</code></span></h3>
<h3 style="text-align: center;"><span style="font-family: georgia, palatino, serif;"><code>- Changement d’adresse sur votre carte grise : Vous pouvez faire la demande de changement d'adresse sur votre carte grise sur le site du gouvernement </code><span style="color: #9cb57d;"><span style="color: #339966;"><code><a style="color: #339966;" href="https://immatriculation.ants.gouv.fr/demarches-en-ligne/modifier-l-adresse-sur-votre-certificat-d-immatriculation">ants.gouv.fr</a></code></span></span></span></h3>
<h3 style="text-align: center;"><span style="font-family: georgia, palatino, serif;"><code>- Transfert de courrier : N'oubliez pas de faire suivre votre courrier à votre nouvelle adresse en vous rendant dans notre bureau de poste ou directement </code><span style="color: #9cb57d;"><code><span style="color: #339966;"><strong><a style="color: #339966;" href="https://www.laposte.fr/changement-adresse-demenagement-reexpedition">ici</a></strong></span></code></span></span></h3>
<p>&nbsp;</p>
<p>&nbsp;</p>
<p>&nbsp;</p>
<h3 style="text-align: center;"></h3>
<p>&nbsp;</p>
<h3><code></code></h3>
<h3><code></code></h3>

<p>&nbsp; Chers nouveaux résidents, Bienvenue dans notre belle commune ! Nous sommes ravis de vous accueillir et espérons que vous vous y sentirez comme chez vous. Pour faciliter votre installation, nous vous invitons à procéder aux démarches suivantes : &#8211; Inscription sur la liste électorale : Rendez-vous en Mairie avec votre pièce d’identité et un [&#8230;]</p>
