{"id":13022,"date":"2024-04-15T14:43:47","date_gmt":"2024-04-15T12:43:47","guid":{"rendered":"https:\/\/www.mairie-volonne.fr\/?page_id=13022"},"modified":"2026-01-06T10:48:25","modified_gmt":"2026-01-06T09:48:25","slug":"bibliotheque","status":"publish","type":"page","link":"https:\/\/www.mairie-volonne.fr\/index.php\/bibliotheque\/","title":{"rendered":"Biblioth\u00e8que"},"content":{"rendered":"<p><img decoding=\"async\" class=\"wp-image-13030 aligncenter\" src=\"https:\/\/www.mairie-volonne.fr\/wp-content\/uploads\/2024\/04\/Votre-texte-de-paragraphe-3-1-e1713257317466-1024x661.png\" alt=\"\" width=\"546\" height=\"352\" srcset=\"https:\/\/www.mairie-volonne.fr\/wp-content\/uploads\/2024\/04\/Votre-texte-de-paragraphe-3-1-e1713257317466-200x129.png 200w, https:\/\/www.mairie-volonne.fr\/wp-content\/uploads\/2024\/04\/Votre-texte-de-paragraphe-3-1-e1713257317466-300x194.png 300w, https:\/\/www.mairie-volonne.fr\/wp-content\/uploads\/2024\/04\/Votre-texte-de-paragraphe-3-1-e1713257317466-400x258.png 400w, https:\/\/www.mairie-volonne.fr\/wp-content\/uploads\/2024\/04\/Votre-texte-de-paragraphe-3-1-e1713257317466-600x387.png 600w, https:\/\/www.mairie-volonne.fr\/wp-content\/uploads\/2024\/04\/Votre-texte-de-paragraphe-3-1-e1713257317466-768x496.png 768w, https:\/\/www.mairie-volonne.fr\/wp-content\/uploads\/2024\/04\/Votre-texte-de-paragraphe-3-1-e1713257317466-800x516.png 800w, https:\/\/www.mairie-volonne.fr\/wp-content\/uploads\/2024\/04\/Votre-texte-de-paragraphe-3-1-e1713257317466-1024x661.png 1024w, https:\/\/www.mairie-volonne.fr\/wp-content\/uploads\/2024\/04\/Votre-texte-de-paragraphe-3-1-e1713257317466.png 1075w\" sizes=\"(max-width: 546px) 100vw, 546px\" \/><\/p>\n<p style=\"text-align: center;\"><span style=\"color: #77a180; font-size: 18pt;\">Horaires d&rsquo;ouverture :\u00a0<\/span><\/p>\n<p style=\"text-align: center;\"><span style=\"color: #ff0000;\">Attention ! Nouveaux horaires d\u00e8s la rentr\u00e9e de janvier 2026 !<\/span><\/p>\n<p style=\"text-align: center;\"><span style=\"font-size: 18pt;\">Mardi, Vendredi et Samedi de 9h00 \u00e0 12h00<\/span><\/p>\n<p style=\"text-align: center;\"><span style=\"font-size: 18pt;\">Mercredi de 9h00 \u00e0 12h00 et de 14h00 \u00e0 18h00.<\/span><\/p>\n<p>&nbsp;<\/p>\n<p style=\"text-align: center;\">\n<p>&nbsp;<\/p>\n<p style=\"text-align: center;\"><span style=\"font-size: 14pt;\"><span style=\"color: #77a180;\">N<\/span>ich\u00e9e au c\u0153ur de la\u00a0commune de Volonne, la biblioth\u00e8que est bien plus qu\u2019un simple d\u00e9p\u00f4t de livres. C\u2019est un lieu de v<span style=\"color: #77a180;\">i<\/span>e, un espace de partage et de rencontre ouvert \u00e0 tous, quel q<span style=\"color: #77a180;\">u<\/span>e soit l\u2019\u00e2ge.<\/span><\/p>\n<p style=\"text-align: center;\"><span style=\"font-size: 14pt;\">\u00a0Des projets de r<span style=\"color: #77a180;\">\u00e9<\/span>habilitation sont actuellement en cours p<span style=\"color: #77a180;\">o<\/span>ur rendre la biblioth\u00e8que encore plus accueillante et fonctionnelle. De pl<span style=\"color: #77a180;\">u<\/span>s, un programme d\u2019animations culturelles est e<span style=\"color: #77a180;\">n<\/span> pr\u00e9paration, avec pour objectif de faire de la bibl<span style=\"color: #77a180;\">i<\/span>oth\u00e8que un v\u00e9ritable centre culturel de la commun<span style=\"color: #77a180;\">e<\/span>.<\/span><\/p>\n<p style=\"text-align: center;\"><span style=\"font-size: 14pt;\">Que vous soyez un lec<span style=\"color: #77a180;\">t<\/span>eur passionn\u00e9, un chercheur avide ou simplement \u00e0 la rech<span style=\"color: #77a180;\">e<\/span>rche d\u2019un moment de calme, la Biblioth\u00e8que de Volonne est l\u2019endroit id\u00e9al pour vous.<\/span><\/p>\n<p style=\"text-align: center;\"><span style=\"font-size: 14pt;\">Comme le dit si bien le proverbe : \u201cUne biblioth\u00e8que est un h\u00f4pital pour l\u2019esprit.<span style=\"color: #77a180;\">\u201d<\/span> Chaque livre est un rem\u00e8de, chaque page est une th<span style=\"color: #77a180;\">\u00e9<\/span>rapie, et chaque mot est un baume pour l\u2019<span style=\"color: #77a180;\">\u00e2<\/span>me.<\/span><\/p>\n<p style=\"text-align: center;\"><span style=\"font-size: 14pt;\">Nous vous attend<span style=\"color: #77a180;\">o<\/span>ns avec impatience <span style=\"color: #77a180;\">!<\/span><\/span><\/p>\n<p>&nbsp;<\/p>\n<p><span style=\"font-size: 14pt;\">Devenir adh\u00e9rent \u00e0 la biblioth\u00e8que de Volonne c&rsquo;est aussi avoir acc\u00e8s \u00e0 toutes les m\u00e9diath\u00e8ques du r\u00e9seau PAA :<span style=\"color: #77a180;\"><strong> <a style=\"color: #77a180;\" href=\"https:\/\/www.paam.fr\/\">https:\/\/www.paam.fr\/<\/a><\/strong><\/span><\/span><\/p>\n<p><span style=\"font-size: 14pt;\">Pour vous inscrire, munissez vous de votre pi\u00e8ce d&rsquo;identit\u00e9, d&rsquo;un justificatif de domicile et rendez vous \u00e0 la Biblioth\u00e8que.<\/span><\/p>\n<p><strong><span style=\"color: #77a180; font-size: 14pt;\"><a style=\"color: #77a180;\" href=\"https:\/\/www.mairie-volonne.fr\/wp-content\/uploads\/2024\/04\/Infos-bibliotheque-Volonne.pdf\">T\u00e9l\u00e9charger les Infos de la biblioth\u00e8que Volonne<\/a><\/span><\/strong><\/p>\n<p>&nbsp;<\/p>\n<p><img decoding=\"async\" class=\"wp-image-13034 aligncenter\" src=\"https:\/\/www.mairie-volonne.fr\/wp-content\/uploads\/2024\/04\/Bibliotheque.png\" alt=\"\" width=\"352\" height=\"352\" srcset=\"https:\/\/www.mairie-volonne.fr\/wp-content\/uploads\/2024\/04\/Bibliotheque-66x66.png 66w, https:\/\/www.mairie-volonne.fr\/wp-content\/uploads\/2024\/04\/Bibliotheque-150x150.png 150w, https:\/\/www.mairie-volonne.fr\/wp-content\/uploads\/2024\/04\/Bibliotheque-200x200.png 200w, https:\/\/www.mairie-volonne.fr\/wp-content\/uploads\/2024\/04\/Bibliotheque-300x300.png 300w, https:\/\/www.mairie-volonne.fr\/wp-content\/uploads\/2024\/04\/Bibliotheque-400x400.png 400w, https:\/\/www.mairie-volonne.fr\/wp-content\/uploads\/2024\/04\/Bibliotheque.png 500w\" sizes=\"(max-width: 352px) 100vw, 352px\" \/><\/p>\n<p>&nbsp;<\/p>\n<p>&nbsp;<\/p>\n","protected":false},"excerpt":{"rendered":"<p>Horaires d&rsquo;ouverture :\u00a0 Attention ! Nouveaux horaires d\u00e8s la rentr\u00e9e de janvier 2026 ! Mardi, Vendredi et Samedi de 9h00 \u00e0 12h00 Mercredi de 9h00 \u00e0 12h00 et de 14h00 \u00e0 18h00. &nbsp; &nbsp; Nich\u00e9e au c\u0153ur de la\u00a0commune de Volonne, la biblioth\u00e8que est bien plus qu\u2019un simple d\u00e9p\u00f4t de livres. C\u2019est un lieu de [&#8230;]<\/p>\n","protected":false},"author":9,"featured_media":0,"parent":0,"menu_order":0,"comment_status":"closed","ping_status":"closed","template":"100-width.php","meta":{"_EventAllDay":false,"_EventTimezone":"","_EventStartDate":"","_EventEndDate":"","_EventStartDateUTC":"","_EventEndDateUTC":"","_EventShowMap":false,"_EventShowMapLink":false,"_EventURL":"","_EventCost":"","_EventCostDescription":"","_EventCurrencySymbol":"","_EventCurrencyCode":"","_EventCurrencyPosition":"","_EventDateTimeSeparator":"","_EventTimeRangeSeparator":"","_EventOrganizerID":[],"_EventVenueID":[],"_OrganizerEmail":"","_OrganizerPhone":"","_OrganizerWebsite":"","_VenueAddress":"","_VenueCity":"","_VenueCountry":"","_VenueProvince":"","_VenueState":"","_VenueZip":"","_VenuePhone":"","_VenueURL":"","_VenueStateProvince":"","_VenueLat":"","_VenueLng":"","_VenueShowMap":false,"_VenueShowMapLink":false,"footnotes":""},"class_list":["post-13022","page","type-page","status-publish","hentry"],"jetpack_shortlink":"https:\/\/wp.me\/P6fN6B-3o2","jetpack_sharing_enabled":true,"_links":{"self":[{"href":"https:\/\/www.mairie-volonne.fr\/index.php\/wp-json\/wp\/v2\/pages\/13022","targetHints":{"allow":["GET"]}}],"collection":[{"href":"https:\/\/www.mairie-volonne.fr\/index.php\/wp-json\/wp\/v2\/pages"}],"about":[{"href":"https:\/\/www.mairie-volonne.fr\/index.php\/wp-json\/wp\/v2\/types\/page"}],"author":[{"embeddable":true,"href":"https:\/\/www.mairie-volonne.fr\/index.php\/wp-json\/wp\/v2\/users\/9"}],"replies":[{"embeddable":true,"href":"https:\/\/www.mairie-volonne.fr\/index.php\/wp-json\/wp\/v2\/comments?post=13022"}],"version-history":[{"count":9,"href":"https:\/\/www.mairie-volonne.fr\/index.php\/wp-json\/wp\/v2\/pages\/13022\/revisions"}],"predecessor-version":[{"id":14536,"href":"https:\/\/www.mairie-volonne.fr\/index.php\/wp-json\/wp\/v2\/pages\/13022\/revisions\/14536"}],"wp:attachment":[{"href":"https:\/\/www.mairie-volonne.fr\/index.php\/wp-json\/wp\/v2\/media?parent=13022"}],"curies":[{"name":"wp","href":"https:\/\/api.w.org\/{rel}","templated":true}]}}