{"id":11766,"date":"2021-11-29T18:27:47","date_gmt":"2021-11-29T17:27:47","guid":{"rendered":"https:\/\/www.mairie-volonne.fr\/?page_id=11766"},"modified":"2022-06-03T19:44:00","modified_gmt":"2022-06-03T17:44:00","slug":"livret-participatif","status":"publish","type":"page","link":"https:\/\/www.mairie-volonne.fr\/index.php\/livret-participatif\/","title":{"rendered":"Livret participatif"},"content":{"rendered":"<p>La commune de Volonne\u00a0 a cr\u00e9\u00e9 un <strong>livret participatif<\/strong>\u2026<\/p>\n<p>\u00ab\u00a0En mars 2021, la commune a \u00e9t\u00e9 s\u00e9lectionn\u00e9e dans le programme POPSU pour \u00e9tudier la dynamique participative du territoire et notamment<\/p>\n<p>\u00ab\u00a0Volonne, de l\u2019\u00e9coquartier au village participatif\u00a0?\u00a0\u00bb par l\u2019\u00e9quipe du Laboratoire Interdisciplinaire Environnements et<\/p>\n<p>Urbanisme \u00e0 l\u2019Institut d\u2019Urbanisme et d\u2019Am\u00e9nagement R\u00e9gional (Aix-en-Provence).<\/p>\n<p>De nombreux ateliers avec les associations, collectifs et citoyens du village, ont \u00e9t\u00e9 organis\u00e9s et cet important travail a<\/p>\n<p>permis de d\u00e9velopper un guide d\u00e9di\u00e9 \u00e0 l\u2019\u00e9mergence de projets citoyens et associatifs, que vous retrouverez ci-dessous.<\/p>\n<p>Nous tenons \u00e0 remercier l\u2019Institut d\u2019Urbanisme et d\u2019Am\u00e9nagement R\u00e9gional et tout particuli\u00e8rement Emeline Hatt et S\u00e9v\u00e9rine Bonnin-Oliveira<\/p>\n<p>pour leur recherche. Nous souhaitons \u00e9galement remercier In\u00e8s Savi et Leilou Nache pour leur travail d\u2019investigation<\/p>\n<p>et Valy Fauvernier pour sa r\u00e9activit\u00e9.<\/p>\n<p>Et un grand merci aux associations, collectifs et porteurs d\u2019initiatives citoyennes pour leur engagement.\u00a0\u00bb<\/p>\n<p><strong><span style=\"color: #008000;\"><a style=\"color: #008000;\" href=\"https:\/\/www.mairie-volonne.fr\/wp-content\/uploads\/2022\/06\/Volonne_Livret_Participatif_2022.pdf\" target=\"_blank\" rel=\"noopener\">D\u00e9couvrir ici ce_Livret_Participatif_2022<\/a><\/span><\/strong><\/p>\n","protected":false},"excerpt":{"rendered":"<p>La commune de Volonne\u00a0 a cr\u00e9\u00e9 un livret participatif\u2026 \u00ab\u00a0En mars 2021, la commune a \u00e9t\u00e9 s\u00e9lectionn\u00e9e dans le programme POPSU pour \u00e9tudier la dynamique participative du territoire et notamment \u00ab\u00a0Volonne, de l\u2019\u00e9coquartier au village participatif\u00a0?\u00a0\u00bb par l\u2019\u00e9quipe du Laboratoire Interdisciplinaire Environnements et Urbanisme \u00e0 l\u2019Institut d\u2019Urbanisme et d\u2019Am\u00e9nagement R\u00e9gional (Aix-en-Provence). De nombreux ateliers avec [&#8230;]<\/p>\n","protected":false},"author":7,"featured_media":0,"parent":0,"menu_order":0,"comment_status":"closed","ping_status":"closed","template":"","meta":{"_EventAllDay":false,"_EventTimezone":"","_EventStartDate":"","_EventEndDate":"","_EventStartDateUTC":"","_EventEndDateUTC":"","_EventShowMap":false,"_EventShowMapLink":false,"_EventURL":"","_EventCost":"","_EventCostDescription":"","_EventCurrencySymbol":"","_EventCurrencyCode":"","_EventCurrencyPosition":"","_EventDateTimeSeparator":"","_EventTimeRangeSeparator":"","_EventOrganizerID":[],"_EventVenueID":[],"_OrganizerEmail":"","_OrganizerPhone":"","_OrganizerWebsite":"","_VenueAddress":"","_VenueCity":"","_VenueCountry":"","_VenueProvince":"","_VenueState":"","_VenueZip":"","_VenuePhone":"","_VenueURL":"","_VenueStateProvince":"","_VenueLat":"","_VenueLng":"","_VenueShowMap":false,"_VenueShowMapLink":false,"jetpack_post_was_ever_published":false,"footnotes":""},"class_list":["post-11766","page","type-page","status-publish","hentry"],"jetpack_shortlink":"https:\/\/wp.me\/P6fN6B-33M","jetpack_sharing_enabled":true,"_links":{"self":[{"href":"https:\/\/www.mairie-volonne.fr\/index.php\/wp-json\/wp\/v2\/pages\/11766","targetHints":{"allow":["GET"]}}],"collection":[{"href":"https:\/\/www.mairie-volonne.fr\/index.php\/wp-json\/wp\/v2\/pages"}],"about":[{"href":"https:\/\/www.mairie-volonne.fr\/index.php\/wp-json\/wp\/v2\/types\/page"}],"author":[{"embeddable":true,"href":"https:\/\/www.mairie-volonne.fr\/index.php\/wp-json\/wp\/v2\/users\/7"}],"replies":[{"embeddable":true,"href":"https:\/\/www.mairie-volonne.fr\/index.php\/wp-json\/wp\/v2\/comments?post=11766"}],"version-history":[{"count":7,"href":"https:\/\/www.mairie-volonne.fr\/index.php\/wp-json\/wp\/v2\/pages\/11766\/revisions"}],"predecessor-version":[{"id":12120,"href":"https:\/\/www.mairie-volonne.fr\/index.php\/wp-json\/wp\/v2\/pages\/11766\/revisions\/12120"}],"wp:attachment":[{"href":"https:\/\/www.mairie-volonne.fr\/index.php\/wp-json\/wp\/v2\/media?parent=11766"}],"curies":[{"name":"wp","href":"https:\/\/api.w.org\/{rel}","templated":true}]}}