{"version":"1.0","provider_name":"Mairie de Volonne","provider_url":"https:\/\/www.mairie-volonne.fr","author_name":"Aline Ferrand","author_url":"https:\/\/www.mairie-volonne.fr\/index.php\/author\/aline\/","title":"Inauguration MSP2 - Mairie de Volonne","type":"rich","width":600,"height":338,"html":"<blockquote class=\"wp-embedded-content\" data-secret=\"F3acKPYAac\"><a href=\"https:\/\/www.mairie-volonne.fr\/index.php\/2024\/09\/30\/inauguration-msp2\/\">Inauguration MSP2<\/a><\/blockquote><iframe sandbox=\"allow-scripts\" security=\"restricted\" src=\"https:\/\/www.mairie-volonne.fr\/index.php\/2024\/09\/30\/inauguration-msp2\/embed\/#?secret=F3acKPYAac\" width=\"600\" height=\"338\" title=\"\u00ab\u00a0Inauguration MSP2\u00a0\u00bb &#8212; Mairie de Volonne\" data-secret=\"F3acKPYAac\" frameborder=\"0\" marginwidth=\"0\" marginheight=\"0\" scrolling=\"no\" class=\"wp-embedded-content\"><\/iframe><script type=\"text\/javascript\">\n\/* <![CDATA[ *\/\n\/*! This file is auto-generated *\/\n!function(d,l){\"use strict\";l.querySelector&&d.addEventListener&&\"undefined\"!=typeof URL&&(d.wp=d.wp||{},d.wp.receiveEmbedMessage||(d.wp.receiveEmbedMessage=function(e){var t=e.data;if((t||t.secret||t.message||t.value)&&!\/[^a-zA-Z0-9]\/.test(t.secret)){for(var s,r,n,a=l.querySelectorAll('iframe[data-secret=\"'+t.secret+'\"]'),o=l.querySelectorAll('blockquote[data-secret=\"'+t.secret+'\"]'),c=new RegExp(\"^https?:$\",\"i\"),i=0;i<o.length;i++)o[i].style.display=\"none\";for(i=0;i<a.length;i++)s=a[i],e.source===s.contentWindow&&(s.removeAttribute(\"style\"),\"height\"===t.message?(1e3<(r=parseInt(t.value,10))?r=1e3:~~r<200&&(r=200),s.height=r):\"link\"===t.message&&(r=new URL(s.getAttribute(\"src\")),n=new URL(t.value),c.test(n.protocol))&&n.host===r.host&&l.activeElement===s&&(d.top.location.href=t.value))}},d.addEventListener(\"message\",d.wp.receiveEmbedMessage,!1),l.addEventListener(\"DOMContentLoaded\",function(){for(var e,t,s=l.querySelectorAll(\"iframe.wp-embedded-content\"),r=0;r<s.length;r++)(t=(e=s[r]).getAttribute(\"data-secret\"))||(t=Math.random().toString(36).substring(2,12),e.src+=\"#?secret=\"+t,e.setAttribute(\"data-secret\",t)),e.contentWindow.postMessage({message:\"ready\",secret:t},\"*\")},!1)))}(window,document);\n\/\/# sourceURL=https:\/\/www.mairie-volonne.fr\/wp-includes\/js\/wp-embed.min.js\n\/* ]]> *\/\n<\/script>\n","thumbnail_url":"https:\/\/www.mairie-volonne.fr\/wp-content\/uploads\/2024\/09\/MSP2.jpg","thumbnail_width":561,"thumbnail_height":697,"description":"Inauguration de la Maison de Sant\u00e9 2 Nous avons le plaisir de vous inviter \u00e0 la c\u00e9r\u00e9monie d\u2019inauguration de la Maison de Sant\u00e9 2, qui aura lieu le 12 octobre \u00e0 partir de 17h. La c\u00e9r\u00e9monie sera suivie d\u2019un ap\u00e9ritif et d\u2019un repas partag\u00e9, accompagn\u00e9s d\u2019un concert du Groupe Haut Bu\u00ebch Night Fever. Nous esp\u00e9rons [...]"}

Inauguration de la Maison de Santé 2 Nous avons le plaisir de vous inviter à la cérémonie d’inauguration de la Maison de Santé 2, qui aura lieu le 12 octobre à partir de 17h. La cérémonie sera suivie d’un apéritif et d’un repas partagé, accompagnés d’un concert du Groupe Haut Buëch Night Fever. Nous espérons [...]
